From mboxrd@z Thu Jan  1 00:00:00 1970
Return-Path: <test-report-bounces@dpdk.org>
Received: from mails.dpdk.org (mails.dpdk.org [217.70.189.124])
	by inbox.dpdk.org (Postfix) with ESMTP id 404CA468A3
	for <public@inbox.dpdk.org>; Sat,  7 Jun 2025 13:18:43 +0200 (CEST)
Received: from mails.dpdk.org (localhost [127.0.0.1])
	by mails.dpdk.org (Postfix) with ESMTP id 3C4094025F;
	Sat,  7 Jun 2025 13:18:43 +0200 (CEST)
Received: from mail-pl1-f225.google.com (mail-pl1-f225.google.com
 [209.85.214.225])
 by mails.dpdk.org (Postfix) with ESMTP id CFCAF4025F
 for <test-report@dpdk.org>; Sat,  7 Jun 2025 13:18:41 +0200 (CEST)
Received: by mail-pl1-f225.google.com with SMTP id
 d9443c01a7336-22e09f57ed4so36502235ad.0
 for <test-report@dpdk.org>; Sat, 07 Jun 2025 04:18:41 -0700 (PDT)
DKIM-Signature: v=1; a=rsa-sha256; c=relaxed/relaxed;
 d=iol.unh.edu; s=unh-iol; t=1749295121; x=1749899921; darn=dpdk.org;
 h=references:in-reply-to:cc:to:from:subject:message-id:date:from:to
 :cc:subject:date:message-id:reply-to;
 bh=C5OSP3yKSmV57bTPzBZHTWbH5gjwk+QlL7lipPmBXB0=;
 b=MpjH0yYAiXRulqZjEDai+0xVKaWt7Pa7cFsSjUGvfyLxI6SR9btNoPjmg4udBFxRGZ
 nV5goqEXEnJ3MPTOGY9qOXckv1FhJ+1pAmMu1Yb3MgIQ7rSRRtItyHBECWOMg4iBiBwD
 DF+HwVcgO55kOKIJW3WWbRrb2+VXpOSQXXJqE=
X-Google-DKIM-Signature: v=1; a=rsa-sha256; c=relaxed/relaxed;
 d=1e100.net; s=20230601; t=1749295121; x=1749899921;
 h=references:in-reply-to:cc:to:from:subject:message-id:date
 :x-gm-message-state:from:to:cc:subject:date:message-id:reply-to;
 bh=C5OSP3yKSmV57bTPzBZHTWbH5gjwk+QlL7lipPmBXB0=;
 b=E8mOu0NAtL+j901VJqRFBQowRoqI+9EmBCMAVyZRysoFrJgYFx51K7V1ZBKQKW+Zw9
 x7S+kw8WAVRxzAqK95UnBtcszThbDtnQ0Mhv6QWN6/OZ+eQyd/Xmnf5kALYnKx6B4UCZ
 16/svZLSnuBvqm1wFMEQl9KovqfIpv5pnm5oBs8XAbIxNu+MEsvweB60b24FCgkSY69s
 KB+xtFzU7ACOY6sNzOZf+dHVr5rzMEFPzaSwpv4Pcts4W64SzdBOIhjb92KZHIvErVie
 YKuWaX+EwgtIG5DE8acypBu5oh6V6FiDeoBAdZIbqgEuEBqoXHguwUqo92Yq5mQPYSXg
 FZIw==
X-Gm-Message-State: AOJu0YzrxtBAkYRlANwP+GzftQ++7G6BPrxGBifySjJ2QkHnMJQpsP7z
 CvEGxJakQZz/6ay29zOByW458jK8SKNvJqLdzH5y5kFf/5nZ6yBViickNF9NEueA1fHMsfeUU8g
 HK5trDpbgeFO+D8iGqyIaF8Z6Oke1hK00BYPmP2wYm0X4P+KKvM45i+aBjrNC
X-Gm-Gg: ASbGncv7CHHN2svK5UWF/KWrinAwwK2F3XOOHrSCtz/Dd4dxoq/KFfYVPfXKk1uKlpp
 AXqJk92ivZV3uhJ7cfUgriGEZFLU8sV7pIfK30GNVhgZuVSBI0PQPaJ6slS7KKCXhj97J9z1Cit
 mdHc7p1rHijvfUWHjenov7l3U/MNIr/CZqGXq6mYnt0CKMUuMUx/6nFbaXF4N3kTYEW4r0hJ/YX
 lo2wM9J5LO/8zUT179P5/jTGCkyqg50XD7jf1OzWiYvqJXmhDHhj2k9W1soWrM2vhD57KIfKyjB
 MLsiDJKqqovVXMJiaC5XpP1YstrsECHhYNvF
X-Google-Smtp-Source: AGHT+IG0LWz7/TOeBvZ3zDt4reDXaMBnRVXCeGFu6mwpZ3ieePwd32KEqEDi05hRJIE/w6OTndf0ZJbfDepw
X-Received: by 2002:a17:902:ccca:b0:224:7a4:b31 with SMTP id
 d9443c01a7336-23602063b6amr81810255ad.6.1749295120874; 
 Sat, 07 Jun 2025 04:18:40 -0700 (PDT)
Received: from postal.iol.unh.edu (postal.iol.unh.edu.
 [2606:4100:3880:1234::84]) by smtp-relay.gmail.com with ESMTPS id
 d9443c01a7336-23603508a67sm1953385ad.128.2025.06.07.04.18.40
 (version=TLS1_2 cipher=ECDHE-ECDSA-AES128-GCM-SHA256 bits=128/128);
 Sat, 07 Jun 2025 04:18:40 -0700 (PDT)
X-Relaying-Domain: iol.unh.edu
Date: Sat, 07 Jun 2025 04:18:40 -0700 (PDT)
Message-ID: <68442010.170a0220.6aa38.93f9SMTPIN_ADDED_MISSING@mx.google.com>
Received: from [172.17.0.2] (unknown [172.18.0.74])
 by postal.iol.unh.edu (Postfix) with ESMTP id 19F3B6051830;
 Sat,  7 Jun 2025 07:18:40 -0400 (EDT)
Subject: |FAILURE| pw154132-154137 [PATCH] [v1,6/6] doc: announce TxPP suppor
From: dpdklab@iol.unh.edu
To: Test Report <test-report@dpdk.org>
Cc: dpdk-test-reports@iol.unh.edu, Soumyadeep Hore <soumyadeep.hore@intel.com>
In-Reply-To: <20250606211947.473544-7-soumyadeep.hore@intel.com>
References: <20250606211947.473544-7-soumyadeep.hore@intel.com>
Content-Type: text/plain
X-BeenThere: test-report@dpdk.org
X-Mailman-Version: 2.1.29
Precedence: list
List-Id: automatic DPDK test reports <test-report.dpdk.org>
List-Unsubscribe: <https://mails.dpdk.org/options/test-report>,
 <mailto:test-report-request@dpdk.org?subject=unsubscribe>
List-Archive: <http://mails.dpdk.org/archives/test-report/>
List-Post: <mailto:test-report@dpdk.org>
List-Help: <mailto:test-report-request@dpdk.org?subject=help>
List-Subscribe: <https://mails.dpdk.org/listinfo/test-report>,
 <mailto:test-report-request@dpdk.org?subject=subscribe>
Errors-To: test-report-bounces@dpdk.org

Test-Label: iol-compile-arm64-testing
Test-Status: FAILURE
http://dpdk.org/patch/154137

_Testing issues_

Submitter: Soumyadeep Hore <soumyadeep.hore@intel.com>
Date: Friday, June 06 2025 21:19:47 
DPDK git baseline: Repo:dpdk
  Branch: master
  CommitID:f880ad11010de93f2c1c45369aebe42987515a23

154132-154137 --> testing issues

Upstream job id: Generic-DPDK-Compile-Meson#395155

Test environment and result as below:

+------------------------------+--------------------+
|         Environment          | dpdk_meson_compile |
+==============================+====================+
| Red Hat Enterprise Linux 9.5 | FAIL               |
+------------------------------+--------------------+
| Ubuntu 20.04                 | FAIL               |
+------------------------------+--------------------+
| Debian GNU/Linux 12          | FAIL               |
+------------------------------+--------------------+
| Fedora 40 (ARM)              | FAIL               |
+------------------------------+--------------------+
| Fedora 40 (ARM Clang)        | PASS               |
+------------------------------+--------------------+
| Fedora 41 (ARM Clang)        | PASS               |
+------------------------------+--------------------+
| Ubuntu 22.04                 | FAIL               |
+------------------------------+--------------------+
| Ubuntu 24.04                 | FAIL               |
+------------------------------+--------------------+
| CentOS Stream 9 (ARM)        | FAIL               |
+------------------------------+--------------------+
| CentOS Stream 10 (ARM)       | FAIL               |
+------------------------------+--------------------+
| Fedora 41 (ARM)              | FAIL               |
+------------------------------+--------------------+

==== 20 line log output for Fedora 41 (ARM) (dpdk_meson_compile): ====
[1961/3720] Compiling C object drivers/librte_net_iavf_base_lib.a.p/net_intel_ice_base_ice_vf_mbx.c.o
[1962/3720] Linking static target drivers/librte_net_iavf_base_lib.a
[1963/3720] Compiling C object drivers/libtmp_rte_net_ice.a.p/net_intel_ice_ice_acl_filter.c.o
[1964/3720] Compiling C object drivers/libtmp_rte_net_ice.a.p/net_intel_ice_ice_diagnose.c.o
[1965/3720] Compiling C object drivers/libtmp_rte_net_ice.a.p/net_intel_ice_ice_ethdev.c.o
[1966/3720] Compiling C object drivers/libtmp_rte_net_ice.a.p/net_intel_ice_ice_fdir_filter.c.o
[1967/3720] Compiling C object drivers/libtmp_rte_net_ice.a.p/net_intel_ice_ice_generic_flow.c.o
[1968/3720] Compiling C object drivers/libtmp_rte_net_ice.a.p/net_intel_ice_ice_hash.c.o
[1969/3720] Compiling C object drivers/libtmp_rte_net_ice.a.p/net_intel_ice_ice_rxtx.c.o
FAILED: drivers/libtmp_rte_net_ice.a.p/net_intel_ice_ice_rxtx.c.o
ccache cc -Idrivers/libtmp_rte_net_ice.a.p -Idrivers -I../drivers -Idrivers/net/intel/ice -I../drivers/net/intel/ice -Idrivers/net/intel/ice/base -I../drivers/net/intel/ice/base -Ilib/ethdev -I../lib/ethdev -Ilib/eal/common -I../lib/eal/common -I. -I.. -Iconfig -I../config -Ilib/eal/include -I../lib/eal/include -Ilib/eal/linux/include -I../lib/eal/linux/include -Ilib/eal/arm/include -I../lib/eal/arm/include -I../kernel/linux -Ilib/eal -I../lib/eal -Ilib/kvargs -I../lib/kvargs -Ilib/log -I../lib/log -Ilib/metrics -I../lib/metrics -Ilib/telemetry -I../lib/telemetry -Ilib/net -I../lib/net -Ilib/mbuf -I../lib/mbuf -Ilib/mempool -I../lib/mempool -Ilib/ring -I../lib/ring -Ilib/meter -I../lib/meter -Idrivers/bus/pci -I../drivers/bus/pci -I../drivers/bus/pci/linux -Ilib/pci -I../lib/pci -Idrivers/bus/vdev -I../drivers/bus/vdev -Ilib/hash -I../lib/hash -Ilib/rcu -I../lib/rcu -Idrivers/net/intel/iavf -I../drivers/net/intel/iavf -I../drivers/net/intel/iavf/base -Ilib/security -I../lib/security 
 -Ilib/cryptodev -I../lib/cryptodev -fdiagnostics-color=always -pipe -D_FILE_OFFSET_BITS=64 -Wall -Winvalid-pch -Wextra -Werror -std=c11 -O3 -include rte_config.h -Wvla -Wcast-qual -Wdeprecated -Wformat -Wformat-nonliteral -Wformat-security -Wmissing-declarations -Wmissing-prototypes -Wnested-externs -Wold-style-definition -Wpointer-arith -Wsign-compare -Wstrict-prototypes -Wundef -Wwrite-strings -Wno-packed-not-aligned -Wno-missing-field-initializers -D_GNU_SOURCE -fPIC -march=armv8.1-a+crc+crypto -DALLOW_EXPERIMENTAL_API -DALLOW_INTERNAL_API -Wno-format-truncation -Wno-address-of-packed-member -DRTE_LOG_DEFAULT_LOGTYPE=pmd.net.ice -MD -MQ drivers/libtmp_rte_net_ice.a.p/net_intel_ice_ice_rxtx.c.o -MF drivers/libtmp_rte_net_ice.a.p/net_intel_ice_ice_rxtx.c.o.d -o drivers/libtmp_rte_net_ice.a.p/net_intel_ice_ice_rxtx.c.o -c ../drivers/net/intel/ice/ice_rxtx.c
../drivers/net/intel/ice/ice_rxtx.c: In function 'ice_xmit_pkts':
../drivers/net/intel/ice/ice_rxtx.c:3353:53: error: 'ts_id' may be used uninitialized [-Werror=maybe-uninitialized]
3353 |                                 txq->tsq.ice_ts_ring[ts_id].tx_desc_idx_tstamp =
|                                                     ^
../drivers/net/intel/ice/ice_rxtx.c:3137:25: note: 'ts_id' was declared here
3137 |         uint16_t tx_id, ts_id;
|                         ^~~~~
cc1: all warnings being treated as errors
ninja: build stopped: subcommand failed.
==== End log output ====

Red Hat Enterprise Linux 9.5
	Kernel: 5.4
	Compiler: gcc gcc (GCC) 11.5.0 20240719 (Red Hat 11.5.0-2)

Ubuntu 20.04
	Kernel: 5.15
	Compiler: aarch64-linux-gnu-gcc gcc (Ubuntu 9.4.0-1ubuntu1~20.04.2) 9.4.0

Debian GNU/Linux 12
	Kernel: 5.4
	Compiler: gcc gcc (Debian 12.2.0-14) 12.2.0

Fedora 40 (ARM)
	Kernel: Depends on container host
	Compiler: gcc 14.2.1 20240912 (Red Hat 14.2.1-3)

Fedora 40 (ARM Clang)
	Kernel: Depends on container host
	Compiler: clang 18.1.8 (Fedora 18.1.8-1.fc40)

Fedora 41 (ARM Clang)
	Kernel: Depends on container host
	Compiler: clang 19.1.5 (Fedora 19.1.5-1.fc41)

Ubuntu 22.04
	Kernel: 5.4
	Compiler: gcc gcc (Ubuntu 11.4.0-1ubuntu1~22.04) 11.4.0

Ubuntu 24.04
	Kernel: 5.4
	Compiler: gcc gcc (Ubuntu 13.3.0-6ubuntu2~24.04) 13.3.0

CentOS Stream 9 (ARM)
	Kernel: Depends on container host
	Compiler: gcc 11.5.0 20240719 (Red Hat 11.5.0-2)

CentOS Stream 10 (ARM)
	Kernel: Depends on container host
	Compiler: gcc 14.2.1 20241104 (Red Hat 14.2.1-6)

Fedora 41 (ARM)
	Kernel: Depends on container host
	Compiler: gcc 14.2.1 20240912 (Red Hat 14.2.1-3)

To view detailed results, visit:
https://lab.dpdk.org/results/dashboard/patchsets/33347/

UNH-IOL DPDK Community Lab

To manage your email subscriptions, visit: 
https://lab.dpdk.org/results/dashboard/preferences/subscriptions/