From mboxrd@z Thu Jan  1 00:00:00 1970
Return-Path: <test-report-bounces@dpdk.org>
Received: from mails.dpdk.org (mails.dpdk.org [217.70.189.124])
	by inbox.dpdk.org (Postfix) with ESMTP id 58689468AB
	for <public@inbox.dpdk.org>; Sun,  8 Jun 2025 04:34:21 +0200 (CEST)
Received: from mails.dpdk.org (localhost [127.0.0.1])
	by mails.dpdk.org (Postfix) with ESMTP id 4FA884014F;
	Sun,  8 Jun 2025 04:34:21 +0200 (CEST)
Received: from mail-il1-f225.google.com (mail-il1-f225.google.com
 [209.85.166.225])
 by mails.dpdk.org (Postfix) with ESMTP id 816D8402C2
 for <test-report@dpdk.org>; Sun,  8 Jun 2025 04:34:19 +0200 (CEST)
Received: by mail-il1-f225.google.com with SMTP id
 e9e14a558f8ab-3ddda8e419bso1828695ab.0
 for <test-report@dpdk.org>; Sat, 07 Jun 2025 19:34:19 -0700 (PDT)
DKIM-Signature: v=1; a=rsa-sha256; c=relaxed/relaxed;
 d=iol.unh.edu; s=unh-iol; t=1749350059; x=1749954859; darn=dpdk.org;
 h=references:in-reply-to:cc:to:from:subject:message-id:date:from:to
 :cc:subject:date:message-id:reply-to;
 bh=GHIiQBoTnxVm4njwxhnqIiMTUya0XEfTXjFDxLeQ/9c=;
 b=eLtIjwo5QR720WKbNOIa++Sv8JXWtK4lbzKS95bjrlTpAwNepdYhUkUvRQyO1QtChq
 Yje22HUDjcuRSa2YbQp4Zpj55SbqAxDRSc5Rd8fqTrsIjIfz5bc38gMKYrK+j/3w+7ML
 660PlwBK0PixF9AVNdbxFNPglOubGqoxrR02I=
X-Google-DKIM-Signature: v=1; a=rsa-sha256; c=relaxed/relaxed;
 d=1e100.net; s=20230601; t=1749350059; x=1749954859;
 h=references:in-reply-to:cc:to:from:subject:message-id:date
 :x-gm-message-state:from:to:cc:subject:date:message-id:reply-to;
 bh=GHIiQBoTnxVm4njwxhnqIiMTUya0XEfTXjFDxLeQ/9c=;
 b=NMvuCnYzCVGglPZfPfmVC+ohDE/Pz8mEYk7OeHNjVyivNHZR6d0fv57UoB7eMSMNXK
 mpRNs3KIi3Y4dQykC52BFWBGZwqxfxh77SrsN3faim/QZfqsclY8kLqBcHBK94XLzg7A
 H1iJh04IK0klZfthrIZoCqifJcehq1aZ2clqTFBOX9I6xde9kr9PuKkn70T61q9xtEfp
 rS62MfuIkl/kZlInmS/iiQoE+MqRFvfSi3Atz7SBXLMiz953ULb8mhHtJj1SyQsq9f44
 7JZfk+8Rii2KAa+zq/w73rki4bWtLMxeQTwxsrt5GHhbHLoS5vGRf3lKKmTOEnnNInw4
 uHpg==
X-Gm-Message-State: AOJu0Yzg6xl997PgPsddkPRtIY9lJd5DLylqoeATNG3c5lu6Rhlwpqhf
 HiLDUIP5A+uSR2h/L/08fDaGwbSGSoLuXkeObQpnmGeNsvetN7YkAPAtr1t5QJBFpUgX9kTLToN
 6zPdQ5BzwR302Ho8rSAzuADb8+00M0VbpVGsygZl3kPcC
X-Gm-Gg: ASbGncsVxxAcYGXAUq9XYiuyqrptZThQTIBEaGTXamQ5XKLK4RCYUiuvGho+bUOpMgA
 S5bjrPz1MN/ZWlu2KVwYl0iTCaROWZR/oT1V1up2KX8QfMuWgUbqePTgNFi73vZRb4GEnjwA3Gb
 jmfFYNvJK5G1GV2pg8OKGM4DHsemi3Y7wmTkfYCBqdFHvyW7PE9ErF1sMbiGA+WDP69TvcTAFeS
 lrPjR7RVk0/312iH39dlNLAkolcg0KrqaHKTxYhFGets2Gj8odD5PI1cKCWVSGEhEj3ro1eof6e
 /wWQvhGto0LQK0M1WmKzNIbJQscEaRwmnzApgvP5ymVWSdEyr8xMvTqvUzfySvrRZD5iLw==
X-Google-Smtp-Source: AGHT+IF66Z6Tghhr0kzxGD4DxQgO3AqeRUpNYMHT5WRQTN3BRqQkk+pscE0dOBUc2ksuGgH/UklSUmLXBu5/
X-Received: by 2002:a05:6e02:3186:b0:3dd:b602:88 with SMTP id
 e9e14a558f8ab-3ddce66f1ccmr86263795ab.9.1749350058819; 
 Sat, 07 Jun 2025 19:34:18 -0700 (PDT)
Received: from postal.iol.unh.edu (postal.iol.unh.edu. [132.177.123.84])
 by smtp-relay.gmail.com with ESMTPS id
 e9e14a558f8ab-3ddcf17dcdasm2651825ab.29.2025.06.07.19.34.18
 (version=TLS1_2 cipher=ECDHE-ECDSA-AES128-GCM-SHA256 bits=128/128);
 Sat, 07 Jun 2025 19:34:18 -0700 (PDT)
X-Relaying-Domain: iol.unh.edu
Date: Sat, 07 Jun 2025 19:34:18 -0700 (PDT)
Message-ID: <6844f6aa.920a0220.1ac385.ff55SMTPIN_ADDED_MISSING@mx.google.com>
Received: from [172.17.0.2] (unknown [172.18.0.76])
 by postal.iol.unh.edu (Postfix) with ESMTP id 534D06051830;
 Sat,  7 Jun 2025 22:34:18 -0400 (EDT)
Subject: |FAILURE| pw154138-154143 [PATCH] [v2,6/6] doc: announce TxPP suppor
From: dpdklab@iol.unh.edu
To: Test Report <test-report@dpdk.org>
Cc: dpdk-test-reports@iol.unh.edu, Soumyadeep Hore <soumyadeep.hore@intel.com>
In-Reply-To: <20250607170904.480937-7-soumyadeep.hore@intel.com>
References: <20250607170904.480937-7-soumyadeep.hore@intel.com>
Content-Type: text/plain
X-BeenThere: test-report@dpdk.org
X-Mailman-Version: 2.1.29
Precedence: list
List-Id: automatic DPDK test reports <test-report.dpdk.org>
List-Unsubscribe: <https://mails.dpdk.org/options/test-report>,
 <mailto:test-report-request@dpdk.org?subject=unsubscribe>
List-Archive: <http://mails.dpdk.org/archives/test-report/>
List-Post: <mailto:test-report@dpdk.org>
List-Help: <mailto:test-report-request@dpdk.org?subject=help>
List-Subscribe: <https://mails.dpdk.org/listinfo/test-report>,
 <mailto:test-report-request@dpdk.org?subject=subscribe>
Errors-To: test-report-bounces@dpdk.org

Test-Label: iol-unit-amd64-testing
Test-Status: FAILURE
http://dpdk.org/patch/154143

_Testing issues_

Submitter: Soumyadeep Hore <soumyadeep.hore@intel.com>
Date: Saturday, June 07 2025 17:09:04 
DPDK git baseline: Repo:dpdk
  Branch: master
  CommitID:f880ad11010de93f2c1c45369aebe42987515a23

154138-154143 --> testing issues

Upstream job id: Generic-Unit-Test-DPDK#343973

Test environment and result as below:

+-------------------------------+----------------+
|          Environment          | dpdk_unit_test |
+===============================+================+
| CentOS Stream 9               | WARN           |
+-------------------------------+----------------+
| Fedora 40                     | WARN           |
+-------------------------------+----------------+
| Fedora 40 (Clang)             | PASS           |
+-------------------------------+----------------+
| CentOS Stream 10              | WARN           |
+-------------------------------+----------------+
| Ubuntu 20.04                  | FAIL           |
+-------------------------------+----------------+
| Red Hat Enterprise Linux 9.5  | WARN           |
+-------------------------------+----------------+
| Fedora 41                     | WARN           |
+-------------------------------+----------------+
| Red Hat Enterprise Linux 8.10 | WARN           |
+-------------------------------+----------------+
| Debian GNU/Linux 12           | WARN           |
+-------------------------------+----------------+
| Ubuntu 22.04                  | WARN           |
+-------------------------------+----------------+
| Fedora 41 (Clang)             | PASS           |
+-------------------------------+----------------+
| Ubuntu 24.04                  | WARN           |
+-------------------------------+----------------+
| Windows Server 2022           | PASS           |
+-------------------------------+----------------+

==== 20 line log output for Ubuntu 24.04 (dpdk_unit_test): ====
1177 |                 ICE_PCI_REG_WC_WRITE(txq->qtx_tail, ts_id);
|                 ^~~~~~~~~~~~~~~~~~~~
../drivers/net/intel/ice/ice_rxtx_vec_avx512.c: In function 'ice_xmit_pkts_vec_avx512':
../drivers/net/intel/ice/ice_rxtx_vec_avx512.c:1116:39: note: 'ts_id' was declared here
1116 |         uint16_t n, nb_commit, tx_id, ts_id;
|                                       ^~~~~
In function 'ice_xmit_fixed_burst_vec_avx512',
inlined from 'ice_xmit_pkts_vec_avx512_offload' at ../drivers/net/intel/ice/ice_rxtx_vec_avx512.c:1219:9:
../drivers/net/intel/ice/base/ice_osdep.h:173:42: error: 'ts_id' may be used uninitialized [-Werror=maybe-uninitialized]
173 | #define ICE_PCI_REG_WC_WRITE(reg, value) rte_write32_wc(value, reg)
|                                          ^~~~~~~~~~~~~~~~~~~~~~~~~~
../drivers/net/intel/ice/ice_rxtx_vec_avx512.c:1177:17: note: in expansion of macro 'ICE_PCI_REG_WC_WRITE'
1177 |                 ICE_PCI_REG_WC_WRITE(txq->qtx_tail, ts_id);
|                 ^~~~~~~~~~~~~~~~~~~~
../drivers/net/intel/ice/ice_rxtx_vec_avx512.c: In function 'ice_xmit_pkts_vec_avx512_offload':
../drivers/net/intel/ice/ice_rxtx_vec_avx512.c:1116:39: note: 'ts_id' was declared here
1116 |         uint16_t n, nb_commit, tx_id, ts_id;
|                                       ^~~~~
cc1: all warnings being treated as errors
ninja: build stopped: subcommand failed.
==== End log output ====

CentOS Stream 9
	Kernel: Depends on container host
	Compiler: gcc 11.5.0 20240719 (Red Hat 11.5.0-2)

Fedora 40
	Kernel: Depends on container host
	Compiler: gcc 14.2.1 20240912 (Red Hat 14.2.1-3)

Fedora 40 (Clang)
	Kernel: Depends on container host
	Compiler: clang 18.1.8 (Fedora 18.1.8-1.fc40)

CentOS Stream 10
	Kernel: Depends on container host
	Compiler: gcc 14.2.1 20241104 (Red Hat 14.2.1-6)

Ubuntu 20.04
	Kernel: 5.15
	Compiler: gcc gcc (Ubuntu 9.4.0-1ubuntu1~20.04.2) 9.4.0

Red Hat Enterprise Linux 9.5
	Kernel: 5.15
	Compiler: gcc gcc (GCC) 11.5.0 20240719 (Red Hat 11.5.0-2)

Fedora 41
	Kernel: Depends on container host
	Compiler: gcc 14.2.1 20240912 (Red Hat 14.2.1-3)

Red Hat Enterprise Linux 8.10
	Kernel: 5.15
	Compiler: gcc gcc (GCC) 8.5.0 20210514 (Red Hat 8.5.0-22)

Debian GNU/Linux 12
	Kernel: 5.15
	Compiler: gcc gcc (Debian 12.2.0-14) 12.2.0

Ubuntu 22.04
	Kernel: 5.15
	Compiler: gcc gcc (Ubuntu 11.4.0-1ubuntu1~22.04) 11.4.0

Fedora 41 (Clang)
	Kernel: Depends on container host
	Compiler: clang 19.1.5 (Fedora 19.1.5-1.fc41)

Ubuntu 24.04
	Kernel: 5.15
	Compiler: gcc gcc (Ubuntu 13.3.0-6ubuntu2~24.04) 13.3.0

Windows Server 2022
	Kernel: 10.0.20348.2031
	Compiler: clang 15.0.7, gcc 14.1.0 (MinGW), and MSVC VS 19.39.33521

To view detailed results, visit:
https://lab.dpdk.org/results/dashboard/patchsets/33348/

UNH-IOL DPDK Community Lab

To manage your email subscriptions, visit: 
https://lab.dpdk.org/results/dashboard/preferences/subscriptions/