From mboxrd@z Thu Jan 1 00:00:00 1970 Return-Path: Received: from mails.dpdk.org (mails.dpdk.org [217.70.189.124]) by inbox.dpdk.org (Postfix) with ESMTP id EF8E0468BA for ; Mon, 9 Jun 2025 11:46:49 +0200 (CEST) Received: from mails.dpdk.org (localhost [127.0.0.1]) by mails.dpdk.org (Postfix) with ESMTP id E882A40658; Mon, 9 Jun 2025 11:46:49 +0200 (CEST) Received: from mail-ot1-f100.google.com (mail-ot1-f100.google.com [209.85.210.100]) by mails.dpdk.org (Postfix) with ESMTP id E5ADE40658 for ; Mon, 9 Jun 2025 11:46:47 +0200 (CEST) Received: by mail-ot1-f100.google.com with SMTP id 46e09a7af769-739dcdb012fso179101a34.2 for ; Mon, 09 Jun 2025 02:46:47 -0700 (PDT) DKIM-Signature: v=1; a=rsa-sha256; c=relaxed/relaxed; d=iol.unh.edu; s=unh-iol; t=1749462407; x=1750067207; darn=dpdk.org; h=references:in-reply-to:cc:to:from:subject:message-id:date:from:to :cc:subject:date:message-id:reply-to; bh=oko2tKFI3d+yr3vRGNcUA+jplnQopEHi53vt0e4lCWI=; b=GFKSwmr6AM7KPG13+2b6dXkCGwi30qJpQZ94wT+LJMX8ZrFWcQy/9fbZeToSMMVpvc ngGg5RtUPg/8n9AI7p/h9lJZPCGqI5IygqtG873Q3yumX07N0dmyu9AJX9UNNjc3P7Re oZTn8qtSAazoWmL0q2gUYTDEmX0OD5LQb5iyM= X-Google-DKIM-Signature: v=1; a=rsa-sha256; c=relaxed/relaxed; d=1e100.net; s=20230601; t=1749462407; x=1750067207; h=references:in-reply-to:cc:to:from:subject:message-id:date :x-gm-message-state:from:to:cc:subject:date:message-id:reply-to; bh=oko2tKFI3d+yr3vRGNcUA+jplnQopEHi53vt0e4lCWI=; b=bgw8mTOtEJknEXpEDPR+Zrxy/8PyIuzN122c47HHARG0lec9COUmzkv+mQumWrZJZC j0UWnDrMvgUV13A6HzB8ad7hauiFoTjreanolcmpghIdBptXEasmWSPeQ83YrLXjndoV E1BlbeWmPgypfXujOKAVth2/XrIZrtYZdatyxb2qRodjze89nJg/tNZTpUts96mkrwtb pGiu9sSeeY30MzabPa8fnikdGhtx9Sv+5ExCfoh7HwkpF3ajAFgAkqQy+CULgF4Xqfe6 zJUt0jXYMOBhIRlfHxckQpgJtc5mlEOMVcvTntaCA1VfIP+cp7pt7SuZI6bQbbROFKzR ULkg== X-Gm-Message-State: AOJu0Yziskkbw1dpxf4cK9JlLiIynh563vyWQ3QwySLvO4zKUM/Iwu6I dJqWJmGkENcIooER9pGR1Mv+n9+7VgQkIrzMV/S2T+YK3upTd97r3MXkAPgysI2YgP5nFR06kz6 Qy9gUVfgC2zi7i3yRYDckKQTJ7ydOtploUGxBjMfbuAdp9x6uvSbopVzFvKLT X-Gm-Gg: ASbGncsi7cI/GAK1vrdhM7zTMXUNUaQJqg41x1N6be1R9/i4yGmrT8S92oLRQ2lYH+E jXMyodz/JJQUi3cA+mAPCS+Dygyiy9o1Jpop5AfyVJc7xSxwEtz6rD52P68vC8ssmGF63F7Kl0o nvfZmaQ2jA/pLq+t12DqufJiCu/sM8F3iKN+dXKvZDYoBzkgQFBwneD4MjHXmIgypmut/sRS6UV CfzXVjOok7F6lkWgfyMcB3AtUMJHtMou1JLhF13M50KYG2iqoX0ssQ50diUvtXec/cW+eRl25YO 0o46NRt3Fgyu/tuJADoZKfAM5osWloZ2JlTh X-Google-Smtp-Source: AGHT+IF9Pp0b94tWMSmo30YtQD/H96H4b3j84d5SzIdO++egfw62b5OVCxLDRvOPS3+0AIfSgitPebNlOQ4F X-Received: by 2002:a05:6871:5807:b0:2d6:49e3:2e25 with SMTP id 586e51a60fabf-2ea00690828mr7099703fac.2.1749462406982; Mon, 09 Jun 2025 02:46:46 -0700 (PDT) Received: from postal.iol.unh.edu (postal.iol.unh.edu. [2606:4100:3880:1234::84]) by smtp-relay.gmail.com with ESMTPS id 006d021491bc7-60f3e77267fsm105003eaf.12.2025.06.09.02.46.46 (version=TLS1_2 cipher=ECDHE-ECDSA-AES128-GCM-SHA256 bits=128/128); Mon, 09 Jun 2025 02:46:46 -0700 (PDT) X-Relaying-Domain: iol.unh.edu Date: Mon, 09 Jun 2025 02:46:46 -0700 (PDT) Message-ID: <6846ad86.050a0220.1b651c.4f36SMTPIN_ADDED_MISSING@mx.google.com> Received: from [172.21.0.5] (unknown [172.18.0.240]) by postal.iol.unh.edu (Postfix) with ESMTP id 67E3E6051830; Mon, 9 Jun 2025 05:46:46 -0400 (EDT) Subject: |WARNING| pw154164-154165 [PATCH] [v4,2/2] test/dma: add functions t From: dpdklab@iol.unh.edu To: Test Report Cc: dpdk-test-reports@iol.unh.edu In-Reply-To: <20250609030314.4098409-2-vvelumuri@marvell.com> References: <20250609030314.4098409-2-vvelumuri@marvell.com> Content-Type: text/plain X-BeenThere: test-report@dpdk.org X-Mailman-Version: 2.1.29 Precedence: list List-Id: automatic DPDK test reports List-Unsubscribe: , List-Archive: List-Post: List-Help: List-Subscribe: , Errors-To: test-report-bounces@dpdk.org Test-Label: iol-compile-amd64-testing Test-Status: WARNING http://dpdk.org/patch/154165 _Testing issues_ Submitter: Vidya Sagar Velumuri Date: Monday, June 09 2025 03:03:14 DPDK git baseline: Repo:dpdk Branch: master CommitID:de7d4a7a657b22a366caa2e14723cd03d40bdb7c 154164-154165 --> testing issues Upstream job id: Windows-Compile-DPDK-VS#5943 Test environment and result as below: +-------------------------------+--------------------+-------------------+------------------+-------------------+ | Environment | dpdk_meson_compile | dpdk_compile_spdk | dpdk_compile_ovs | dpdk_msvc_compile | +===============================+====================+===================+==================+===================+ | Debian GNU/Linux 12 | PEND | PEND | SKIPPED | SKIPPED | +-------------------------------+--------------------+-------------------+------------------+-------------------+ | CentOS Stream 10 | PASS | SKIPPED | SKIPPED | SKIPPED | +-------------------------------+--------------------+-------------------+------------------+-------------------+ | CentOS Stream 9 | PEND | PEND | SKIPPED | SKIPPED | +-------------------------------+--------------------+-------------------+------------------+-------------------+ | Fedora 40 (Clang) | PEND | PEND | SKIPPED | SKIPPED | +-------------------------------+--------------------+-------------------+------------------+-------------------+ | Fedora 40 | PEND | PEND | SKIPPED | SKIPPED | +-------------------------------+--------------------+-------------------+------------------+-------------------+ | Fedora 41 (Clang) | PEND | PEND | PEND | SKIPPED | +-------------------------------+--------------------+-------------------+------------------+-------------------+ | Fedora 41 | PEND | PEND | PEND | SKIPPED | +-------------------------------+--------------------+-------------------+------------------+-------------------+ | openSUSE Leap 15.6 | PEND | SKIPPED | SKIPPED | SKIPPED | +-------------------------------+--------------------+-------------------+------------------+-------------------+ | Red Hat Enterprise Linux 8.10 | PEND | SKIPPED | SKIPPED | SKIPPED | +-------------------------------+--------------------+-------------------+------------------+-------------------+ | Red Hat Enterprise Linux 9.5 | PEND | SKIPPED | SKIPPED | SKIPPED | +-------------------------------+--------------------+-------------------+------------------+-------------------+ | Ubuntu 20.04 | PASS | SKIPPED | SKIPPED | SKIPPED | +-------------------------------+--------------------+-------------------+------------------+-------------------+ | Ubuntu 22.04 | PEND | PEND | SKIPPED | SKIPPED | +-------------------------------+--------------------+-------------------+------------------+-------------------+ | Ubuntu 24.04 | PEND | PEND | PEND | SKIPPED | +-------------------------------+--------------------+-------------------+------------------+-------------------+ | Alpine | PEND | SKIPPED | SKIPPED | SKIPPED | +-------------------------------+--------------------+-------------------+------------------+-------------------+ | FreeBSD 14.2 | PEND | SKIPPED | SKIPPED | SKIPPED | +-------------------------------+--------------------+-------------------+------------------+-------------------+ | Windows Server 2022 | SKIPPED | SKIPPED | SKIPPED | FAIL | +-------------------------------+--------------------+-------------------+------------------+-------------------+ ==== 20 line log output for Windows Server 2022 (dpdk_msvc_compile): ==== [389/451] Compiling C object app/dpdk-test.exe.p/test_test_net_ether.c.obj [390/451] Compiling C object app/dpdk-test.exe.p/test_test_ipfrag.c.obj [391/451] Compiling C object app/dpdk-test.exe.p/test_test_metrics.c.obj [392/451] Compiling C object app/dpdk-test.exe.p/test_test_meter.c.obj [393/451] Compiling C object app/dpdk-test.exe.p/test_test_per_lcore.c.obj FAILED: app/dpdk-test.exe.p/test_test_per_lcore.c.obj "cl" "-Iapp\dpdk-test.exe.p" "-Iapp" "-I..\app" "-Ilib\cmdline" "-I..\lib\cmdline" "-Ilib\eal\common" "-I..\lib\eal\common" "-I." "-I.." "-Iconfig" "-I..\config" "-Ilib\eal\include" "-I..\lib\eal\include" "-Ilib\eal\windows\include" "-I..\lib\eal\windows\include" "-Ilib\eal\x86\include" "-I..\lib\eal\x86\include" "-Ilib\eal" "-I..\lib\eal" "-Ilib\log" "-I..\lib\log" "-Ilib\kvargs" "-I..\lib\kvargs" "-Ilib\net" "-I..\lib\net" "-Ilib\mbuf" "-I..\lib\mbuf" "-Ilib\mempool" "-I..\lib\mempool" "-Ilib \ring" "-I..\lib\ring" "-Ilib\metrics" "-I..\lib\metrics" "-Ilib\telemetry" "-I..\lib\telemetry" "-Ilib\argparse" "-I..\lib\argparse" "-Ilib\hash" "-I..\lib\hash" "-Ilib\rcu" "-I..\lib\rcu" "-Ilib\ethdev" "-I..\lib\ethdev" "-Ilib\meter" "-I..\lib\meter" "-Ilib\bitratestats" "-I..\lib\bitratestats" "-Ilib\cfgfile" "-I..\lib\cfgfile" "-Ilib\cryptodev" "-I..\lib\cryptodev" "-Ilib\security" "-I..\lib\security" "-Ilib\dmadev" "-I..\lib\dmadev" "-Ilib\fib" "-I..\lib\fib" "-Ilib\rib" "-I..\lib\rib" " -Ilib\lpm" "-I..\lib\lpm" "-Ilib\ip_frag" "-I..\lib\ip_frag" "-Ilib\latencystats" "-I..\lib\latencystats" "-Ilib\pcapng" "-I..\lib\pcapng" "-Ilib\ptr_compress" "-I..\lib\ptr_compress" "-Ilib\reorder" "-I..\lib\reorder" "-Ilib\stack" "-I..\lib\stack" "-Ilib\timer" "-I..\lib\timer" "-Iapp\test\test_cfgfiles" "-IC:\Program Files\Mellanox\MLNX_WinOF2_DevX_SDK\inc" "/MD" "/nologo" "/showIncludes" "/W3" "/WX" "/std:c11" "/O2" "/Gw" "/wd4244" "/wd4267" "/wd4146" "/experimental:c11atomics" "/d1experime ntal:typeof" "/experimental:statementExpressions" "/FI" "rte_config.h" "-D_GNU_SOURCE" "-D_WIN32_WINNT=0x0A00" "-DALLOW_EXPERIMENTAL_API" "-DALLOW_INTERNAL_API" "/Fdapp\dpdk-test.exe.p\test_test_per_lcore.c.pdb" /Foapp/dpdk-test.exe.p/test_test_per_lcore.c.obj "/c" ../app/test/test_per_lcore.c ../app/test/test_per_lcore.c(101): error C2220: the following warning is treated as an error ../app/test/test_per_lcore.c(101): warning C4090: 'function': different '_Atomic' qualifiers [394/451] Compiling C object app/dpdk-test.exe.p/test_test_memzone.c.obj [395/451] Compiling C object app/dpdk-test.exe.p/test_test_rand_perf.c.obj [396/451] Compiling C object app/dpdk-test.exe.p/test_test_mbuf.c.obj [397/451] Compiling C object app/dpdk-test.exe.p/test_test_pflock.c.obj [398/451] Compiling C object app/dpdk-test.exe.p/test_test_rcu_qsbr_perf.c.obj [399/451] Compiling C object app/dpdk-test.exe.p/test_test_mempool.c.obj [400/451] Compiling C object app/dpdk-test.exe.p/test_test_reassembly_perf.c.obj [401/451] Compiling C object app/dpdk-test.exe.p/test_test_mempool_perf.c.obj [402/451] Compiling C object app/dpdk-test.exe.p/test_test_memcpy_perf.c.obj ninja: build stopped: subcommand failed. ==== End log output ==== Debian GNU/Linux 12 Kernel: 5.15 Compiler: gcc gcc (Debian 12.2.0-14) 12.2.0 CentOS Stream 10 Kernel: Depends on container host Compiler: gcc 14.2.1 20241104 (Red Hat 14.2.1-6) CentOS Stream 9 Kernel: Depends on container host Compiler: gcc 11.5.0 20240719 (Red Hat 11.5.0-2) Fedora 40 (Clang) Kernel: Depends on container host Compiler: clang 18.1.8 (Fedora 18.1.8-1.fc40) Fedora 40 Kernel: Depends on container host Compiler: gcc 14.2.1 20240912 (Red Hat 14.2.1-3) Fedora 41 (Clang) Kernel: Depends on container host Compiler: clang 19.1.5 (Fedora 19.1.5-1.fc41) Fedora 41 Kernel: Depends on container host Compiler: gcc 14.2.1 20240912 (Red Hat 14.2.1-3) openSUSE Leap 15.6 Kernel: 5.15 Compiler: gcc gcc (SUSE Linux) 7.5.0 Red Hat Enterprise Linux 8.10 Kernel: 5.15 Compiler: gcc gcc (GCC) 8.5.0 20210514 (Red Hat 8.5.0-22) Red Hat Enterprise Linux 9.5 Kernel: 5.15 Compiler: gcc gcc (GCC) 11.5.0 20240719 (Red Hat 11.5.0-2) Ubuntu 20.04 Kernel: 5.15 Compiler: gcc gcc (Ubuntu 9.4.0-1ubuntu1~20.04.2) 9.4.0 Ubuntu 22.04 Kernel: 5.15 Compiler: gcc gcc (Ubuntu 11.4.0-1ubuntu1~22.04) 11.4.0 Ubuntu 24.04 Kernel: 5.15 Compiler: gcc gcc (Ubuntu 13.3.0-6ubuntu2~24.04) 13.3.0 Alpine Kernel: Depends on container host Compiler: gcc (Alpine 14.2.0) 14.2.0 FreeBSD 14.2 Kernel: 14.2-RELEASE Compiler: clang 18.1.6 Windows Server 2022 Kernel: 10.0.20348.2031 Compiler: clang 15.0.7, gcc 14.1.0 (MinGW), and MSVC VS 19.39.33521 To view detailed results, visit: https://lab.dpdk.org/results/dashboard/patchsets/33354/ UNH-IOL DPDK Community Lab To manage your email subscriptions, visit: https://lab.dpdk.org/results/dashboard/preferences/subscriptions/