From mboxrd@z Thu Jan 1 00:00:00 1970 Return-Path: Received: from mails.dpdk.org (mails.dpdk.org [217.70.189.124]) by inbox.dpdk.org (Postfix) with ESMTP id F0AC8468BF for ; Tue, 10 Jun 2025 09:21:45 +0200 (CEST) Received: from mails.dpdk.org (localhost [127.0.0.1]) by mails.dpdk.org (Postfix) with ESMTP id DCD4040299; Tue, 10 Jun 2025 09:21:45 +0200 (CEST) Received: from mail-pl1-f226.google.com (mail-pl1-f226.google.com [209.85.214.226]) by mails.dpdk.org (Postfix) with ESMTP id 79B6F40299 for ; Tue, 10 Jun 2025 09:21:45 +0200 (CEST) Received: by mail-pl1-f226.google.com with SMTP id d9443c01a7336-234fcadde3eso60625755ad.0 for ; Tue, 10 Jun 2025 00:21:45 -0700 (PDT) DKIM-Signature: v=1; a=rsa-sha256; c=relaxed/relaxed; d=iol.unh.edu; s=unh-iol; t=1749540104; x=1750144904; darn=dpdk.org; h=references:in-reply-to:cc:to:from:subject:message-id:date:from:to :cc:subject:date:message-id:reply-to; bh=fHmHn9N90rxBoxtdNAvmDgGKh2NdqRoSaKd1faH1mmo=; b=OAfhUp2EwOzank5aJy00RFFysPUiXOYdW9bOjT2rwl65WMW+W2Jye6jb+asm1D+sdv y7sVJ+IjYXpCE5/z/OnZUyAWTzKLj5iPwogR+KnWcuIHUuxEBnNlz+A1/cgH8Mg9PNfu 5U0aaxt7hdpYiZDTZeEGqnVLAqP984Tf8899A= X-Google-DKIM-Signature: v=1; a=rsa-sha256; c=relaxed/relaxed; d=1e100.net; s=20230601; t=1749540104; x=1750144904; h=references:in-reply-to:cc:to:from:subject:message-id:date :x-gm-message-state:from:to:cc:subject:date:message-id:reply-to; bh=fHmHn9N90rxBoxtdNAvmDgGKh2NdqRoSaKd1faH1mmo=; b=oeqDA1m0yvqrJVQtJiE30sXTWzx5WJaKYsUJva4qxacNS9IbPwF0gyIlikp/mLv0Xc 8j3yJ/YLIaAEZ2TgblTdhAsoMGDoROPYQCIdtiuxgEFDJbrdEDkUMeKFMr/o7FXW8lK6 pRm9zOyBF/8rLFlz9tlvCGspF2F0TLRUVVp7hPA5jq88OceQDe1ksWiKDR0K/Rb/6Hfb 2CVR8Ljea7zxamWeDiW5xDUAhPNLQrw6Syhwghht/kukONRm2iBlnaxfo6+BMmsefxdS Ijx1rZJ3ge8LvqtF1snGmPvXAmfuGkjSRUlConChOTkDnAdP/m4kqwlNto0XVJACSKed gzZw== X-Gm-Message-State: AOJu0Yy7tFf7iTn9DzTtjyPGkZJN149PYgswAeLR7wj/DPAMQyxTfpdj YvDeO+oYILJ/47Sv8xJYEycwIDWWvU80DBIEWgz4p1AOieWvnSiB0o+9frKjFxrDRb25JquF5YB YJcwoIP9kN4AbyZTNgsKvrLJWEPF+PgArtkBOqNoAR9Zu X-Gm-Gg: ASbGnctLgwO+GYe3LqEE6w8LyQAMcRr8imSJDmOIJXj0OX7Rx7ztt8NEmfwPz1R50nO S5dKpp47B8sYz/oT/7OUA9RcsNXvSjCEyozVmkmfs2lTZKEc51Xto6yoygbFUNa3PvZ/mmsnsk2 3BnBcFTjoo2fhqmcCicWy4x6SuI85FCbQi8MW5EB/JEu54v9aOAe9jtU7nbAOjGo4ICD/4kFJxP jFGSwnVWha7BXxM7yUiJXr+d5mwrCHsWYJz1Vx8S3/fwQ8neDOlcooBYDpO1rh6qM8A/Y1JUSJh moIXRwgJ/qTWO8R2pWhPZt+EbYqXx0UXW4EzJrNMpCc5ERWL7WzGlfAiOszInW26RPlynA== X-Google-Smtp-Source: AGHT+IG6MJ20plQhR8yUi9A3HO9YpE4tgbSBj4YNsQioeS6LyFZfDidkM7FN04tNUzY7PEonFIN0QIVDEPgb X-Received: by 2002:a17:902:db10:b0:235:f078:4746 with SMTP id d9443c01a7336-23601dc074emr206490665ad.42.1749540104586; Tue, 10 Jun 2025 00:21:44 -0700 (PDT) Received: from postal.iol.unh.edu (postal.iol.unh.edu. [132.177.123.84]) by smtp-relay.gmail.com with ESMTPS id d9443c01a7336-236030915f2sm4868605ad.46.2025.06.10.00.21.44 (version=TLS1_2 cipher=ECDHE-ECDSA-AES128-GCM-SHA256 bits=128/128); Tue, 10 Jun 2025 00:21:44 -0700 (PDT) X-Relaying-Domain: iol.unh.edu Date: Tue, 10 Jun 2025 00:21:44 -0700 (PDT) Message-ID: <6847dd08.170a0220.217a55.6ea7SMTPIN_ADDED_MISSING@mx.google.com> Received: from [172.21.0.6] (unknown [172.18.0.240]) by postal.iol.unh.edu (Postfix) with ESMTP id D76A16051830; Tue, 10 Jun 2025 03:21:43 -0400 (EDT) Subject: |FAILURE| pw154234-154241 [PATCH] [8/8] net/r8169: update HW configu From: dpdklab@iol.unh.edu To: Test Report Cc: dpdk-test-reports@iol.unh.edu, Howard Wang In-Reply-To: <20250610060123.4104-8-howard_wang@realsil.com.cn> References: <20250610060123.4104-8-howard_wang@realsil.com.cn> Content-Type: text/plain X-BeenThere: test-report@dpdk.org X-Mailman-Version: 2.1.29 Precedence: list List-Id: automatic DPDK test reports List-Unsubscribe: , List-Archive: List-Post: List-Help: List-Subscribe: , Errors-To: test-report-bounces@dpdk.org Test-Label: iol-compile-amd64-testing Test-Status: FAILURE http://dpdk.org/patch/154241 _Testing issues_ Submitter: Howard Wang Date: Tuesday, June 10 2025 06:01:23 DPDK git baseline: Repo:dpdk Branch: master CommitID:d7355f98db2eb1b1bae7fcbb3339f6e8b97fe296 154234-154241 --> testing issues Upstream job id: Windows-Compile-DPDK-VS#5960 Test environment and result as below: +---------------------+-------------------------+--------------------+-------------------+----------------------+ | Environment | dpdk_llvm_clang_compile | dpdk_meson_compile | dpdk_msvc_compile | dpdk_mingw64_compile | +=====================+=========================+====================+===================+======================+ | Windows Server 2022 | FAIL | SKIPPED | FAIL | PEND | +---------------------+-------------------------+--------------------+-------------------+----------------------+ | Ubuntu 20.04 | SKIPPED | PASS | SKIPPED | SKIPPED | +---------------------+-------------------------+--------------------+-------------------+----------------------+ | FreeBSD 14.2 | SKIPPED | FAIL | SKIPPED | SKIPPED | +---------------------+-------------------------+--------------------+-------------------+----------------------+ ==== 20 line log output for FreeBSD 14.2 (dpdk_meson_compile): ==== 175 | else if (val_shift == 3) | ^~~~~~~~~~~~~~ ../drivers/net/r8169/r8169_dash.c:178:43: note: uninitialized use occurs here 178 | value32 = rtl8168_csi_to_cmac_r32(hw) & ~mask; | ^~~~ ../drivers/net/r8169/r8169_dash.c:175:7: note: remove the 'if' if its condition is always true 175 | else if (val_shift == 3) | ^~~~~~~~~~~~~~~~~~~ 176 | mask = 0xFF000000; ../drivers/net/r8169/r8169_dash.c:165:24: note: initialize the variable 'mask' to silence this warning 165 | u32 value32, cmd, mask; | ^ | = 0 2 errors generated. [1441/2118] Compiling C object drivers/libtmp_rte_net_r8169.a.p/net_r8169_r8169_hw.c.o [1442/2118] Compiling C object drivers/libtmp_rte_net_r8169.a.p/net_r8169_r8169_fiber.c.o [1443/2118] Generating rte_net_qede.pmd.c with a custom command [1444/2118] Compiling C object drivers/libtmp_rte_net_r8169.a.p/net_r8169_r8169_phy.c.o [1445/2118] Compiling C object drivers/libtmp_rte_net_r8169.a.p/net_r8169_base_rtl8125a.c.o ninja: build stopped: subcommand failed. ==== End log output ==== Windows Server 2022 Kernel: 10.0.20348.2031 Compiler: clang 15.0.7, gcc 14.1.0 (MinGW), and MSVC VS 19.39.33521 Ubuntu 20.04 Kernel: 4.19 Compiler: gcc gcc (Ubuntu 9.4.0-1ubuntu1~20.04.2) 9.4.0 FreeBSD 14.2 Kernel: 14.2-RELEASE Compiler: clang 18.1.6 To view detailed results, visit: https://lab.dpdk.org/results/dashboard/patchsets/33367/ UNH-IOL DPDK Community Lab To manage your email subscriptions, visit: https://lab.dpdk.org/results/dashboard/preferences/subscriptions/