From mboxrd@z Thu Jan 1 00:00:00 1970 Return-Path: Received: from mails.dpdk.org (mails.dpdk.org [217.70.189.124]) by inbox.dpdk.org (Postfix) with ESMTP id 83F4A469D1 for ; Tue, 17 Jun 2025 06:13:19 +0200 (CEST) Received: from mails.dpdk.org (localhost [127.0.0.1]) by mails.dpdk.org (Postfix) with ESMTP id 7536E40156; Tue, 17 Jun 2025 06:13:19 +0200 (CEST) Received: from mail-yb1-f225.google.com (mail-yb1-f225.google.com [209.85.219.225]) by mails.dpdk.org (Postfix) with ESMTP id E867A40156 for ; Tue, 17 Jun 2025 06:13:17 +0200 (CEST) Received: by mail-yb1-f225.google.com with SMTP id 3f1490d57ef6-e8259b783f6so1226440276.3 for ; Mon, 16 Jun 2025 21:13:17 -0700 (PDT) DKIM-Signature: v=1; a=rsa-sha256; c=relaxed/relaxed; d=iol.unh.edu; s=unh-iol; t=1750133597; x=1750738397; darn=dpdk.org; h=references:in-reply-to:cc:to:from:subject:message-id:date:from:to :cc:subject:date:message-id:reply-to; bh=/YsSi0dk0DSEWjzQw66+jlDYOvy7qzt3tE06CIuBTlo=; b=U+EbdN7PEMmQwJA+bGmuoQtgfObM5kJC5sFp/ZTZz2ZyWXDVW+GZDYy8j5O/ICmq1E qPcEnJf4XXkbzSSTDpQ9BVv9vj662WYAUk3CpxInBzZAok/GMwj6RMw3SMviopMzM3MS uRGkFivTEwpEsNEFiN45I66QZbN+V8o89hKxU= X-Google-DKIM-Signature: v=1; a=rsa-sha256; c=relaxed/relaxed; d=1e100.net; s=20230601; t=1750133597; x=1750738397; h=references:in-reply-to:cc:to:from:subject:message-id:date :x-gm-message-state:from:to:cc:subject:date:message-id:reply-to; bh=/YsSi0dk0DSEWjzQw66+jlDYOvy7qzt3tE06CIuBTlo=; b=Juy6oHxn7ZgG9zcCwszjPa3jizDS2JeFgIbyXF4g9brusFqo27o95i6aoeWY0bnLRL gKMBqySmvITGumNj/xjcObQaxiUNg083ja6WCMsEegY40EPrVBJII8gTI6QsxQ/2AAg6 iP/LECjsiZmOkCMtYZMJqXls9bAmAhS/9w9W9nL9/SGfqDqW29AAMbRWLpndKMeu65VU hJqVYVznzxlbwmeaSobz6IEXeFRhGue1Hap804mgLeaDVfwOdCmfJW2XXHl8caUdlzXR qJzvxMa3fvlyxizo2kPpOj6ZZs8qFNRRH9k/PmRwCRGj65J2YbCtq3LqMpiYFi5ODu+n UV5A== X-Gm-Message-State: AOJu0YwGuhMvVV80E5W60u/kXCH9mSsmf3ex4HEB2uaHTen1/aHcNvZX N1q/HlW/zRwKrrzUI5HYYjEaEK2NboWdcZGoj28el4mK2Dsp+cch1L5E0EqJAjS0bIn59Y/wu5/ ZhPdKOHRx6FUxdZMO5OPaHGxpyyzxSsnVI9Tc4Tp+5Qydotdu37Rkn45qXwUl X-Gm-Gg: ASbGncuLsvV5E+ipUi++TgIcIiu6hvF4uyX9BBTZ3ixVipSTjYxKhg5zGg7t1ke4Tw8 HRVWvm2YSrvlGVES2teZBzcfaxpUsA4ZU8sYtbvfpcSJ/5cbncWwPIKOfiphhJDTo9heHXAx9Jd mv5q+45Z9FAVRpv88ZucHhMxQ1Q9v+BWzdwXbKRnXsXiRf0ca0+s05mK6JDYCXFLt/2FobABphr E1Jq2XqpbWH+YMZXl5YV8/OgKZdLqDIoFvVQ7RYuigBB1m5AH3zkT9kMNkgHeokCKAIgJhF3K+8 y3HHo4kULz0mlI/G4gNaOnNzoW+mj27FO+by4XoUDk94n6k= X-Google-Smtp-Source: AGHT+IETu4mMpft1zvyUZ41tSr+Gy8I2nr2UWKU7iv/BNw095KWaDIbTq8dldrf4xRXUvbV3kr+qusT4TwFU X-Received: by 2002:a05:6902:1029:b0:e81:9d62:cd85 with SMTP id 3f1490d57ef6-e822ad8e1d5mr15227925276.40.1750133597211; Mon, 16 Jun 2025 21:13:17 -0700 (PDT) Received: from postal.iol.unh.edu (postal.iol.unh.edu. [2606:4100:3880:1234::84]) by smtp-relay.gmail.com with ESMTPS id 3f1490d57ef6-e820e1fdc91sm329825276.21.2025.06.16.21.13.17 (version=TLS1_2 cipher=ECDHE-ECDSA-AES128-GCM-SHA256 bits=128/128); Mon, 16 Jun 2025 21:13:17 -0700 (PDT) X-Relaying-Domain: iol.unh.edu Date: Mon, 16 Jun 2025 21:13:17 -0700 (PDT) Message-ID: <6850eb5d.250a0220.38706f.f746SMTPIN_ADDED_MISSING@mx.google.com> Received: from [172.21.0.5] (unknown [172.18.0.240]) by postal.iol.unh.edu (Postfix) with ESMTP id E40C76051830; Tue, 17 Jun 2025 00:13:16 -0400 (EDT) Subject: |FAILURE| pw154476-154480 [PATCH] [v2,5/5] net/zxdh: add support VLA From: dpdklab@iol.unh.edu To: Test Report Cc: dpdk-test-reports@iol.unh.edu, Junlong Wang In-Reply-To: <20250617020503.3554511-5-wang.junlong1@zte.com.cn> References: <20250617020503.3554511-5-wang.junlong1@zte.com.cn> Content-Type: text/plain X-BeenThere: test-report@dpdk.org X-Mailman-Version: 2.1.29 Precedence: list List-Id: automatic DPDK test reports List-Unsubscribe: , List-Archive: List-Post: List-Help: List-Subscribe: , Errors-To: test-report-bounces@dpdk.org Test-Label: iol-compile-amd64-testing Test-Status: FAILURE http://dpdk.org/patch/154480 _Testing issues RETEST #1_ Submitter: Junlong Wang Date: Tuesday, June 17 2025 02:05:03 DPDK git baseline: Repo:dpdk Branch: master CommitID:dbeb8ae8d09387bd525353f4a5aa6ec152cddffa 154476-154480 --> testing issues Upstream job id: Generic-DPDK-Compile-Meson#398232 Test environment and result as below: +-------------------------------+--------------------+-------------------+------------------+-------------------------+-------------------+----------------------+ | Environment | dpdk_meson_compile | dpdk_compile_spdk | dpdk_compile_ovs | dpdk_llvm_clang_compile | dpdk_msvc_compile | dpdk_mingw64_compile | +===============================+====================+===================+==================+=========================+===================+======================+ | CentOS Stream 10 | PASS | SKIPPED | SKIPPED | SKIPPED | SKIPPED | SKIPPED | +-------------------------------+--------------------+-------------------+------------------+-------------------------+-------------------+----------------------+ | Debian GNU/Linux 12 | PASS | PASS | SKIPPED | SKIPPED | SKIPPED | SKIPPED | +-------------------------------+--------------------+-------------------+------------------+-------------------------+-------------------+----------------------+ | CentOS Stream 9 | PASS | PASS | SKIPPED | SKIPPED | SKIPPED | SKIPPED | +-------------------------------+--------------------+-------------------+------------------+-------------------------+-------------------+----------------------+ | Fedora 40 (Clang) | PASS | WARN | SKIPPED | SKIPPED | SKIPPED | SKIPPED | +-------------------------------+--------------------+-------------------+------------------+-------------------------+-------------------+----------------------+ | Fedora 41 (Clang) | PASS | WARN | PASS | SKIPPED | SKIPPED | SKIPPED | +-------------------------------+--------------------+-------------------+------------------+-------------------------+-------------------+----------------------+ | Fedora 40 | PASS | PASS | SKIPPED | SKIPPED | SKIPPED | SKIPPED | +-------------------------------+--------------------+-------------------+------------------+-------------------------+-------------------+----------------------+ | openSUSE Leap 15.6 | PASS | SKIPPED | SKIPPED | SKIPPED | SKIPPED | SKIPPED | +-------------------------------+--------------------+-------------------+------------------+-------------------------+-------------------+----------------------+ | Fedora 41 | PASS | PASS | PASS | SKIPPED | SKIPPED | SKIPPED | +-------------------------------+--------------------+-------------------+------------------+-------------------------+-------------------+----------------------+ | Red Hat Enterprise Linux 8.10 | PASS | SKIPPED | SKIPPED | SKIPPED | SKIPPED | SKIPPED | +-------------------------------+--------------------+-------------------+------------------+-------------------------+-------------------+----------------------+ | Red Hat Enterprise Linux 9.5 | PASS | SKIPPED | SKIPPED | SKIPPED | SKIPPED | SKIPPED | +-------------------------------+--------------------+-------------------+------------------+-------------------------+-------------------+----------------------+ | Ubuntu 20.04 | PASS | SKIPPED | SKIPPED | SKIPPED | SKIPPED | SKIPPED | +-------------------------------+--------------------+-------------------+------------------+-------------------------+-------------------+----------------------+ | Ubuntu 24.04 | PASS | PASS | PASS | SKIPPED | SKIPPED | SKIPPED | +-------------------------------+--------------------+-------------------+------------------+-------------------------+-------------------+----------------------+ | Ubuntu 22.04 | PASS | PASS | SKIPPED | SKIPPED | SKIPPED | SKIPPED | +-------------------------------+--------------------+-------------------+------------------+-------------------------+-------------------+----------------------+ | Alpine | PASS | SKIPPED | SKIPPED | SKIPPED | SKIPPED | SKIPPED | +-------------------------------+--------------------+-------------------+------------------+-------------------------+-------------------+----------------------+ | FreeBSD 14.2 | PASS | SKIPPED | SKIPPED | SKIPPED | SKIPPED | SKIPPED | +-------------------------------+--------------------+-------------------+------------------+-------------------------+-------------------+----------------------+ | Windows Server 2022 | SKIPPED | SKIPPED | SKIPPED | FAIL | PASS | PASS | +-------------------------------+--------------------+-------------------+------------------+-------------------------+-------------------+----------------------+ ==== 20 line log output for Windows Server 2022 (dpdk_llvm_clang_compile): ==== Message: Disabling table [lib/table]: missing internal dependency "port" Compiler for C supports arguments -Wno-format-truncation: NO (cached) Compiler for C supports arguments -Wno-address-of-packed-member: YES (cached) Compiler for C supports arguments -Wno-cast-qual: YES Compiler for C supports arguments -Wno-pointer-arith: YES Message: drivers/bus/auxiliary: Defining dependency "bus_auxiliary" Compiler for C supports arguments -Wno-cast-qual: YES (cached) Compiler for C supports arguments -Wno-pointer-arith: YES (cached) Message: drivers/bus/pci: Defining dependency "bus_pci" Message: drivers/bus/vdev: Defining dependency "bus_vdev" Compiler for C supports arguments -std=c11: YES Compiler for C supports arguments -Wno-strict-prototypes: YES Compiler for C supports arguments -D_BSD_SOURCE: YES Compiler for C supports arguments -D_DEFAULT_SOURCE: YES Compiler for C supports arguments -D_XOPEN_SOURCE=600: YES Has header "mlx5devx.h" : YES drivers\common\mlx5\windows\meson.build:10:13: ERROR: C shared or static library 'mlx5devx' not found A full log can be found at C:\Users\builder\jenkins\workspace\Windows-Compile-DPDK-Native\dpdk\build\meson-logs\meson-log.txt ==== End log output ==== CentOS Stream 10 Kernel: Depends on container host Compiler: gcc 14.2.1 20241104 (Red Hat 14.2.1-6) Debian GNU/Linux 12 Kernel: 5.15 Compiler: gcc gcc (Debian 12.2.0-14) 12.2.0 CentOS Stream 9 Kernel: Depends on container host Compiler: gcc 11.5.0 20240719 (Red Hat 11.5.0-2) Fedora 40 (Clang) Kernel: Depends on container host Compiler: clang 18.1.8 (Fedora 18.1.8-1.fc40) Fedora 41 (Clang) Kernel: Depends on container host Compiler: clang 19.1.5 (Fedora 19.1.5-1.fc41) Fedora 40 Kernel: Depends on container host Compiler: gcc 14.2.1 20240912 (Red Hat 14.2.1-3) openSUSE Leap 15.6 Kernel: 5.15 Compiler: gcc gcc (SUSE Linux) 7.5.0 Fedora 41 Kernel: Depends on container host Compiler: gcc 14.2.1 20240912 (Red Hat 14.2.1-3) Red Hat Enterprise Linux 8.10 Kernel: 5.15 Compiler: gcc gcc (GCC) 8.5.0 20210514 (Red Hat 8.5.0-22) Red Hat Enterprise Linux 9.5 Kernel: 5.15 Compiler: gcc gcc (GCC) 11.5.0 20240719 (Red Hat 11.5.0-2) Ubuntu 20.04 Kernel: 5.15 Compiler: gcc gcc (Ubuntu 9.4.0-1ubuntu1~20.04.2) 9.4.0 Ubuntu 24.04 Kernel: 5.15 Compiler: gcc gcc (Ubuntu 13.3.0-6ubuntu2~24.04) 13.3.0 Ubuntu 22.04 Kernel: 5.15 Compiler: gcc gcc (Ubuntu 11.4.0-1ubuntu1~22.04) 11.4.0 Alpine Kernel: Depends on container host Compiler: gcc (Alpine 14.2.0) 14.2.0 FreeBSD 14.2 Kernel: 14.2-RELEASE Compiler: clang 18.1.6 Windows Server 2022 Kernel: 10.0.20348.2031 Compiler: clang 15.0.7, gcc 14.1.0 (MinGW), and MSVC VS 19.39.33521 To view detailed results, visit: https://lab.dpdk.org/results/dashboard/patchsets/33427/ UNH-IOL DPDK Community Lab To manage your email subscriptions, visit: https://lab.dpdk.org/results/dashboard/preferences/subscriptions/