From mboxrd@z Thu Jan  1 00:00:00 1970
Return-Path: <test-report-bounces@dpdk.org>
Received: from mails.dpdk.org (mails.dpdk.org [217.70.189.124])
	by inbox.dpdk.org (Postfix) with ESMTP id 5BCBC469DD
	for <public@inbox.dpdk.org>; Tue, 17 Jun 2025 22:19:51 +0200 (CEST)
Received: from mails.dpdk.org (localhost [127.0.0.1])
	by mails.dpdk.org (Postfix) with ESMTP id 32158400D6;
	Tue, 17 Jun 2025 22:19:51 +0200 (CEST)
Received: from mail-qt1-f225.google.com (mail-qt1-f225.google.com
 [209.85.160.225])
 by mails.dpdk.org (Postfix) with ESMTP id 0151F400D6
 for <test-report@dpdk.org>; Tue, 17 Jun 2025 22:19:49 +0200 (CEST)
Received: by mail-qt1-f225.google.com with SMTP id
 d75a77b69052e-4a442a3a2bfso111284521cf.1
 for <test-report@dpdk.org>; Tue, 17 Jun 2025 13:19:49 -0700 (PDT)
DKIM-Signature: v=1; a=rsa-sha256; c=relaxed/relaxed;
 d=iol.unh.edu; s=unh-iol; t=1750191589; x=1750796389; darn=dpdk.org;
 h=references:in-reply-to:cc:to:from:subject:message-id:date:from:to
 :cc:subject:date:message-id:reply-to;
 bh=EQcGKtv6TUcS1Si1B4ZEcTkfVE9TfFTuGGZnzgmWvdQ=;
 b=LM257xCQvj8uR5vThcewqC4F+MTs/Yax4guGu4cZV8AzeRtExZ0eXbRJUhEn33ADpi
 FSYFYTgUDImvvBXtVDwMxkj3/UXLK5+zQ3eHkYt9K+WGLVBDQfNluIQ1JM27zX/GC4Wj
 HbIjAFdwfp44V0TemuufDRHyUSFi/E29gUwMw=
X-Google-DKIM-Signature: v=1; a=rsa-sha256; c=relaxed/relaxed;
 d=1e100.net; s=20230601; t=1750191589; x=1750796389;
 h=references:in-reply-to:cc:to:from:subject:message-id:date
 :x-gm-message-state:from:to:cc:subject:date:message-id:reply-to;
 bh=EQcGKtv6TUcS1Si1B4ZEcTkfVE9TfFTuGGZnzgmWvdQ=;
 b=XpD+tC0IrI3PnMxhYHWTGO/X2jeAYcTACgErhQFeE8Qc0say9dAQ6Ws/R/eQHMvpm6
 WPhjOUd4dWJv9Zv/ZlRcd3j4E16i+BA8WkxKDtgYFdMC9sOZSh1wqDMWYrv9j1t0HkiU
 RWG9yloiSvB0tRNws6uPjDnAGZ8PCUCBouKIsWjcxRTDS8OiCEaBgVkCCBNWkh/r4c4A
 QRnG5C6DZXq8F+wLT2l6CmHN+g0w/hLhLif0Lrr/dVy5ZSVt8apT+evC5TtXuPiPvyXy
 Mzk9ntmcMjKmjnyrRkC5Gb75CMhvdY1cHYXC9AupaE9K9szye0ljxFfEtBx8mMXf3VoS
 HDhw==
X-Gm-Message-State: AOJu0YydP41IcSQ2OkqZX9V9QA5ekJXOXsUOFGODa7DxqeazeXTh1uuF
 fOdh+CDXyhuG1XjzuLhp+fzw4bTz3vYO7muAiH+l/mvYFPHKCOt0PT0jLlj2XuooResrvU+UJyl
 q9jMGRt/DIyprvY0vjopwkaNF3ofLNEQRTMNTd+5kPUjM
X-Gm-Gg: ASbGncuDvkTuFMmAB9DWa9w2VuQesvKJOLlJk2/ULO/Sc2fZZSr5H+Q9CeOETm2Ddm2
 m7+8XkiMlUHWys9LGv9ZdmrofD/JgMi3RM0pRy53tH0y9hplSG1Kpx/3WDSY6GAAs4vQAk29lpE
 vnjxVfCs+X+sLuHMiYJNV0bCipt3k7ui5kQMpoH6aIjHz8kb6RJx2mcfzG+YdhUdLWFZwONJYhh
 /48OvJ9CcKT3UcNxkaulnWm8CkXAl8nSiVfHbCSTet/1KbEQO94vTzHLmX/56jPpixbEr4hP/N9
 si6a37tU1ALpOtSvEYM0Wz3GQxdaMCAv7YBSVYonaBCrxbInnyxJtZC5G1Ti8Pi8ZjC9iQ==
X-Google-Smtp-Source: AGHT+IFO9IXrgFqjmpjdjSdR1HvofvlATvBv61/4j70H6LajyP+3r8L5TQxai1HFDBw0TP6LhCeecmqariuC
X-Received: by 2002:ac8:5acf:0:b0:4a6:f3f7:4c28 with SMTP id
 d75a77b69052e-4a73c5915b7mr213812301cf.17.1750191589177; 
 Tue, 17 Jun 2025 13:19:49 -0700 (PDT)
Received: from postal.iol.unh.edu (postal.iol.unh.edu. [132.177.123.84])
 by smtp-relay.gmail.com with ESMTPS id
 d75a77b69052e-4a72a2d7270sm3848501cf.7.2025.06.17.13.19.49
 (version=TLS1_2 cipher=ECDHE-ECDSA-AES128-GCM-SHA256 bits=128/128);
 Tue, 17 Jun 2025 13:19:49 -0700 (PDT)
X-Relaying-Domain: iol.unh.edu
Date: Tue, 17 Jun 2025 13:19:49 -0700 (PDT)
Message-ID: <6851cde5.050a0220.71347.1933SMTPIN_ADDED_MISSING@mx.google.com>
Received: from [172.21.0.7] (unknown [172.18.0.240])
 by postal.iol.unh.edu (Postfix) with ESMTP id E5914604D420;
 Tue, 17 Jun 2025 16:19:48 -0400 (EDT)
Subject: |FAILURE| pw154527 [PATCH] [v2] crypto/cnxk: add crypto adapter for 
From: dpdklab@iol.unh.edu
To: Test Report <test-report@dpdk.org>
Cc: dpdk-test-reports@iol.unh.edu,
 Nithinsen Kaithakadan <nkaithakadan@marvell.com>
In-Reply-To: <20250617133545.175869-1-nkaithakadan@marvell.com>
References: <20250617133545.175869-1-nkaithakadan@marvell.com>
Content-Type: text/plain
X-BeenThere: test-report@dpdk.org
X-Mailman-Version: 2.1.29
Precedence: list
List-Id: automatic DPDK test reports <test-report.dpdk.org>
List-Unsubscribe: <https://mails.dpdk.org/options/test-report>,
 <mailto:test-report-request@dpdk.org?subject=unsubscribe>
List-Archive: <http://mails.dpdk.org/archives/test-report/>
List-Post: <mailto:test-report@dpdk.org>
List-Help: <mailto:test-report-request@dpdk.org?subject=help>
List-Subscribe: <https://mails.dpdk.org/listinfo/test-report>,
 <mailto:test-report-request@dpdk.org?subject=subscribe>
Errors-To: test-report-bounces@dpdk.org

Test-Label: iol-compile-amd64-testing
Test-Status: FAILURE
http://dpdk.org/patch/154527

_Testing issues_

Submitter: Nithinsen Kaithakadan <nkaithakadan@marvell.com>
Date: Tuesday, June 17 2025 13:35:45 
DPDK git baseline: Repo:dpdk
  Branch: master
  CommitID:dbeb8ae8d09387bd525353f4a5aa6ec152cddffa

154527 --> testing issues

Upstream job id: Generic-DPDK-Compile-Meson#398583

Test environment and result as below:

+-------------------------------+-------------------------+-------------------+--------------------+----------------------+-------------------+------------------+
|          Environment          | dpdk_llvm_clang_compile | dpdk_msvc_compile | dpdk_meson_compile | dpdk_mingw64_compile | dpdk_compile_spdk | dpdk_compile_ovs |
+===============================+=========================+===================+====================+======================+===================+==================+
| Windows Server 2022           | FAIL                    | PASS              | SKIPPED            | PASS                 | SKIPPED           | SKIPPED          |
+-------------------------------+-------------------------+-------------------+--------------------+----------------------+-------------------+------------------+
| FreeBSD 14.2                  | SKIPPED                 | SKIPPED           | PASS               | SKIPPED              | SKIPPED           | SKIPPED          |
+-------------------------------+-------------------------+-------------------+--------------------+----------------------+-------------------+------------------+
| CentOS Stream 9               | SKIPPED                 | SKIPPED           | PASS               | SKIPPED              | PASS              | SKIPPED          |
+-------------------------------+-------------------------+-------------------+--------------------+----------------------+-------------------+------------------+
| CentOS Stream 10              | SKIPPED                 | SKIPPED           | PASS               | SKIPPED              | SKIPPED           | SKIPPED          |
+-------------------------------+-------------------------+-------------------+--------------------+----------------------+-------------------+------------------+
| Debian GNU/Linux 12           | SKIPPED                 | SKIPPED           | PASS               | SKIPPED              | PASS              | SKIPPED          |
+-------------------------------+-------------------------+-------------------+--------------------+----------------------+-------------------+------------------+
| Fedora 40 (Clang)             | SKIPPED                 | SKIPPED           | PASS               | SKIPPED              | WARN              | SKIPPED          |
+-------------------------------+-------------------------+-------------------+--------------------+----------------------+-------------------+------------------+
| Fedora 40                     | SKIPPED                 | SKIPPED           | PASS               | SKIPPED              | PASS              | SKIPPED          |
+-------------------------------+-------------------------+-------------------+--------------------+----------------------+-------------------+------------------+
| Fedora 41 (Clang)             | SKIPPED                 | SKIPPED           | PASS               | SKIPPED              | WARN              | PASS             |
+-------------------------------+-------------------------+-------------------+--------------------+----------------------+-------------------+------------------+
| Fedora 41                     | SKIPPED                 | SKIPPED           | PASS               | SKIPPED              | PASS              | PASS             |
+-------------------------------+-------------------------+-------------------+--------------------+----------------------+-------------------+------------------+
| openSUSE Leap 15.6            | SKIPPED                 | SKIPPED           | PASS               | SKIPPED              | SKIPPED           | SKIPPED          |
+-------------------------------+-------------------------+-------------------+--------------------+----------------------+-------------------+------------------+
| Red Hat Enterprise Linux 8.10 | SKIPPED                 | SKIPPED           | PASS               | SKIPPED              | SKIPPED           | SKIPPED          |
+-------------------------------+-------------------------+-------------------+--------------------+----------------------+-------------------+------------------+
| Red Hat Enterprise Linux 9.5  | SKIPPED                 | SKIPPED           | PASS               | SKIPPED              | SKIPPED           | SKIPPED          |
+-------------------------------+-------------------------+-------------------+--------------------+----------------------+-------------------+------------------+
| Ubuntu 20.04                  | SKIPPED                 | SKIPPED           | PASS               | SKIPPED              | SKIPPED           | SKIPPED          |
+-------------------------------+-------------------------+-------------------+--------------------+----------------------+-------------------+------------------+
| Ubuntu 22.04                  | SKIPPED                 | SKIPPED           | PASS               | SKIPPED              | PASS              | SKIPPED          |
+-------------------------------+-------------------------+-------------------+--------------------+----------------------+-------------------+------------------+
| Ubuntu 24.04                  | SKIPPED                 | SKIPPED           | PASS               | SKIPPED              | PASS              | PASS             |
+-------------------------------+-------------------------+-------------------+--------------------+----------------------+-------------------+------------------+
| Alpine                        | SKIPPED                 | SKIPPED           | PASS               | SKIPPED              | SKIPPED           | SKIPPED          |
+-------------------------------+-------------------------+-------------------+--------------------+----------------------+-------------------+------------------+

==== 20 line log output for Fedora 41 (Clang) (dpdk_compile_spdk): ====
 --- Failed to get log output --- 
==== End log output ====

Windows Server 2022
	Kernel: 10.0.20348.2031
	Compiler: clang 15.0.7, gcc 14.1.0 (MinGW), and MSVC VS 19.39.33521

FreeBSD 14.2
	Kernel: 14.2-RELEASE
	Compiler: clang 18.1.6

CentOS Stream 9
	Kernel: Depends on container host
	Compiler: gcc 11.5.0 20240719 (Red Hat 11.5.0-2)

CentOS Stream 10
	Kernel: Depends on container host
	Compiler: gcc 14.2.1 20241104 (Red Hat 14.2.1-6)

Debian GNU/Linux 12
	Kernel: 5.15
	Compiler: gcc gcc (Debian 12.2.0-14) 12.2.0

Fedora 40 (Clang)
	Kernel: Depends on container host
	Compiler: clang 18.1.8 (Fedora 18.1.8-1.fc40)

Fedora 40
	Kernel: Depends on container host
	Compiler: gcc 14.2.1 20240912 (Red Hat 14.2.1-3)

Fedora 41 (Clang)
	Kernel: Depends on container host
	Compiler: clang 19.1.5 (Fedora 19.1.5-1.fc41)

Fedora 41
	Kernel: Depends on container host
	Compiler: gcc 14.2.1 20240912 (Red Hat 14.2.1-3)

openSUSE Leap 15.6
	Kernel: 5.15
	Compiler: gcc gcc (SUSE Linux) 7.5.0

Red Hat Enterprise Linux 8.10
	Kernel: 5.15
	Compiler: gcc gcc (GCC) 8.5.0 20210514 (Red Hat 8.5.0-22)

Red Hat Enterprise Linux 9.5
	Kernel: 5.15
	Compiler: gcc gcc (GCC) 11.5.0 20240719 (Red Hat 11.5.0-2)

Ubuntu 20.04
	Kernel: 5.15
	Compiler: gcc gcc (Ubuntu 9.4.0-1ubuntu1~20.04.2) 9.4.0

Ubuntu 22.04
	Kernel: 5.15
	Compiler: gcc gcc (Ubuntu 11.4.0-1ubuntu1~22.04) 11.4.0

Ubuntu 24.04
	Kernel: 5.15
	Compiler: gcc gcc (Ubuntu 13.3.0-6ubuntu2~24.04) 13.3.0

Alpine
	Kernel: Depends on container host
	Compiler: gcc (Alpine 14.2.0) 14.2.0

To view detailed results, visit:
https://lab.dpdk.org/results/dashboard/patchsets/33437/

UNH-IOL DPDK Community Lab

To manage your email subscriptions, visit: 
https://lab.dpdk.org/results/dashboard/preferences/subscriptions/