From mboxrd@z Thu Jan  1 00:00:00 1970
Return-Path: <test-report-bounces@dpdk.org>
Received: from mails.dpdk.org (mails.dpdk.org [217.70.189.124])
	by inbox.dpdk.org (Postfix) with ESMTP id 12997469DD
	for <public@inbox.dpdk.org>; Tue, 17 Jun 2025 23:31:53 +0200 (CEST)
Received: from mails.dpdk.org (localhost [127.0.0.1])
	by mails.dpdk.org (Postfix) with ESMTP id 0BB21400D6;
	Tue, 17 Jun 2025 23:31:53 +0200 (CEST)
Received: from mail-il1-f227.google.com (mail-il1-f227.google.com
 [209.85.166.227])
 by mails.dpdk.org (Postfix) with ESMTP id E2A27400D6
 for <test-report@dpdk.org>; Tue, 17 Jun 2025 23:31:51 +0200 (CEST)
Received: by mail-il1-f227.google.com with SMTP id
 e9e14a558f8ab-3de1875bfd4so10350715ab.1
 for <test-report@dpdk.org>; Tue, 17 Jun 2025 14:31:51 -0700 (PDT)
DKIM-Signature: v=1; a=rsa-sha256; c=relaxed/relaxed;
 d=iol.unh.edu; s=unh-iol; t=1750195911; x=1750800711; darn=dpdk.org;
 h=references:in-reply-to:cc:to:from:subject:message-id:date:from:to
 :cc:subject:date:message-id:reply-to;
 bh=RSWBNHMqgLKcBgJFrvyfg7FZwhWHOz5Nj6PZvIzoO5E=;
 b=if9Md7CrvN1rQJ0uibywglunpaxPle5fF+hdeCC5n0rOatncWWKv+/DttUmlE+rytO
 yQmHwfJH6rHHfbn/uJ6yHPQGjN4BiHQPahagAVwibCoOT+MugGEar0qcOxd9H5xlVvc+
 NGANlg7EPq9xxSc+9cJGL3k8jt/rjImk7IhTQ=
X-Google-DKIM-Signature: v=1; a=rsa-sha256; c=relaxed/relaxed;
 d=1e100.net; s=20230601; t=1750195911; x=1750800711;
 h=references:in-reply-to:cc:to:from:subject:message-id:date
 :x-gm-message-state:from:to:cc:subject:date:message-id:reply-to;
 bh=RSWBNHMqgLKcBgJFrvyfg7FZwhWHOz5Nj6PZvIzoO5E=;
 b=E6mrD+qKSM3WNKkE81XdPmyz1HpYQNoo5bzQTO2BCfbXJrBbnj/y13Yvk72gJeDV/F
 d2CvKlvQaArOR+X35IJGaW1o7IEXUdjmOkV87NQve4+bowwGLLq/ccWNXfo1fbk+s2Ue
 OSbreOESmL8vNeQkDlEyyJWdZDquR6wrxMET4+pTPvVfxXvIt4P5z+6o0xM4d+Jm1k4a
 dD4zohPQ0ZNb3HbHUtqQ6rXXbJ683nyCncuEaImoeIfrXPYppx6lF883OA/cnmi3Ffb2
 OaEQxgjQFOUpEqZJXi11wG9st+OcoUed5cjWrMfHxWHZNcVN18sNmq6kdngOXONbNcUk
 FSnQ==
X-Gm-Message-State: AOJu0Yz52M/nSFX7dEhmQ7peq5pk76KMWeDChAQh50xfCpmqFqB09K4j
 7HAZqQPsHlAdDKmmZjAbZbqhqcxUi8xlQ3Rtxc4s5APWf+GdU8q0ph/RWcXO4q8yxQGQMnHOG5H
 o/7pfXWg6atVexfPdmkaO1YA9PIOhwI+3KjsrJApMJvSkcDWPAaEYpDZpnhTW
X-Gm-Gg: ASbGncvO5NWU5NadV7k8yZDsewZTNNFTnbh6rTjyyfTa8BgSpzTEckpH1zl7kfdtLUw
 99VRKAGcVpVt7H+gHM80gP+dApxLfb+ryg6dhX7ZPzqn3V+sb4HYBAQei5rkWRydp9z71LuZj9H
 5QaaVQKYk3jOym/wc+bXNj9raHNq+OAHRKDu+4dVqtabeX21lvR26EjqTYFdMd9PmIBtuNJ7fO6
 2eDjPiSDtYBw/5CNstKJ4TAl1V8mmNqAbf4+x50aAfXYIC3Xek49mgBaV+2Z9UasRbflyFT3MxB
 FlxQSgsNd3cliCAW7kiZ423ki0U6hglnU5i/nYYm5pcHSTI=
X-Google-Smtp-Source: AGHT+IEUhSfM1nCIhM47SHeuI0h9n9ik84BlgK/zpTBDgbFBDZF6yi0wOxspi8VajiiYaB3SmrsitOGCvDDK
X-Received: by 2002:a05:6e02:1a2b:b0:3dd:b762:ed1b with SMTP id
 e9e14a558f8ab-3de07d7ae51mr170349775ab.16.1750195911231; 
 Tue, 17 Jun 2025 14:31:51 -0700 (PDT)
Received: from postal.iol.unh.edu (postal.iol.unh.edu.
 [2606:4100:3880:1234::84]) by smtp-relay.gmail.com with ESMTPS id
 e9e14a558f8ab-3de26ba0c19sm871275ab.12.2025.06.17.14.31.51
 (version=TLS1_2 cipher=ECDHE-ECDSA-AES128-GCM-SHA256 bits=128/128);
 Tue, 17 Jun 2025 14:31:51 -0700 (PDT)
X-Relaying-Domain: iol.unh.edu
Date: Tue, 17 Jun 2025 14:31:51 -0700 (PDT)
Message-ID: <6851dec7.050a0220.3b7d6c.40b9SMTPIN_ADDED_MISSING@mx.google.com>
Received: from [172.21.0.9] (unknown [172.18.0.240])
 by postal.iol.unh.edu (Postfix) with ESMTP id 74905604D420;
 Tue, 17 Jun 2025 17:31:50 -0400 (EDT)
Subject: |FAILURE| pw154535-154536 [PATCH] [v2,2/2] lib/graph: default-align 
From: dpdklab@iol.unh.edu
To: Test Report <test-report@dpdk.org>
Cc: dpdk-test-reports@iol.unh.edu, Marat Khalili <marat.khalili@huawei.com>
In-Reply-To: <20250617151339.28794-2-marat.khalili@huawei.com>
References: <20250617151339.28794-2-marat.khalili@huawei.com>
Content-Type: text/plain
X-BeenThere: test-report@dpdk.org
X-Mailman-Version: 2.1.29
Precedence: list
List-Id: automatic DPDK test reports <test-report.dpdk.org>
List-Unsubscribe: <https://mails.dpdk.org/options/test-report>,
 <mailto:test-report-request@dpdk.org?subject=unsubscribe>
List-Archive: <http://mails.dpdk.org/archives/test-report/>
List-Post: <mailto:test-report@dpdk.org>
List-Help: <mailto:test-report-request@dpdk.org?subject=help>
List-Subscribe: <https://mails.dpdk.org/listinfo/test-report>,
 <mailto:test-report-request@dpdk.org?subject=subscribe>
Errors-To: test-report-bounces@dpdk.org

Test-Label: iol-compile-amd64-testing
Test-Status: FAILURE
http://dpdk.org/patch/154536

_Testing issues_

Submitter: Marat Khalili <marat.khalili@huawei.com>
Date: Tuesday, June 17 2025 15:13:38 
DPDK git baseline: Repo:dpdk
  Branch: master
  CommitID:dbeb8ae8d09387bd525353f4a5aa6ec152cddffa

154535-154536 --> testing issues

Upstream job id: Generic-VM-DPDK-Compile-Meson#36478

Test environment and result as below:

+---------------------+-------------------------+--------------------+-------------------+----------------------+
|     Environment     | dpdk_llvm_clang_compile | dpdk_meson_compile | dpdk_msvc_compile | dpdk_mingw64_compile |
+=====================+=========================+====================+===================+======================+
| Windows Server 2022 | FAIL                    | SKIPPED            | PASS              | PASS                 |
+---------------------+-------------------------+--------------------+-------------------+----------------------+
| FreeBSD 14.2        | SKIPPED                 | PASS               | SKIPPED           | SKIPPED              |
+---------------------+-------------------------+--------------------+-------------------+----------------------+
| Ubuntu 20.04        | SKIPPED                 | PASS               | SKIPPED           | SKIPPED              |
+---------------------+-------------------------+--------------------+-------------------+----------------------+

==== 20 line log output for Windows Server 2022 (dpdk_llvm_clang_compile): ====
Message: Disabling table [lib/table]: missing internal dependency "port"
Compiler for C supports arguments -Wno-format-truncation: NO (cached)
Compiler for C supports arguments -Wno-address-of-packed-member: YES (cached)
Compiler for C supports arguments -Wno-cast-qual: YES
Compiler for C supports arguments -Wno-pointer-arith: YES
Message: drivers/bus/auxiliary: Defining dependency "bus_auxiliary"
Compiler for C supports arguments -Wno-cast-qual: YES (cached)
Compiler for C supports arguments -Wno-pointer-arith: YES (cached)
Message: drivers/bus/pci: Defining dependency "bus_pci"
Message: drivers/bus/vdev: Defining dependency "bus_vdev"
Compiler for C supports arguments -std=c11: YES
Compiler for C supports arguments -Wno-strict-prototypes: YES
Compiler for C supports arguments -D_BSD_SOURCE: YES
Compiler for C supports arguments -D_DEFAULT_SOURCE: YES
Compiler for C supports arguments -D_XOPEN_SOURCE=600: YES
Has header "mlx5devx.h" : YES

drivers\common\mlx5\windows\meson.build:10:13: ERROR: C shared or static library 'mlx5devx' not found

A full log can be found at C:\Users\builder\jenkins\workspace\Windows-Compile-DPDK-Native\dpdk\build\meson-logs\meson-log.txt
==== End log output ====

Windows Server 2022
	Kernel: 10.0.20348.2031
	Compiler: clang 15.0.7, gcc 14.1.0 (MinGW), and MSVC VS 19.39.33521

FreeBSD 14.2
	Kernel: 14.2-RELEASE
	Compiler: clang 18.1.6

Ubuntu 20.04
	Kernel: 4.19
	Compiler: gcc gcc (Ubuntu 9.4.0-1ubuntu1~20.04.2) 9.4.0

To view detailed results, visit:
https://lab.dpdk.org/results/dashboard/patchsets/33440/

UNH-IOL DPDK Community Lab

To manage your email subscriptions, visit: 
https://lab.dpdk.org/results/dashboard/preferences/subscriptions/