From mboxrd@z Thu Jan 1 00:00:00 1970 Return-Path: Received: from mails.dpdk.org (mails.dpdk.org [217.70.189.124]) by inbox.dpdk.org (Postfix) with ESMTP id 4172D469DD for ; Wed, 18 Jun 2025 03:21:04 +0200 (CEST) Received: from mails.dpdk.org (localhost [127.0.0.1]) by mails.dpdk.org (Postfix) with ESMTP id 1531240279; Wed, 18 Jun 2025 03:21:04 +0200 (CEST) Received: from mail-il1-f225.google.com (mail-il1-f225.google.com [209.85.166.225]) by mails.dpdk.org (Postfix) with ESMTP id 0C53540E50 for ; Wed, 18 Jun 2025 03:21:02 +0200 (CEST) Received: by mail-il1-f225.google.com with SMTP id e9e14a558f8ab-3ddda14b56cso24986325ab.0 for ; Tue, 17 Jun 2025 18:21:01 -0700 (PDT) DKIM-Signature: v=1; a=rsa-sha256; c=relaxed/relaxed; d=iol.unh.edu; s=unh-iol; t=1750209661; x=1750814461; darn=dpdk.org; h=references:in-reply-to:cc:to:from:subject:message-id:date:from:to :cc:subject:date:message-id:reply-to; bh=AUh7vYhjnwIFNmTe125jBtxmGbbrNh5tPplPqlcEav8=; b=esmn5ebotu2vYwhDtRivMzF2mtrLgefZYanch5IcCadQeNeXJR3ijCKNqdRXQdGhrh 0RzbrSHi5eZ2ul7Y0nVexynxCcfUee3lbLCnF4nwimL0cuo023h7YkXP9xxVPB3cwkJM MrymtBlxL4ql/yaxL2yKyL4e5qfqNuN4XtJ5I= X-Google-DKIM-Signature: v=1; a=rsa-sha256; c=relaxed/relaxed; d=1e100.net; s=20230601; t=1750209661; x=1750814461; h=references:in-reply-to:cc:to:from:subject:message-id:date :x-gm-message-state:from:to:cc:subject:date:message-id:reply-to; bh=AUh7vYhjnwIFNmTe125jBtxmGbbrNh5tPplPqlcEav8=; b=MaoqjbgLMUF6VAaPUXBg4rey++xRtUqc+N2bQvIxrZmuWPobG87zZJvQ8HvQ0HTwq2 vt9hPd7lTLNIrSWPDZS1peB5CxjhCfENXNQPAsanxmfImYpRbo40Kmxd3PSBbMuSjMSM 6nVfUGuC2Ws5lSLAr1lyb6jXfoqVWtzQm32ms2BOAH1ANcVD/9V4AYKi9NQ8p/lWTmNf 3uoFMAeWSuPx6TnhtO3h94uLnVFzDEElARjcfMB9HCdleznFcFALnsmuZ7qCVvDu2JUn c/ezifukxkr1WoZNEbOO++UkwK8rS/PPuRpH81AToRGBI+3M5xmTMNyFUtmUUcKN4WCo HTyQ== X-Gm-Message-State: AOJu0Yzl/FvPRkY7PZj5c4QcFbkQy6KNPFLCDlHJRflril5w2GzGb6Q6 fJ4pjtoYpqnmuwIhOAutV0pPJ8j1qX1UGf2AUlFq5Rf42Kfb4uvHUmdJTzNYdQS/TDZNMavkc/N +TCGZTsgA1FmQuzNE3SGmnqh2UzyQfMyH6FbrHWWwkvPb X-Gm-Gg: ASbGncvHFARzhtPIQaGZKVMO5bxT4JzVqregQce+NFBbzKpSfpa5V5RApmkjJQJ7OLP ihTtMIRFLln3KJm1yOqnlP6brCBrfsDwdDR8nKOE75ON1ygocc2eN+fVPU5E6tOFjjn08M4nzbu QKzszwdarMh+0i3Rn4EsRIl35NhznOgDunQpkwWAWhMYxUz7iPfCxjK/FjPM9LDHfcLkiAt911i 7YZoiebstp97qCVuib01SlZMNBNJ2IuqmreG+/6JAMSaSQa6gQJbNh3mOGZbo/2Az1I00HSsLqm KPfiZMt+vjHrNu0rlpZoZ4tANYHxWwYP7F8O0Lyca1uwgBXDdAbXEATInCQtNNCauYo2zQ== X-Google-Smtp-Source: AGHT+IHVq72KNr0OjsEiE51evkU9iObZxohmyWOrenx0tABIVLrD63KR5kvtJ6Icn6SXgcvHHORM/Xz9ZVPY X-Received: by 2002:a05:6e02:b22:b0:3dc:7a9a:44db with SMTP id e9e14a558f8ab-3de07cd3ed5mr158253435ab.16.1750209661188; Tue, 17 Jun 2025 18:21:01 -0700 (PDT) Received: from postal.iol.unh.edu (postal.iol.unh.edu. [132.177.123.84]) by smtp-relay.gmail.com with ESMTPS id e9e14a558f8ab-3de0198048fsm6443115ab.2.2025.06.17.18.21.01 (version=TLS1_2 cipher=ECDHE-ECDSA-AES128-GCM-SHA256 bits=128/128); Tue, 17 Jun 2025 18:21:01 -0700 (PDT) X-Relaying-Domain: iol.unh.edu Date: Tue, 17 Jun 2025 18:21:01 -0700 (PDT) Message-ID: <6852147d.920a0220.202c62.d86bSMTPIN_ADDED_MISSING@mx.google.com> Received: from [172.21.0.5] (unknown [172.18.0.240]) by postal.iol.unh.edu (Postfix) with ESMTP id B000E6051830; Tue, 17 Jun 2025 21:21:00 -0400 (EDT) Subject: |FAILURE| pw154537-154539 [PATCH] [3/3] app/testpmd: cross NUMA supp From: dpdklab@iol.unh.edu To: Test Report Cc: dpdk-test-reports@iol.unh.edu, Maayan Kashani In-Reply-To: <20250617154255.190093-3-mkashani@nvidia.com> References: <20250617154255.190093-3-mkashani@nvidia.com> Content-Type: text/plain X-BeenThere: test-report@dpdk.org X-Mailman-Version: 2.1.29 Precedence: list List-Id: automatic DPDK test reports List-Unsubscribe: , List-Archive: List-Post: List-Help: List-Subscribe: , Errors-To: test-report-bounces@dpdk.org Test-Label: iol-compile-amd64-testing Test-Status: FAILURE http://dpdk.org/patch/154539 _Testing issues_ Submitter: Maayan Kashani Date: Tuesday, June 17 2025 15:42:54 DPDK git baseline: Repo:dpdk Branch: master CommitID:62a35bbb247e608e235a04ff2941488bc1a78941 154537-154539 --> testing issues Upstream job id: Generic-DPDK-Compile-Meson#398761 Test environment and result as below: +-------------------------------+--------------------+-------------------+-------------------------+----------------------+-------------------+------------------+ | Environment | dpdk_meson_compile | dpdk_msvc_compile | dpdk_llvm_clang_compile | dpdk_mingw64_compile | dpdk_compile_spdk | dpdk_compile_ovs | +===============================+====================+===================+=========================+======================+===================+==================+ | FreeBSD 14.2 | PASS | SKIPPED | SKIPPED | SKIPPED | SKIPPED | SKIPPED | +-------------------------------+--------------------+-------------------+-------------------------+----------------------+-------------------+------------------+ | Ubuntu 20.04 | PASS | SKIPPED | SKIPPED | SKIPPED | SKIPPED | SKIPPED | +-------------------------------+--------------------+-------------------+-------------------------+----------------------+-------------------+------------------+ | CentOS Stream 9 | PASS | SKIPPED | SKIPPED | SKIPPED | PASS | SKIPPED | +-------------------------------+--------------------+-------------------+-------------------------+----------------------+-------------------+------------------+ | CentOS Stream 10 | PASS | SKIPPED | SKIPPED | SKIPPED | SKIPPED | SKIPPED | +-------------------------------+--------------------+-------------------+-------------------------+----------------------+-------------------+------------------+ | Debian GNU/Linux 12 | PASS | SKIPPED | SKIPPED | SKIPPED | PASS | SKIPPED | +-------------------------------+--------------------+-------------------+-------------------------+----------------------+-------------------+------------------+ | Fedora 40 (Clang) | PASS | SKIPPED | SKIPPED | SKIPPED | WARN | SKIPPED | +-------------------------------+--------------------+-------------------+-------------------------+----------------------+-------------------+------------------+ | Fedora 41 (Clang) | PASS | SKIPPED | SKIPPED | SKIPPED | WARN | PASS | +-------------------------------+--------------------+-------------------+-------------------------+----------------------+-------------------+------------------+ | Fedora 41 | PASS | SKIPPED | SKIPPED | SKIPPED | PASS | PASS | +-------------------------------+--------------------+-------------------+-------------------------+----------------------+-------------------+------------------+ | openSUSE Leap 15.6 | PASS | SKIPPED | SKIPPED | SKIPPED | SKIPPED | SKIPPED | +-------------------------------+--------------------+-------------------+-------------------------+----------------------+-------------------+------------------+ | Red Hat Enterprise Linux 8.10 | PASS | SKIPPED | SKIPPED | SKIPPED | SKIPPED | SKIPPED | +-------------------------------+--------------------+-------------------+-------------------------+----------------------+-------------------+------------------+ | Red Hat Enterprise Linux 9.5 | PASS | SKIPPED | SKIPPED | SKIPPED | SKIPPED | SKIPPED | +-------------------------------+--------------------+-------------------+-------------------------+----------------------+-------------------+------------------+ | Ubuntu 22.04 | PASS | SKIPPED | SKIPPED | SKIPPED | PASS | SKIPPED | +-------------------------------+--------------------+-------------------+-------------------------+----------------------+-------------------+------------------+ | Ubuntu 24.04 | PASS | SKIPPED | SKIPPED | SKIPPED | PASS | PASS | +-------------------------------+--------------------+-------------------+-------------------------+----------------------+-------------------+------------------+ | Alpine | PASS | SKIPPED | SKIPPED | SKIPPED | SKIPPED | SKIPPED | +-------------------------------+--------------------+-------------------+-------------------------+----------------------+-------------------+------------------+ | Windows Server 2022 | SKIPPED | PASS | FAIL | PASS | SKIPPED | SKIPPED | +-------------------------------+--------------------+-------------------+-------------------------+----------------------+-------------------+------------------+ ==== 20 line log output for Windows Server 2022 (dpdk_llvm_clang_compile): ==== Message: Disabling table [lib/table]: missing internal dependency "port" Compiler for C supports arguments -Wno-format-truncation: NO (cached) Compiler for C supports arguments -Wno-address-of-packed-member: YES (cached) Compiler for C supports arguments -Wno-cast-qual: YES Compiler for C supports arguments -Wno-pointer-arith: YES Message: drivers/bus/auxiliary: Defining dependency "bus_auxiliary" Compiler for C supports arguments -Wno-cast-qual: YES (cached) Compiler for C supports arguments -Wno-pointer-arith: YES (cached) Message: drivers/bus/pci: Defining dependency "bus_pci" Message: drivers/bus/vdev: Defining dependency "bus_vdev" Compiler for C supports arguments -std=c11: YES Compiler for C supports arguments -Wno-strict-prototypes: YES Compiler for C supports arguments -D_BSD_SOURCE: YES Compiler for C supports arguments -D_DEFAULT_SOURCE: YES Compiler for C supports arguments -D_XOPEN_SOURCE=600: YES Has header "mlx5devx.h" : YES drivers\common\mlx5\windows\meson.build:10:13: ERROR: C shared or static library 'mlx5devx' not found A full log can be found at C:\Users\builder\jenkins\workspace\Windows-Compile-DPDK-Native\dpdk\build\meson-logs\meson-log.txt ==== End log output ==== FreeBSD 14.2 Kernel: 14.2-RELEASE Compiler: clang 18.1.6 Ubuntu 20.04 Kernel: 4.19 Compiler: gcc gcc (Ubuntu 9.4.0-1ubuntu1~20.04.2) 9.4.0 CentOS Stream 9 Kernel: Depends on container host Compiler: gcc 11.5.0 20240719 (Red Hat 11.5.0-2) CentOS Stream 10 Kernel: Depends on container host Compiler: gcc 14.2.1 20241104 (Red Hat 14.2.1-6) Debian GNU/Linux 12 Kernel: 5.15 Compiler: gcc gcc (Debian 12.2.0-14) 12.2.0 Fedora 40 (Clang) Kernel: Depends on container host Compiler: clang 18.1.8 (Fedora 18.1.8-1.fc40) Fedora 41 (Clang) Kernel: Depends on container host Compiler: clang 19.1.5 (Fedora 19.1.5-1.fc41) Fedora 41 Kernel: Depends on container host Compiler: gcc 14.2.1 20240912 (Red Hat 14.2.1-3) openSUSE Leap 15.6 Kernel: 5.15 Compiler: gcc gcc (SUSE Linux) 7.5.0 Red Hat Enterprise Linux 8.10 Kernel: 5.15 Compiler: gcc gcc (GCC) 8.5.0 20210514 (Red Hat 8.5.0-22) Red Hat Enterprise Linux 9.5 Kernel: 5.15 Compiler: gcc gcc (GCC) 11.5.0 20240719 (Red Hat 11.5.0-2) Ubuntu 22.04 Kernel: 5.15 Compiler: gcc gcc (Ubuntu 11.4.0-1ubuntu1~22.04) 11.4.0 Ubuntu 24.04 Kernel: 5.15 Compiler: gcc gcc (Ubuntu 13.3.0-6ubuntu2~24.04) 13.3.0 Alpine Kernel: Depends on container host Compiler: gcc (Alpine 14.2.0) 14.2.0 Windows Server 2022 Kernel: 10.0.20348.2031 Compiler: clang 15.0.7, gcc 14.1.0 (MinGW), and MSVC VS 19.39.33521 To view detailed results, visit: https://lab.dpdk.org/results/dashboard/patchsets/33441/ UNH-IOL DPDK Community Lab To manage your email subscriptions, visit: https://lab.dpdk.org/results/dashboard/preferences/subscriptions/