From mboxrd@z Thu Jan 1 00:00:00 1970 Return-Path: Received: from mails.dpdk.org (mails.dpdk.org [217.70.189.124]) by inbox.dpdk.org (Postfix) with ESMTP id 0876646A03 for ; Thu, 19 Jun 2025 22:19:35 +0200 (CEST) Received: from mails.dpdk.org (localhost [127.0.0.1]) by mails.dpdk.org (Postfix) with ESMTP id 03E0B400D7; Thu, 19 Jun 2025 22:19:35 +0200 (CEST) Received: from mail-pl1-f226.google.com (mail-pl1-f226.google.com [209.85.214.226]) by mails.dpdk.org (Postfix) with ESMTP id 3B80D400D7 for ; Thu, 19 Jun 2025 22:19:33 +0200 (CEST) Received: by mail-pl1-f226.google.com with SMTP id d9443c01a7336-23694cec0feso10546595ad.2 for ; Thu, 19 Jun 2025 13:19:33 -0700 (PDT) DKIM-Signature: v=1; a=rsa-sha256; c=relaxed/relaxed; d=iol.unh.edu; s=unh-iol; t=1750364372; x=1750969172; darn=dpdk.org; h=references:in-reply-to:cc:to:from:subject:message-id:date:from:to :cc:subject:date:message-id:reply-to; bh=OnkfRrJEa0vnnxbjnxkhCZd6mNRy8aKSmU56P+64b3A=; b=Xbcy2NeIDKlf427movMXP5+ZA6kZKS8uKZnht/wmyOp5Fv5hJf+pN1bWX84ENDsdGz inpPfzI0ncN5pMdBsEUCeZt2p3EqzA8TvMSRbXNyWfUuzM9vZavkTJHUbaOKMnHHCgc9 RcHNMsddBo0Bv5O/jGnyd1koTDSCRZOCsnX04= X-Google-DKIM-Signature: v=1; a=rsa-sha256; c=relaxed/relaxed; d=1e100.net; s=20230601; t=1750364372; x=1750969172; h=references:in-reply-to:cc:to:from:subject:message-id:date :x-gm-message-state:from:to:cc:subject:date:message-id:reply-to; bh=OnkfRrJEa0vnnxbjnxkhCZd6mNRy8aKSmU56P+64b3A=; b=IBb5gskMIJrIppjciOV40ASI82Hy2Prih0Ghw5mBB+/dMuYkxbx7k8LpZIYg34J6Pa mIpi1PQSqYefNrKr3cpiGDMxPNlSm7qO0IQFnCqDAx480pjzgWciuA2Fqww0JmLHkNnr N68EE6nbNcLEGTwTTalxdvRFmRbA+lirRD8s4Sd/8YgGcPu/ohVgdNL1THrHE14tjg11 8phAG+kQT2aaFOHRHYG4GY37aQ1Y+HzCxovTr5ydEDq+Pmgt4rROxkHmbV7IO4IeSIbv y8AezSpwjzhxXR/UZS5QRQy303gRX+qmn2WnvtHrkjAQW029XD7UBWLyC8e6bly9OVqx LDJA== X-Gm-Message-State: AOJu0Ywbr0puXHV2kD4ccAwrxawP70imuHvH9xPI/56ecsn0/vkr8V0j wm5AUKLGF9CxZl6J8k90OCSG2m0WXWZCE/ArY9IJF6SM78XqYBYW0yhswgTwj2RshGdiONxQcf0 EUeohGqiHSAfKwnS9yJFDqQ1RNwo1pTrlio02PJzzHHVg X-Gm-Gg: ASbGnct+nbfK+jKQe2pQe8R/16dD0ml9paqBiAcEONHnPmI4NmYNhuZgXAWFAGqzmhj wkIJUlEbh6oe5XWlpzDzfo80anmAONmOnnxPK8AKSKllbVaq9yrjUcJ2Ovm47dEtoaKRvPEMNzI jNMNhFLHxRlFOknWOZzIMw7cuW17CuShkwDybMS2llnWVeWplo/mrRtKcGvNdl1wNvF2Gl1VTrz Dljyre/5NRIznV6/p9Xan3hRY+Dszzl24xnOwEPKscOdjun5oI0FBpqecCI6xqs+nC2wyVT6TUP L+e2VY0f7SEgAQXrap4r62FAjGJ3zbmNTeY2laSOZghoA4yer5bevDC91fo6znL/ILfASA== X-Google-Smtp-Source: AGHT+IE2M/AOi8bpOcnzqCENvFaOo6At0/B1eV7KX8HySsWekNe3Iv5sjKP+SJ1fc3FAh35mkzgqLuNpUACO X-Received: by 2002:a17:903:1b66:b0:234:d2fb:2d0e with SMTP id d9443c01a7336-237d96dfe41mr3181325ad.10.1750364372431; Thu, 19 Jun 2025 13:19:32 -0700 (PDT) Received: from postal.iol.unh.edu (postal.iol.unh.edu. [132.177.123.84]) by smtp-relay.gmail.com with ESMTPS id d9443c01a7336-237d860729fsm161275ad.119.2025.06.19.13.19.32 (version=TLS1_2 cipher=ECDHE-ECDSA-AES128-GCM-SHA256 bits=128/128); Thu, 19 Jun 2025 13:19:32 -0700 (PDT) X-Relaying-Domain: iol.unh.edu Date: Thu, 19 Jun 2025 13:19:32 -0700 (PDT) Message-ID: <685470d4.170a0220.2b770.0a94SMTPIN_ADDED_MISSING@mx.google.com> Received: from [172.17.0.2] (unknown [172.18.0.74]) by postal.iol.unh.edu (Postfix) with ESMTP id E1090604D420; Thu, 19 Jun 2025 16:19:31 -0400 (EDT) Subject: |FAILURE| pw154534-154533 [PATCH] [v3,2/2] latencystats: optimize lo From: dpdklab@iol.unh.edu To: Test Report Cc: dpdk-test-reports@iol.unh.edu, Stephen Hemminger In-Reply-To: <20250617150252.814215-3-stephen@networkplumber.org> References: <20250617150252.814215-3-stephen@networkplumber.org> Content-Type: text/plain X-BeenThere: test-report@dpdk.org X-Mailman-Version: 2.1.29 Precedence: list List-Id: automatic DPDK test reports List-Unsubscribe: , List-Archive: List-Post: List-Help: List-Subscribe: , Errors-To: test-report-bounces@dpdk.org Test-Label: iol-unit-amd64-testing Test-Status: FAILURE http://dpdk.org/patch/154533 _Testing issues_ Submitter: Stephen Hemminger Date: Tuesday, June 17 2025 15:00:17 DPDK git baseline: Repo:dpdk Branch: master CommitID:dbeb8ae8d09387bd525353f4a5aa6ec152cddffa 154534-154533 --> testing issues Upstream job id: Generic-VM-Unit-Test-DPDK#29253 Test environment and result as below: +-------------------------------+----------------+ | Environment | dpdk_unit_test | +===============================+================+ | Debian GNU/Linux 12 | PASS | +-------------------------------+----------------+ | CentOS Stream 10 | PASS | +-------------------------------+----------------+ | CentOS Stream 9 | PASS | +-------------------------------+----------------+ | Fedora Linux 41 | PASS | +-------------------------------+----------------+ | Red Hat Enterprise Linux 9.5 | PASS | +-------------------------------+----------------+ | Fedora Linux 40 | PASS | +-------------------------------+----------------+ | Red Hat Enterprise Linux 8.10 | PASS | +-------------------------------+----------------+ | Ubuntu 24.04 | PASS | +-------------------------------+----------------+ | Ubuntu 20.04 | PASS | +-------------------------------+----------------+ | Ubuntu 22.04 | PASS | +-------------------------------+----------------+ | Windows Server 2022 | FAIL | +-------------------------------+----------------+ ==== Unit test summary for Windows Server 2022 (dpdk_unit_test): ==== Failed to get the unit test results. Displaying the unit test results is not supported for some environments, such as our aarch32 testing, where meson is not used to run the tests. Download the logs available on our CI site. ==== End log output ==== Debian GNU/Linux 12 Kernel: 5.15 Compiler: gcc gcc (Debian 12.2.0-14+deb12u1) 12.2.0 CentOS Stream 10 Kernel: 5.15 Compiler: gcc gcc (GCC) 14.2.1 20250110 (Red Hat 14.2.1-8) CentOS Stream 9 Kernel: 5.15 Compiler: gcc gcc (GCC) 11.5.0 20240719 (Red Hat 11.5.0-7) Fedora Linux 41 Kernel: 5.15 Compiler: clang gcc (GCC) 14.3.1 20250523 (Red Hat 14.3.1-1) Red Hat Enterprise Linux 9.5 Kernel: 5.15 Compiler: gcc gcc (GCC) 11.5.0 20240719 (Red Hat 11.5.0-2) Fedora Linux 40 Kernel: 5.15 Compiler: gcc gcc (GCC) 14.2.1 20240912 (Red Hat 14.2.1-3) Red Hat Enterprise Linux 8.10 Kernel: 5.15 Compiler: gcc gcc (GCC) 8.5.0 20210514 (Red Hat 8.5.0-22) Ubuntu 24.04 Kernel: 5.15 Compiler: gcc gcc (Ubuntu 13.3.0-6ubuntu2~24.04) 13.3.0 Ubuntu 20.04 Kernel: 5.15 Compiler: gcc gcc (Ubuntu 9.4.0-1ubuntu1~20.04.2) 9.4.0 Ubuntu 22.04 Kernel: 5.15 Compiler: gcc gcc (Ubuntu 11.4.0-1ubuntu1~22.04) 11.4.0 Windows Server 2022 Kernel: 10.0.20348.2031 Compiler: clang 15.0.7, gcc 14.1.0 (MinGW), and MSVC VS 19.39.33521 To view detailed results, visit: https://lab.dpdk.org/results/dashboard/patchsets/33439/ UNH-IOL DPDK Community Lab To manage your email subscriptions, visit: https://lab.dpdk.org/results/dashboard/preferences/subscriptions/