From mboxrd@z Thu Jan 1 00:00:00 1970 Return-Path: Received: from mails.dpdk.org (mails.dpdk.org [217.70.189.124]) by inbox.dpdk.org (Postfix) with ESMTP id C3F4A46A53 for ; Wed, 25 Jun 2025 15:46:39 +0200 (CEST) Received: from mails.dpdk.org (localhost [127.0.0.1]) by mails.dpdk.org (Postfix) with ESMTP id BF29F402B9; Wed, 25 Jun 2025 15:46:39 +0200 (CEST) Received: from mail-qv1-f100.google.com (mail-qv1-f100.google.com [209.85.219.100]) by mails.dpdk.org (Postfix) with ESMTP id D55EE402B9 for ; Wed, 25 Jun 2025 15:46:38 +0200 (CEST) Received: by mail-qv1-f100.google.com with SMTP id 6a1803df08f44-6fadb9a0325so55836296d6.2 for ; Wed, 25 Jun 2025 06:46:38 -0700 (PDT) DKIM-Signature: v=1; a=rsa-sha256; c=relaxed/relaxed; d=iol.unh.edu; s=unh-iol; t=1750859198; x=1751463998; darn=dpdk.org; h=references:in-reply-to:cc:to:from:subject:message-id:date:from:to :cc:subject:date:message-id:reply-to; bh=vVdgSsZZGZs4GUxwdIWytOnAV/fINQed62DPa7colYc=; b=LI9EpHrb8iUY9O2t0t5ZClQV98hMeHWPXr/h2V5JtrIDKkeQu1c3qwnuNzbttYCizn n3hRC9r0AFSvl5Dytzs6VSG8NMoxsxupD0fNTjoESjjXbcLBAhhEoY+VlCxGdtz4wKkV aqZAKz3EwvLLWYrybOBfH6skhb0gSKMqSyBAk= X-Google-DKIM-Signature: v=1; a=rsa-sha256; c=relaxed/relaxed; d=1e100.net; s=20230601; t=1750859198; x=1751463998; h=references:in-reply-to:cc:to:from:subject:message-id:date :x-gm-message-state:from:to:cc:subject:date:message-id:reply-to; bh=vVdgSsZZGZs4GUxwdIWytOnAV/fINQed62DPa7colYc=; b=XAMhJSb8Gx/6SRemZ8JujCAZDL3U6lr5/fL8XaUBHVfHG+4fatUbu/K2I/+yot1RBZ 7vAAt6rD27+eU8Kdcxv7SC7Epcy/cigvNI6Hhkqmf8L7zd4IEo22FYIIFW18I/yRIbDF tWm1xP7o81DcwM8nm/6fEkv/Q/qd1AewGno+cEKM2Aa0JKjRGo7dMtdj/cHtqGM3VrKb Zpk/NYUbigcuCIlqL52wh+ludKkDZicabeCe1b9NxUARZklrZR+ysMaCVUDaU6GXFgCw 99SfFEknrDx27ky+mInk9/aABdD1nk4DsH6wvqC18ggYM4HQ0eY4u8y51/nukXrFhNrG QysQ== X-Gm-Message-State: AOJu0YwGwZ5SWC0oS/oFc4605BGPhsg0EjR0Jm5RAB0KkXDebkCbPqW8 qGrJ1uRIoK6D8n/V7lJU7HOfmT555oJDZiYRdzabABI3NhNGmmNZ7WeEl8n99XbhPWE/DuzzXzq CZ/6Pt5xXNxQb6MfBF4FmZ+TSq0/UrHeue+B/b4MysuSy X-Gm-Gg: ASbGncsmtID9Pcstnu+IPOJJwncdiFYoFyfGXiH7wjqgUxyfHAm/4x2H4a0IEmwxyLP VaAh9Ln5hcr1NmbPFah7NwjrQzQJMiucDemei+77JMtKMsXgEgP2IBUfJULBm/RhbfrabTo+ov/ dpKqYliGZcG2EULk6sBzTnqUAvCxLkSn71s2OX1C3EpF4hNaj1CmxTPR5yRPsHG5wbwcSKu4I5l c6iZ/oJ3pWnFFhastvTaFvfi21Zv5cBf9zA7tRdaLQRnW66KiUXFXbqop80FdGZ9qX1rqR7NFYc cyf5Y4PXGtvpD/PVhIS1d9ZZrflXrmRUcAqxy61i0rAse8w1DPEjua4Ew/JPoakJlkb7BQ== X-Google-Smtp-Source: AGHT+IF9JG9fuv8HpEyXTGesekMf45dT+56rMDvBPUOdwtg9X/Eju/Gfx6xaQrC6RMNTuX4P0oqW1db3fe+o X-Received: by 2002:a05:6214:2aa8:b0:6e4:4274:aaf8 with SMTP id 6a1803df08f44-6fd5ef76261mr45758376d6.17.1750859197900; Wed, 25 Jun 2025 06:46:37 -0700 (PDT) Received: from postal.iol.unh.edu (postal.iol.unh.edu. [132.177.123.84]) by smtp-relay.gmail.com with ESMTPS id 6a1803df08f44-6fd0952b7ccsm7370956d6.57.2025.06.25.06.46.37 (version=TLS1_2 cipher=ECDHE-ECDSA-AES128-GCM-SHA256 bits=128/128); Wed, 25 Jun 2025 06:46:37 -0700 (PDT) X-Relaying-Domain: iol.unh.edu Date: Wed, 25 Jun 2025 06:46:37 -0700 (PDT) Message-ID: <685bfdbd.050a0220.32fea.66bbSMTPIN_ADDED_MISSING@mx.google.com> Received: from [172.21.0.7] (unknown [172.18.0.240]) by postal.iol.unh.edu (Postfix) with ESMTP id 9ED1C604D420; Wed, 25 Jun 2025 09:46:37 -0400 (EDT) Subject: |FAILURE| pw154698 [PATCH] net/mlx5: fix segfault in counter pool de From: dpdklab@iol.unh.edu To: Test Report Cc: dpdk-test-reports@iol.unh.edu, Maayan Kashani In-Reply-To: <20250625093248.167642-1-mkashani@nvidia.com> References: <20250625093248.167642-1-mkashani@nvidia.com> Content-Type: text/plain X-BeenThere: test-report@dpdk.org X-Mailman-Version: 2.1.29 Precedence: list List-Id: automatic DPDK test reports List-Unsubscribe: , List-Archive: List-Post: List-Help: List-Subscribe: , Errors-To: test-report-bounces@dpdk.org Test-Label: iol-compile-amd64-testing Test-Status: FAILURE http://dpdk.org/patch/154698 _Testing issues_ Submitter: Maayan Kashani Date: Wednesday, June 25 2025 09:32:47 DPDK git baseline: Repo:dpdk Branch: master CommitID:77ba8d12251b203a4ec69a569c2f2f07edb7b1e8 154698 --> testing issues Upstream job id: Windows-Compile-DPDK-Native#29321 Test environment and result as below: +---------------------+--------------------+-------------------+-------------------------+ | Environment | dpdk_meson_compile | dpdk_msvc_compile | dpdk_llvm_clang_compile | +=====================+====================+===================+=========================+ | Ubuntu 20.04 | PASS | SKIPPED | SKIPPED | +---------------------+--------------------+-------------------+-------------------------+ | FreeBSD 14.2 | PASS | SKIPPED | SKIPPED | +---------------------+--------------------+-------------------+-------------------------+ | Windows Server 2022 | SKIPPED | PASS | FAIL | +---------------------+--------------------+-------------------+-------------------------+ ==== 20 line log output for Windows Server 2022 (dpdk_llvm_clang_compile): ==== Message: Disabling table [lib/table]: missing internal dependency "port" Compiler for C supports arguments -Wno-format-truncation: NO (cached) Compiler for C supports arguments -Wno-address-of-packed-member: YES (cached) Compiler for C supports arguments -Wno-cast-qual: YES Compiler for C supports arguments -Wno-pointer-arith: YES Message: drivers/bus/auxiliary: Defining dependency "bus_auxiliary" Compiler for C supports arguments -Wno-cast-qual: YES (cached) Compiler for C supports arguments -Wno-pointer-arith: YES (cached) Message: drivers/bus/pci: Defining dependency "bus_pci" Message: drivers/bus/vdev: Defining dependency "bus_vdev" Compiler for C supports arguments -std=c11: YES Compiler for C supports arguments -Wno-strict-prototypes: YES Compiler for C supports arguments -D_BSD_SOURCE: YES Compiler for C supports arguments -D_DEFAULT_SOURCE: YES Compiler for C supports arguments -D_XOPEN_SOURCE=600: YES Has header "mlx5devx.h" : YES drivers\common\mlx5\windows\meson.build:10:13: ERROR: C shared or static library 'mlx5devx' not found A full log can be found at C:\Users\builder\jenkins\workspace\Windows-Compile-DPDK-Native\dpdk\build\meson-logs\meson-log.txt ==== End log output ==== Ubuntu 20.04 Kernel: 4.19 Compiler: gcc gcc (Ubuntu 9.4.0-1ubuntu1~20.04.2) 9.4.0 FreeBSD 14.2 Kernel: 14.2-RELEASE Compiler: clang 18.1.6 Windows Server 2022 Kernel: 10.0.20348.2031 Compiler: clang 15.0.7, gcc 14.1.0 (MinGW), and MSVC VS 19.39.33521 To view detailed results, visit: https://lab.dpdk.org/results/dashboard/patchsets/33498/ UNH-IOL DPDK Community Lab To manage your email subscriptions, visit: https://lab.dpdk.org/results/dashboard/preferences/subscriptions/