From mboxrd@z Thu Jan  1 00:00:00 1970
Return-Path: <test-report-bounces@dpdk.org>
Received: from mails.dpdk.org (mails.dpdk.org [217.70.189.124])
	by inbox.dpdk.org (Postfix) with ESMTP id 3C91046A62
	for <public@inbox.dpdk.org>; Thu, 26 Jun 2025 13:54:33 +0200 (CEST)
Received: from mails.dpdk.org (localhost [127.0.0.1])
	by mails.dpdk.org (Postfix) with ESMTP id 1F7A4400D6;
	Thu, 26 Jun 2025 13:54:33 +0200 (CEST)
Received: from mail-yw1-f226.google.com (mail-yw1-f226.google.com
 [209.85.128.226])
 by mails.dpdk.org (Postfix) with ESMTP id DA15E400D6
 for <test-report@dpdk.org>; Thu, 26 Jun 2025 13:54:31 +0200 (CEST)
Received: by mail-yw1-f226.google.com with SMTP id
 00721157ae682-70f94fe1e40so22538527b3.1
 for <test-report@dpdk.org>; Thu, 26 Jun 2025 04:54:31 -0700 (PDT)
DKIM-Signature: v=1; a=rsa-sha256; c=relaxed/relaxed;
 d=iol.unh.edu; s=unh-iol; t=1750938871; x=1751543671; darn=dpdk.org;
 h=references:in-reply-to:cc:to:from:subject:message-id:date:from:to
 :cc:subject:date:message-id:reply-to;
 bh=IHj5vNssRQ2DZA09+iCAy4xAO9ZtjGYWsMEPk/R/ooE=;
 b=QD/gLb+oNAYc9JL9/8Rv5Aaf+j59iUXNFXwE5awL7B01i/c+zMITb+K/3FVbDeKOAC
 gG7EZh/wfR/gtsSceRJNu6ISItCfswr/lkxNj+pM5WTZaOk3pFlO8QCs86tLSmJcTkWI
 /NCNmNAkIDjVU8nPs8w2D0xKUbNBpEgNl7uA0=
X-Google-DKIM-Signature: v=1; a=rsa-sha256; c=relaxed/relaxed;
 d=1e100.net; s=20230601; t=1750938871; x=1751543671;
 h=references:in-reply-to:cc:to:from:subject:message-id:date
 :x-gm-message-state:from:to:cc:subject:date:message-id:reply-to;
 bh=IHj5vNssRQ2DZA09+iCAy4xAO9ZtjGYWsMEPk/R/ooE=;
 b=ZJZXDhJmT8U4y78Ml2p4azi27nqID8gjlcWRSNjngokAvhDrzT8M7OUqkoMElkmTMA
 jE1vnaHTCxwGXfAJ4bOArXTRt7zAf3/tZnnO0hw6rI5Hcs1Hxchnpcks0UIIKvJZVEVH
 4Wv9+6QL+hHyRyf1PkySJFe66kJKVl8xcJmycmsJXsaToXkhwtXqt1Af9ejaKkGCt4oU
 GeVDqYx8K1mg4+fe/tMg9i6JlqSyqI3L8F9/gWL9lGqZS1SM8SGOiAspzKWM+rLBI43A
 mQm3nfGI3EzUZGrYftuLrauhLN/dRWM8JXGEllZwlTAry1IdtQQ8Pzw1Yv9l4kyVMMZW
 yXrQ==
X-Gm-Message-State: AOJu0YwLXOp6NPPIEux8HyrGMfmc06A7DP2aSS+5KH6pL8osLk2nE6LA
 ZZKZyV8gKuQPUUFbWVWVPssFR7dFSmIQcA7BPUdxLzQNCXaXObyYPm1SzhnmNudpjyxOwDgcxQV
 b5Ij8Py6SG7p4VFtLR1/dPxM4FwodlIDf1DuB/KwDkuLv
X-Gm-Gg: ASbGncs8VyjvcSpC4nDOFSeX9YPH3MfbXwFP9WA+vkVMq1AtBOqqt40iCxsrd8w72IS
 ztWXWi9DUEg3yZM2W3RwGeDMGS4HDi2LfLz78vma2QO9fKubpe3d8EJElCz57Zk7e9+Yf/Oyao+
 SFwMDEIU+kOPg44ZPky6+KZWMyZRX68VEfRe+9DlGr9JsuKFypZ+L/1vnF6JHKUIzPP+p5il9A6
 3a/GXVGPxo7x9ZNfSIFcjWa25kJMPrEoDrGMgzg8r6OX2hBaIFnEqaao8AdeT0sDjxTilSWyWM9
 4M+x7qWm3oSviDZtvD+lsW+FiSjAM1o0EALingLVFW2IVLRe+PJldcXsM3vofhH7WUNnZg==
X-Google-Smtp-Source: AGHT+IGm1NAQ27zq76K5Yum5JVXLVcWMtPqfUwy9qk339Pe27MVl24KMmAeGW11HLosO96Q4DGCNv/+xoW/8
X-Received: by 2002:a05:690c:f8e:b0:712:cc11:b02 with SMTP id
 00721157ae682-7150942a182mr50559857b3.4.1750938871176; 
 Thu, 26 Jun 2025 04:54:31 -0700 (PDT)
Received: from postal.iol.unh.edu (postal.iol.unh.edu. [132.177.123.84])
 by smtp-relay.gmail.com with ESMTPS id
 00721157ae682-712c49dffc7sm3739677b3.9.2025.06.26.04.54.31
 (version=TLS1_2 cipher=ECDHE-ECDSA-AES128-GCM-SHA256 bits=128/128);
 Thu, 26 Jun 2025 04:54:31 -0700 (PDT)
X-Relaying-Domain: iol.unh.edu
Date: Thu, 26 Jun 2025 04:54:31 -0700 (PDT)
Message-ID: <685d34f7.050a0220.26fe26.3186SMTPIN_ADDED_MISSING@mx.google.com>
Received: from [172.21.0.5] (unknown [172.18.0.240])
 by postal.iol.unh.edu (Postfix) with ESMTP id CF9EF6051830;
 Thu, 26 Jun 2025 07:54:30 -0400 (EDT)
Subject: |FAILURE| pw154724-154738 [PATCH] [v3,15/15] doc: update for txgbe
From: dpdklab@iol.unh.edu
To: Test Report <test-report@dpdk.org>
Cc: dpdk-test-reports@iol.unh.edu, Zaiyu Wang <zaiyuwang@trustnetic.com>
In-Reply-To: <20250626080221.22488-16-zaiyuwang@trustnetic.com>
References: <20250626080221.22488-16-zaiyuwang@trustnetic.com>
Content-Type: text/plain
X-BeenThere: test-report@dpdk.org
X-Mailman-Version: 2.1.29
Precedence: list
List-Id: automatic DPDK test reports <test-report.dpdk.org>
List-Unsubscribe: <https://mails.dpdk.org/options/test-report>,
 <mailto:test-report-request@dpdk.org?subject=unsubscribe>
List-Archive: <http://mails.dpdk.org/archives/test-report/>
List-Post: <mailto:test-report@dpdk.org>
List-Help: <mailto:test-report-request@dpdk.org?subject=help>
List-Subscribe: <https://mails.dpdk.org/listinfo/test-report>,
 <mailto:test-report-request@dpdk.org?subject=subscribe>
Errors-To: test-report-bounces@dpdk.org

Test-Label: iol-compile-amd64-testing
Test-Status: FAILURE
http://dpdk.org/patch/154738

_Testing issues_

Submitter: Zaiyu Wang <zaiyuwang@trustnetic.com>
Date: Thursday, June 26 2025 08:02:20 
DPDK git baseline: Repo:dpdk
  Branch: master
  CommitID:62a35bbb247e608e235a04ff2941488bc1a78941

154724-154738 --> testing issues

Upstream job id: Windows-Compile-DPDK-VS#6158

Test environment and result as below:

+-------------------------------+--------------------+-------------------+------------------+-------------------+-------------------------+
|          Environment          | dpdk_meson_compile | dpdk_compile_spdk | dpdk_compile_ovs | dpdk_msvc_compile | dpdk_llvm_clang_compile |
+===============================+====================+===================+==================+===================+=========================+
| CentOS Stream 9               | PEND               | PEND              | SKIPPED          | SKIPPED           | SKIPPED                 |
+-------------------------------+--------------------+-------------------+------------------+-------------------+-------------------------+
| CentOS Stream 10              | PEND               | SKIPPED           | SKIPPED          | SKIPPED           | SKIPPED                 |
+-------------------------------+--------------------+-------------------+------------------+-------------------+-------------------------+
| Debian GNU/Linux 12           | PEND               | PEND              | SKIPPED          | SKIPPED           | SKIPPED                 |
+-------------------------------+--------------------+-------------------+------------------+-------------------+-------------------------+
| Fedora Linux 40               | PEND               | PEND              | SKIPPED          | SKIPPED           | SKIPPED                 |
+-------------------------------+--------------------+-------------------+------------------+-------------------+-------------------------+
| Fedora Linux 41               | PEND               | PEND              | PEND             | SKIPPED           | SKIPPED                 |
+-------------------------------+--------------------+-------------------+------------------+-------------------+-------------------------+
| Ubuntu 20.04                  | PASS               | SKIPPED           | SKIPPED          | SKIPPED           | SKIPPED                 |
+-------------------------------+--------------------+-------------------+------------------+-------------------+-------------------------+
| Ubuntu 24.04                  | PEND               | PEND              | PEND             | SKIPPED           | SKIPPED                 |
+-------------------------------+--------------------+-------------------+------------------+-------------------+-------------------------+
| Red Hat Enterprise Linux 8.10 | PEND               | SKIPPED           | SKIPPED          | SKIPPED           | SKIPPED                 |
+-------------------------------+--------------------+-------------------+------------------+-------------------+-------------------------+
| Red Hat Enterprise Linux 9.5  | PEND               | SKIPPED           | SKIPPED          | SKIPPED           | SKIPPED                 |
+-------------------------------+--------------------+-------------------+------------------+-------------------+-------------------------+
| openSUSE Leap 15.6            | PEND               | SKIPPED           | SKIPPED          | SKIPPED           | SKIPPED                 |
+-------------------------------+--------------------+-------------------+------------------+-------------------+-------------------------+
| Ubuntu 22.04                  | PEND               | PEND              | SKIPPED          | SKIPPED           | SKIPPED                 |
+-------------------------------+--------------------+-------------------+------------------+-------------------+-------------------------+
| FreeBSD 14.2                  | PASS               | SKIPPED           | SKIPPED          | SKIPPED           | SKIPPED                 |
+-------------------------------+--------------------+-------------------+------------------+-------------------+-------------------------+
| Alpine Linux 3.22.0           | PEND               | SKIPPED           | SKIPPED          | SKIPPED           | SKIPPED                 |
+-------------------------------+--------------------+-------------------+------------------+-------------------+-------------------------+
| Windows Server 2022           | SKIPPED            | SKIPPED           | SKIPPED          | PASS              | FAIL                    |
+-------------------------------+--------------------+-------------------+------------------+-------------------+-------------------------+

==== 20 line log output for Windows Server 2022 (dpdk_llvm_clang_compile): ====
Message: Disabling table [lib/table]: missing internal dependency "port"
Compiler for C supports arguments -Wno-format-truncation: NO (cached)
Compiler for C supports arguments -Wno-address-of-packed-member: YES (cached)
Compiler for C supports arguments -Wno-cast-qual: YES
Compiler for C supports arguments -Wno-pointer-arith: YES
Message: drivers/bus/auxiliary: Defining dependency "bus_auxiliary"
Compiler for C supports arguments -Wno-cast-qual: YES (cached)
Compiler for C supports arguments -Wno-pointer-arith: YES (cached)
Message: drivers/bus/pci: Defining dependency "bus_pci"
Message: drivers/bus/vdev: Defining dependency "bus_vdev"
Compiler for C supports arguments -std=c11: YES
Compiler for C supports arguments -Wno-strict-prototypes: YES
Compiler for C supports arguments -D_BSD_SOURCE: YES
Compiler for C supports arguments -D_DEFAULT_SOURCE: YES
Compiler for C supports arguments -D_XOPEN_SOURCE=600: YES
Has header "mlx5devx.h" : YES

drivers\common\mlx5\windows\meson.build:10:13: ERROR: C shared or static library 'mlx5devx' not found

A full log can be found at C:\Users\builder\jenkins\workspace\Windows-Compile-DPDK-Native\dpdk\build\meson-logs\meson-log.txt
==== End log output ====

CentOS Stream 9
	Kernel: 5.15
	Compiler: gcc gcc (GCC) 11.5.0 20240719 (Red Hat 11.5.0-7)

CentOS Stream 10
	Kernel: 5.15
	Compiler: gcc gcc (GCC) 14.2.1 20250110 (Red Hat 14.2.1-8)

Debian GNU/Linux 12
	Kernel: 5.15
	Compiler: gcc gcc (Debian 12.2.0-14+deb12u1) 12.2.0

Fedora Linux 40
	Kernel: 5.15
	Compiler: gcc gcc (GCC) 14.2.1 20240912 (Red Hat 14.2.1-3)

Fedora Linux 41
	Kernel: 5.15
	Compiler: gcc gcc (GCC) 14.3.1 20250523 (Red Hat 14.3.1-1)

Ubuntu 20.04
	Kernel: 5.15
	Compiler: gcc gcc (Ubuntu 9.4.0-1ubuntu1~20.04.2) 9.4.0

Ubuntu 24.04
	Kernel: 5.15
	Compiler: gcc gcc (Ubuntu 13.3.0-6ubuntu2~24.04) 13.3.0

Red Hat Enterprise Linux 8.10
	Kernel: 5.15
	Compiler: gcc gcc (GCC) 8.5.0 20210514 (Red Hat 8.5.0-22)

Red Hat Enterprise Linux 9.5
	Kernel: 5.15
	Compiler: gcc gcc (GCC) 11.5.0 20240719 (Red Hat 11.5.0-2)

openSUSE Leap 15.6
	Kernel: 5.15
	Compiler: gcc gcc (SUSE Linux) 7.5.0

Ubuntu 22.04
	Kernel: 5.15
	Compiler: gcc gcc (Ubuntu 11.4.0-1ubuntu1~22.04) 11.4.0

FreeBSD 14.2
	Kernel: 14.2-RELEASE
	Compiler: clang 18.1.6

Alpine Linux 3.22.0
	Kernel: 5.15
	Compiler: gcc gcc (Alpine 14.2.0) 14.2.0

Windows Server 2022
	Kernel: 10.0.20348.2031
	Compiler: clang 15.0.7, gcc 14.1.0 (MinGW), and MSVC VS 19.39.33521

To view detailed results, visit:
https://lab.dpdk.org/results/dashboard/patchsets/33507/

UNH-IOL DPDK Community Lab

To manage your email subscriptions, visit: 
https://lab.dpdk.org/results/dashboard/preferences/subscriptions/