From mboxrd@z Thu Jan  1 00:00:00 1970
Return-Path: <test-report-bounces@dpdk.org>
Received: from mails.dpdk.org (mails.dpdk.org [217.70.189.124])
	by inbox.dpdk.org (Postfix) with ESMTP id C14A046A5C
	for <public@inbox.dpdk.org>; Thu, 26 Jun 2025 21:30:01 +0200 (CEST)
Received: from mails.dpdk.org (localhost [127.0.0.1])
	by mails.dpdk.org (Postfix) with ESMTP id A342F4026C;
	Thu, 26 Jun 2025 21:30:01 +0200 (CEST)
Received: from mail-io1-f97.google.com (mail-io1-f97.google.com
 [209.85.166.97]) by mails.dpdk.org (Postfix) with ESMTP id BBE7C4026C
 for <test-report@dpdk.org>; Thu, 26 Jun 2025 21:30:00 +0200 (CEST)
Received: by mail-io1-f97.google.com with SMTP id
 ca18e2360f4ac-87653e3adc6so36490639f.3
 for <test-report@dpdk.org>; Thu, 26 Jun 2025 12:30:00 -0700 (PDT)
DKIM-Signature: v=1; a=rsa-sha256; c=relaxed/relaxed;
 d=iol.unh.edu; s=unh-iol; t=1750966200; x=1751571000; darn=dpdk.org;
 h=references:in-reply-to:cc:to:from:subject:message-id:date:from:to
 :cc:subject:date:message-id:reply-to;
 bh=Hk4Uewi4ZA2jp3qvjPNRMhRzXQMy6GMQ2tZDwoKk2FY=;
 b=UZf5fnqlMe3Mup9amPz08+lRe4Y1IjiuxnfS0Tp5II/J5hFQMa8Uvh8ibL2sWJOl+h
 j8Z0qVdlMNzPOtoAfBi/SfkgsDhvE+eWtzYICMwaVCWyS+mDLLSDSz0y3bDA1nKSJc80
 CRl/kgzziVzgJ9pI0DhUKwrNhUGbkc3bae04M=
X-Google-DKIM-Signature: v=1; a=rsa-sha256; c=relaxed/relaxed;
 d=1e100.net; s=20230601; t=1750966200; x=1751571000;
 h=references:in-reply-to:cc:to:from:subject:message-id:date
 :x-gm-message-state:from:to:cc:subject:date:message-id:reply-to;
 bh=Hk4Uewi4ZA2jp3qvjPNRMhRzXQMy6GMQ2tZDwoKk2FY=;
 b=GLHKWQMMuimnmKWTpno7sY5OSTwYGVf08i41pMo0sbFS0XA57qxY7j5v5/E0aL/zp+
 /jrmzaEMryRybYPQcqo9h2QCdF9Dcl2F+TRqPhzulgj+t5h29WFOVcAkI+JN1zuiwBlo
 DLIGbtWwLaVxwSGLZHxb4b+60p0anbfx11ZwDnSW8CQ+z36o5kQcwfA3YXOhrwpiMNdf
 mOHquMqBep6j+bcX/06negrwA9lAXx6D7Xfwtr3QPF4k2I4+tGjqpGbrAVu9po9UiiYt
 OmUmBMzrQZvCZQre1fhM2AAAOWXloe42+V5hQNGgnQvlrysSmfp9vN8Q5yu9e/iDxmmo
 PbSg==
X-Gm-Message-State: AOJu0YxGBAYXMpOc9I4oGo8KnRuHcPqCcXEvUlWdNM/KoUq57KPBBwyT
 4W03zdIXglyHMDeP8CrJrG9BdM+gWVxqC6yUsHHEPjSPyerJ0UNxlJyhAJxCTAc0wcxib+WHjZz
 0/yaEdn26LaMEqQJdO4+2gpklhWOpbNRneH5N5dHzNKv9
X-Gm-Gg: ASbGncvtStZceOWEx6aVXAF062k7hQzpvk44OaJPC4mbuaktx4eoUbAroQVOD3j3LZr
 Z7pj36J90Xj8utGVkQk5i5XHst7APAmbssWZef8w08sHzK6pwMYGWQGUKc6yMDBdh5JCGHCVK17
 9bZFpGmC2w2fUscQ9+ofK7fr5E07aQ7sOsA4o3A+JxfD3s1BfK9+4Eb6xkHE8rsw1nH28zluu27
 4xtfWpOvSQfkXjonAjfZLXaR4lHe9AqO9QV/a+VlUYYM+sW0UG4LQQzqycbSbmUa0Bw4kmh5TQA
 Gg6+ysQ3gt6Ocl2oel7MC/rJU4sfWSdsi1PwmTIDR1ziv4j+Bdj5SXm4KytYYWfQ0eXR5g==
X-Google-Smtp-Source: AGHT+IGx/Txtud8Tm2Vu3VQ9tWyd+jVaA26jhQ2MnAREp2jloU3aAAJZ0LPBQsGPYSvd4XW64Fz6b+33vqvA
X-Received: by 2002:a05:6602:3f07:b0:86c:fdb3:2798 with SMTP id
 ca18e2360f4ac-876883562e7mr113119039f.11.1750966199995; 
 Thu, 26 Jun 2025 12:29:59 -0700 (PDT)
Received: from postal.iol.unh.edu (postal.iol.unh.edu. [132.177.123.84])
 by smtp-relay.gmail.com with ESMTPS id
 8926c6da1cb9f-50204a3fe9fsm31190173.46.2025.06.26.12.29.59
 (version=TLS1_2 cipher=ECDHE-ECDSA-AES128-GCM-SHA256 bits=128/128);
 Thu, 26 Jun 2025 12:29:59 -0700 (PDT)
X-Relaying-Domain: iol.unh.edu
Date: Thu, 26 Jun 2025 12:29:59 -0700 (PDT)
Message-ID: <685d9fb7.050a0220.323dcb.169fSMTPIN_ADDED_MISSING@mx.google.com>
Received: from [172.21.0.6] (unknown [172.18.0.240])
 by postal.iol.unh.edu (Postfix) with ESMTP id 9E5356051830;
 Thu, 26 Jun 2025 15:29:59 -0400 (EDT)
Subject: |FAILURE| pw154745-154748 [PATCH] [v2,4/4] dts: add physical functio
From: dpdklab@iol.unh.edu
To: Test Report <test-report@dpdk.org>
Cc: dpdk-test-reports@iol.unh.edu, Dean Marx <dmarx@iol.unh.edu>
In-Reply-To: <20250626152755.197560-4-dmarx@iol.unh.edu>
References: <20250626152755.197560-4-dmarx@iol.unh.edu>
Content-Type: text/plain
X-BeenThere: test-report@dpdk.org
X-Mailman-Version: 2.1.29
Precedence: list
List-Id: automatic DPDK test reports <test-report.dpdk.org>
List-Unsubscribe: <https://mails.dpdk.org/options/test-report>,
 <mailto:test-report-request@dpdk.org?subject=unsubscribe>
List-Archive: <http://mails.dpdk.org/archives/test-report/>
List-Post: <mailto:test-report@dpdk.org>
List-Help: <mailto:test-report-request@dpdk.org?subject=help>
List-Subscribe: <https://mails.dpdk.org/listinfo/test-report>,
 <mailto:test-report-request@dpdk.org?subject=subscribe>
Errors-To: test-report-bounces@dpdk.org

Test-Label: iol-unit-amd64-testing
Test-Status: FAILURE
http://dpdk.org/patch/154748

_Testing issues_

Submitter: Dean Marx <dmarx@iol.unh.edu>
Date: Thursday, June 26 2025 15:27:55 
DPDK git baseline: Repo:dpdk
  Branch: master
  CommitID:72623d4689c4cd954324f8322080a957905b047d

154745-154748 --> testing issues

Upstream job id: Generic-VM-Unit-Test-DPDK#29504

Test environment and result as below:

+-------------------------------+----------------+
|          Environment          | dpdk_unit_test |
+===============================+================+
| Debian GNU/Linux 12           | PASS           |
+-------------------------------+----------------+
| CentOS Stream 9               | PASS           |
+-------------------------------+----------------+
| CentOS Stream 10              | PASS           |
+-------------------------------+----------------+
| Fedora Linux 40               | PEND           |
+-------------------------------+----------------+
| Fedora Linux 41               | PASS           |
+-------------------------------+----------------+
| Red Hat Enterprise Linux 8.10 | PEND           |
+-------------------------------+----------------+
| Red Hat Enterprise Linux 9.5  | PEND           |
+-------------------------------+----------------+
| Ubuntu 22.04                  | PEND           |
+-------------------------------+----------------+
| Ubuntu 20.04                  | PEND           |
+-------------------------------+----------------+
| Ubuntu 24.04                  | PEND           |
+-------------------------------+----------------+
| Windows Server 2022           | FAIL           |
+-------------------------------+----------------+

==== Unit test summary for Windows Server 2022 (dpdk_unit_test): ====
Failed to get the unit test results.
Displaying the unit test results is not supported for some environments,
such as our aarch32 testing, where meson is not used to run the tests.
Download the logs available on our CI site.
==== End log output ====

Debian GNU/Linux 12
	Kernel: 5.15
	Compiler: gcc gcc (Debian 12.2.0-14+deb12u1) 12.2.0

CentOS Stream 9
	Kernel: 5.15
	Compiler: gcc gcc (GCC) 11.5.0 20240719 (Red Hat 11.5.0-7)

CentOS Stream 10
	Kernel: 5.15
	Compiler: gcc gcc (GCC) 14.2.1 20250110 (Red Hat 14.2.1-8)

Fedora Linux 40
	Kernel: 5.15
	Compiler: gcc gcc (GCC) 14.2.1 20240912 (Red Hat 14.2.1-3)

Fedora Linux 41
	Kernel: 5.15
	Compiler: clang gcc (GCC) 14.3.1 20250523 (Red Hat 14.3.1-1)

Red Hat Enterprise Linux 8.10
	Kernel: 5.15
	Compiler: gcc gcc (GCC) 8.5.0 20210514 (Red Hat 8.5.0-22)

Red Hat Enterprise Linux 9.5
	Kernel: 5.15
	Compiler: gcc gcc (GCC) 11.5.0 20240719 (Red Hat 11.5.0-2)

Ubuntu 22.04
	Kernel: 5.15
	Compiler: gcc gcc (Ubuntu 11.4.0-1ubuntu1~22.04) 11.4.0

Ubuntu 20.04
	Kernel: 5.15
	Compiler: gcc gcc (Ubuntu 9.4.0-1ubuntu1~20.04.2) 9.4.0

Ubuntu 24.04
	Kernel: 5.15
	Compiler: gcc gcc (Ubuntu 13.3.0-6ubuntu2~24.04) 13.3.0

Windows Server 2022
	Kernel: 10.0.20348.2031
	Compiler: clang 15.0.7, gcc 14.1.0 (MinGW), and MSVC VS 19.39.33521

To view detailed results, visit:
https://lab.dpdk.org/results/dashboard/patchsets/33514/

UNH-IOL DPDK Community Lab

To manage your email subscriptions, visit: 
https://lab.dpdk.org/results/dashboard/preferences/subscriptions/