From mboxrd@z Thu Jan 1 00:00:00 1970 Return-Path: Received: from mails.dpdk.org (mails.dpdk.org [217.70.189.124]) by inbox.dpdk.org (Postfix) with ESMTP id DC6D246A65 for ; Fri, 27 Jun 2025 01:16:42 +0200 (CEST) Received: from mails.dpdk.org (localhost [127.0.0.1]) by mails.dpdk.org (Postfix) with ESMTP id C1792400D5; Fri, 27 Jun 2025 01:16:42 +0200 (CEST) Received: from mail-qv1-f97.google.com (mail-qv1-f97.google.com [209.85.219.97]) by mails.dpdk.org (Postfix) with ESMTP id 141584021F for ; Fri, 27 Jun 2025 01:16:41 +0200 (CEST) Received: by mail-qv1-f97.google.com with SMTP id 6a1803df08f44-6faf66905baso24165336d6.2 for ; Thu, 26 Jun 2025 16:16:41 -0700 (PDT) DKIM-Signature: v=1; a=rsa-sha256; c=relaxed/relaxed; d=iol.unh.edu; s=unh-iol; t=1750979800; x=1751584600; darn=dpdk.org; h=references:in-reply-to:cc:to:from:subject:message-id:date:from:to :cc:subject:date:message-id:reply-to; bh=mBOnzSCpw/Dac9tUAqik+5Wp2weXY/adToX0D3p3/pk=; b=Gdos4hAKrWOHsxya0jVfkG6/MEQvS1jkL87MlQVwVReT5I/5rmRsUYuMnZuXZQIpX2 gD4iQ4+xrq5GNX/c64jJhk95g/pzvJ/J0/ZHkNSsmU7b7wYMEqozoJGkjhbY+++Hqqar H7TlRhf+QFl0yg18hoASE3WmKarYg6jVKLvko= X-Google-DKIM-Signature: v=1; a=rsa-sha256; c=relaxed/relaxed; d=1e100.net; s=20230601; t=1750979800; x=1751584600; h=references:in-reply-to:cc:to:from:subject:message-id:date :x-gm-message-state:from:to:cc:subject:date:message-id:reply-to; bh=mBOnzSCpw/Dac9tUAqik+5Wp2weXY/adToX0D3p3/pk=; b=SD6wpMkYiRI4bWyt4AEgDC4CHr3opXg3BCJOcyu/YISHNIoaXsd30oj6LTylqwK8Aq /D64/LmCS40WDLe2HhZ4RyMlWjfIVi1PyyjfUMj2sX1ySZqbunGQwCpS6Qn8Yp7ql/DN Z5sVk3BRz0t1InEeJkbp10TnBDsnaQdHVFqE7R6SWm2ru9ElTP7LdWoraRImOggFcLzN Q0evEkMN0JhCdpLkTNS+rkpTbVhvfxpfje+kAubmEYnEAQDxs7/N6KV2it2ci4z+FBGo BFiGtJ3wobm506pv6UGlAEslvuNRiXQZ/cXSvrfYatY7bOBn25pw0eD/acnlousSYHax aKlg== X-Gm-Message-State: AOJu0YxzAEA2rAkUZAVsFAOucb1XRwdNiKoUYnqP1MBicRpU5YlP64tt 2781fsqv026yIhIu1BoxKFf9zmvgFnrEkp/pVnjOKsCb9BSxT2WN79Jpqz/DYBMSJbtcOnjMlwj R7DEsAw8j1qqta5wujrrGsQavHPsvL2caqOm6EBziHzoV6HXILeQ/TzKdKEKP X-Gm-Gg: ASbGncvanNe2EmnbHCSncgulIDjqVU4Zx10vbTx85qSjBpkFkiJqYGMQ5WN/MZTCzMJ s/vvh8zdbGuUKhgzeqf3fIey//IdFiRa4OI1XmZGKhvHyoY8uv0Rn2r9hnAoCZUda38Gpi33EJJ oyS5rQT8hYzXpimqhCJpiarsQANsT5umnMg02onsSrnUXNB0WLF2jMNJXjmsPJrJQ+4jiHmUFEf GuqLf7ttYnZtV3UET/eSWLB+nUPUNnBaEwDj7lGv0x1OlDf6vnUPnbMGnisA5mHJgJ4gbsMx6EP ZBHRw6RuESSoQUxcyzXgsvRRuSx1C16e+HRGLGbvJGodO7A= X-Google-Smtp-Source: AGHT+IEqrtTc0aIdcsR0m3PsSqUnaEFnJliK4OnxLG7EgL13aEknKyLFznW7qp6N4QKQ/VJHvBZrIp9LNMMp X-Received: by 2002:a05:6214:262b:b0:6fa:c46c:6fa1 with SMTP id 6a1803df08f44-7000262377amr23547556d6.3.1750979800350; Thu, 26 Jun 2025 16:16:40 -0700 (PDT) Received: from postal.iol.unh.edu (postal.iol.unh.edu. [2606:4100:3880:1234::84]) by smtp-relay.gmail.com with ESMTPS id 6a1803df08f44-6fd7718441esm1504786d6.3.2025.06.26.16.16.40 (version=TLS1_2 cipher=ECDHE-ECDSA-AES128-GCM-SHA256 bits=128/128); Thu, 26 Jun 2025 16:16:40 -0700 (PDT) X-Relaying-Domain: iol.unh.edu Date: Thu, 26 Jun 2025 16:16:40 -0700 (PDT) Message-ID: <685dd4d8.d40a0220.32c0f.7bfbSMTPIN_ADDED_MISSING@mx.google.com> Received: from [172.21.0.5] (unknown [172.18.0.240]) by postal.iol.unh.edu (Postfix) with ESMTP id 144366051830; Thu, 26 Jun 2025 19:16:40 -0400 (EDT) Subject: |FAILURE| pw154745-154748 [PATCH] [v2,4/4] dts: add physical functio From: dpdklab@iol.unh.edu To: Test Report Cc: dpdk-test-reports@iol.unh.edu, Dean Marx In-Reply-To: <20250626152755.197560-4-dmarx@iol.unh.edu> References: <20250626152755.197560-4-dmarx@iol.unh.edu> Content-Type: text/plain X-BeenThere: test-report@dpdk.org X-Mailman-Version: 2.1.29 Precedence: list List-Id: automatic DPDK test reports List-Unsubscribe: , List-Archive: List-Post: List-Help: List-Subscribe: , Errors-To: test-report-bounces@dpdk.org Test-Label: iol-compile-amd64-testing Test-Status: FAILURE http://dpdk.org/patch/154748 _Testing issues_ Submitter: Dean Marx Date: Thursday, June 26 2025 15:27:55 DPDK git baseline: Repo:dpdk Branch: master CommitID:72623d4689c4cd954324f8322080a957905b047d 154745-154748 --> testing issues Upstream job id: Generic-DPDK-Compile-Meson#402452 Test environment and result as below: +-------------------------------+--------------------+-------------------+-------------------+------------------+-------------------------+----------------------+ | Environment | dpdk_meson_compile | dpdk_msvc_compile | dpdk_compile_spdk | dpdk_compile_ovs | dpdk_llvm_clang_compile | dpdk_mingw64_compile | +===============================+====================+===================+===================+==================+=========================+======================+ | Ubuntu 20.04 | PASS | SKIPPED | SKIPPED | SKIPPED | SKIPPED | SKIPPED | +-------------------------------+--------------------+-------------------+-------------------+------------------+-------------------------+----------------------+ | FreeBSD 14.2 | PASS | SKIPPED | SKIPPED | SKIPPED | SKIPPED | SKIPPED | +-------------------------------+--------------------+-------------------+-------------------+------------------+-------------------------+----------------------+ | CentOS Stream 9 | PASS | SKIPPED | PASS | SKIPPED | SKIPPED | SKIPPED | +-------------------------------+--------------------+-------------------+-------------------+------------------+-------------------------+----------------------+ | CentOS Stream 10 | PASS | SKIPPED | SKIPPED | SKIPPED | SKIPPED | SKIPPED | +-------------------------------+--------------------+-------------------+-------------------+------------------+-------------------------+----------------------+ | Debian GNU/Linux 12 | PASS | SKIPPED | PASS | SKIPPED | SKIPPED | SKIPPED | +-------------------------------+--------------------+-------------------+-------------------+------------------+-------------------------+----------------------+ | Fedora Linux 40 | PASS | SKIPPED | PASS | SKIPPED | SKIPPED | SKIPPED | +-------------------------------+--------------------+-------------------+-------------------+------------------+-------------------------+----------------------+ | Fedora Linux 41 | PASS | SKIPPED | PASS | PASS | SKIPPED | SKIPPED | +-------------------------------+--------------------+-------------------+-------------------+------------------+-------------------------+----------------------+ | openSUSE Leap 15.6 | PASS | SKIPPED | SKIPPED | SKIPPED | SKIPPED | SKIPPED | +-------------------------------+--------------------+-------------------+-------------------+------------------+-------------------------+----------------------+ | Red Hat Enterprise Linux 8.10 | PASS | SKIPPED | SKIPPED | SKIPPED | SKIPPED | SKIPPED | +-------------------------------+--------------------+-------------------+-------------------+------------------+-------------------------+----------------------+ | Red Hat Enterprise Linux 9.5 | PASS | SKIPPED | SKIPPED | SKIPPED | SKIPPED | SKIPPED | +-------------------------------+--------------------+-------------------+-------------------+------------------+-------------------------+----------------------+ | Ubuntu 22.04 | PASS | SKIPPED | PASS | SKIPPED | SKIPPED | SKIPPED | +-------------------------------+--------------------+-------------------+-------------------+------------------+-------------------------+----------------------+ | Ubuntu 24.04 | PASS | SKIPPED | PASS | PASS | SKIPPED | SKIPPED | +-------------------------------+--------------------+-------------------+-------------------+------------------+-------------------------+----------------------+ | Alpine Linux 3.22.0 | PASS | SKIPPED | SKIPPED | SKIPPED | SKIPPED | SKIPPED | +-------------------------------+--------------------+-------------------+-------------------+------------------+-------------------------+----------------------+ | Windows Server 2022 | SKIPPED | PASS | SKIPPED | SKIPPED | FAIL | PASS | +-------------------------------+--------------------+-------------------+-------------------+------------------+-------------------------+----------------------+ ==== 20 line log output for Windows Server 2022 (dpdk_llvm_clang_compile): ==== Message: Disabling table [lib/table]: missing internal dependency "port" Compiler for C supports arguments -Wno-format-truncation: NO (cached) Compiler for C supports arguments -Wno-address-of-packed-member: YES (cached) Compiler for C supports arguments -Wno-cast-qual: YES Compiler for C supports arguments -Wno-pointer-arith: YES Message: drivers/bus/auxiliary: Defining dependency "bus_auxiliary" Compiler for C supports arguments -Wno-cast-qual: YES (cached) Compiler for C supports arguments -Wno-pointer-arith: YES (cached) Message: drivers/bus/pci: Defining dependency "bus_pci" Message: drivers/bus/vdev: Defining dependency "bus_vdev" Compiler for C supports arguments -std=c11: YES Compiler for C supports arguments -Wno-strict-prototypes: YES Compiler for C supports arguments -D_BSD_SOURCE: YES Compiler for C supports arguments -D_DEFAULT_SOURCE: YES Compiler for C supports arguments -D_XOPEN_SOURCE=600: YES Has header "mlx5devx.h" : YES drivers\common\mlx5\windows\meson.build:10:13: ERROR: C shared or static library 'mlx5devx' not found A full log can be found at C:\Users\builder\jenkins\workspace\Windows-Compile-DPDK-Native\dpdk\build\meson-logs\meson-log.txt ==== End log output ==== Ubuntu 20.04 Kernel: 4.19 Compiler: gcc gcc (Ubuntu 9.4.0-1ubuntu1~20.04.2) 9.4.0 FreeBSD 14.2 Kernel: 14.2-RELEASE Compiler: clang 18.1.6 CentOS Stream 9 Kernel: 5.15 Compiler: gcc gcc (GCC) 11.5.0 20240719 (Red Hat 11.5.0-7) CentOS Stream 10 Kernel: 5.15 Compiler: gcc gcc (GCC) 14.2.1 20250110 (Red Hat 14.2.1-8) Debian GNU/Linux 12 Kernel: 5.15 Compiler: gcc gcc (Debian 12.2.0-14+deb12u1) 12.2.0 Fedora Linux 40 Kernel: 5.15 Compiler: clang gcc (GCC) 14.2.1 20240912 (Red Hat 14.2.1-3) Fedora Linux 41 Kernel: 5.15 Compiler: clang gcc (GCC) 14.3.1 20250523 (Red Hat 14.3.1-1) openSUSE Leap 15.6 Kernel: 5.15 Compiler: gcc gcc (SUSE Linux) 7.5.0 Red Hat Enterprise Linux 8.10 Kernel: 5.15 Compiler: gcc gcc (GCC) 8.5.0 20210514 (Red Hat 8.5.0-22) Red Hat Enterprise Linux 9.5 Kernel: 5.15 Compiler: gcc gcc (GCC) 11.5.0 20240719 (Red Hat 11.5.0-2) Ubuntu 22.04 Kernel: 5.15 Compiler: gcc gcc (Ubuntu 11.4.0-1ubuntu1~22.04) 11.4.0 Ubuntu 24.04 Kernel: 5.15 Compiler: gcc gcc (Ubuntu 13.3.0-6ubuntu2~24.04) 13.3.0 Alpine Linux 3.22.0 Kernel: 5.15 Compiler: gcc gcc (Alpine 14.2.0) 14.2.0 Windows Server 2022 Kernel: 10.0.20348.2031 Compiler: clang 15.0.7, gcc 14.1.0 (MinGW), and MSVC VS 19.39.33521 To view detailed results, visit: https://lab.dpdk.org/results/dashboard/patchsets/33514/ UNH-IOL DPDK Community Lab To manage your email subscriptions, visit: https://lab.dpdk.org/results/dashboard/preferences/subscriptions/