From mboxrd@z Thu Jan 1 00:00:00 1970 Return-Path: Received: from mails.dpdk.org (mails.dpdk.org [217.70.189.124]) by inbox.dpdk.org (Postfix) with ESMTP id E0F1C46A75 for ; Sat, 28 Jun 2025 01:01:50 +0200 (CEST) Received: from mails.dpdk.org (localhost [127.0.0.1]) by mails.dpdk.org (Postfix) with ESMTP id DC2CD402B3; Sat, 28 Jun 2025 01:01:50 +0200 (CEST) Received: from mail-pl1-f226.google.com (mail-pl1-f226.google.com [209.85.214.226]) by mails.dpdk.org (Postfix) with ESMTP id 797AF402B3 for ; Sat, 28 Jun 2025 01:01:50 +0200 (CEST) Received: by mail-pl1-f226.google.com with SMTP id d9443c01a7336-236192f8770so18286665ad.0 for ; Fri, 27 Jun 2025 16:01:50 -0700 (PDT) DKIM-Signature: v=1; a=rsa-sha256; c=relaxed/relaxed; d=iol.unh.edu; s=unh-iol; t=1751065309; x=1751670109; darn=dpdk.org; h=references:in-reply-to:cc:to:from:subject:message-id:date:from:to :cc:subject:date:message-id:reply-to; bh=k5vIWAWX8s0YTLc3wFFGQ87yU3amsrHO4cAOzW63cjw=; b=Jxcy8KrCulIX9GbBzrnQUjV9yGFB7uMWNQSQCGSduRAf5VPRhy0OxG7kxKcb3lyTDk vJjM4IoL6GBIXCE+fE08fmX8xcv6+HZg7NQbJM/tQlgR3pwxnEq7uWtF+zuf7NV+BDZI kj08k4nJuaZ+wlERWY9GZ27nT1hx9HNB0qiiM= X-Google-DKIM-Signature: v=1; a=rsa-sha256; c=relaxed/relaxed; d=1e100.net; s=20230601; t=1751065309; x=1751670109; h=references:in-reply-to:cc:to:from:subject:message-id:date :x-gm-message-state:from:to:cc:subject:date:message-id:reply-to; bh=k5vIWAWX8s0YTLc3wFFGQ87yU3amsrHO4cAOzW63cjw=; b=D3YcCCnlCMJfmTAGFTla5+RyameqparJ2rEhTsm6daR4Z3cWuYkGT8jmh/uFhCBQaf fC2qrTjp3b6QNnLwE/Y9V2oLpR72uhpnxuCSQMlqWq5N416RajA+kyMKAsq7J9tF7l7d GWopOl9ufw1qGMcEqVwuNdjvQJQR/ys5mqPhkvbOLlaX+AlO5j//c8P0PFh8MurNjr7s jvelh3qs+Wwlw4R8a1IPW2TBsonI06BJizGRRc/9xTQSJmyIbuVN/AxeFpQeK+K4d8It sSbt1ZccK44Rnti6A9NkVO6nqQzoToRHB58b/rfBDs/Ho8O7t2T6vY5p3Z1br4L/lI7z 1q0A== X-Gm-Message-State: AOJu0YwLkjdn/vsk9eoeFG1AtjJIKpSYMh+NYFRXQiQczrVuh2mv1Mvj ySzvNUou/tA5qsPfj08RyJmK/v2PE7nDAbL5SM/lZXaLmS2R+ptuQf4OPr7GYAdxrmhVn0za1pn zka1qA+/yDT603nEU6CcnVzl2XdbKlicRb/orG0msH8VPyUlmAbNDe0yr8gVk X-Gm-Gg: ASbGncuPwkeVEUnW3L5ccODgqV/foqw3NM3d6WfPf68oMstcQ1T+0qEXsuINcpHVPh+ z7k6VsZPOA0S7gE4w1ZKYaDYnyY85BW4mec+ObFqRrq8HJUB4kDK/WmW+dLPyxtUvL0CzoUrzrl mBEIJw5wrm+jV4/OSwc81pY56KJldCBbRlXDws7OhTTXAG6FdvosKs2DIhzYYL3wKrSM82uOd7y XGw3LOD3rJoSHwKDhuHNg5lhwe4pdLLoC9ZkM2TOfsMJHsJqZtPfUghLheqNnX9uFPjd9H8sGxr l1XD7o5jBf+s3Xocrl6n1Hs1qcIETFzQZ4rytMkf6My8nKU= X-Google-Smtp-Source: AGHT+IEuH3WJzXGU6zDwWPDGXgPhsrpxDIAZA2LhlN59Agp1KszGNZhvAEGtksCThWPdWfUtoylhF2z7Wv5C X-Received: by 2002:a17:902:db07:b0:236:6f43:7053 with SMTP id d9443c01a7336-23ac4e95399mr88624695ad.2.1751065309602; Fri, 27 Jun 2025 16:01:49 -0700 (PDT) Received: from postal.iol.unh.edu (postal.iol.unh.edu. [2606:4100:3880:1234::84]) by smtp-relay.gmail.com with ESMTPS id d9443c01a7336-23acb34fbebsm1321575ad.59.2025.06.27.16.01.49 (version=TLS1_2 cipher=ECDHE-ECDSA-AES128-GCM-SHA256 bits=128/128); Fri, 27 Jun 2025 16:01:49 -0700 (PDT) X-Relaying-Domain: iol.unh.edu Date: Fri, 27 Jun 2025 16:01:49 -0700 (PDT) Message-ID: <685f22dd.170a0220.1269fe.73f1SMTPIN_ADDED_MISSING@mx.google.com> Received: from [172.21.0.6] (unknown [172.18.0.240]) by postal.iol.unh.edu (Postfix) with ESMTP id C132A6051830; Fri, 27 Jun 2025 19:01:48 -0400 (EDT) Subject: |FAILURE| pw154799-154801 [PATCH] [v3,5/5] net/mlx5: use consecutive From: dpdklab@iol.unh.edu To: Test Report Cc: dpdk-test-reports@iol.unh.edu, Bing Zhao In-Reply-To: <20250627163729.50460-6-bingz@nvidia.com> References: <20250627163729.50460-6-bingz@nvidia.com> Content-Type: text/plain X-BeenThere: test-report@dpdk.org X-Mailman-Version: 2.1.29 Precedence: list List-Id: automatic DPDK test reports List-Unsubscribe: , List-Archive: List-Post: List-Help: List-Subscribe: , Errors-To: test-report-bounces@dpdk.org Test-Label: iol-unit-amd64-testing Test-Status: FAILURE http://dpdk.org/patch/154801 _Testing issues_ Submitter: Bing Zhao Date: Friday, June 27 2025 16:37:29 DPDK git baseline: Repo:dpdk Branch: master CommitID:5c0c1a13c34aa57c6e18f9ba852a9b5807c58b72 154799-154801 --> testing issues Upstream job id: Generic-Unit-Test-DPDK#350489 Test environment and result as below: +-------------------------------+----------------+ | Environment | dpdk_unit_test | +===============================+================+ | CentOS Stream 9 | WARN | +-------------------------------+----------------+ | CentOS Stream 10 | WARN | +-------------------------------+----------------+ | Debian GNU/Linux 12 | WARN | +-------------------------------+----------------+ | Fedora Linux 40 | WARN | +-------------------------------+----------------+ | Fedora Linux 41 | WARN | +-------------------------------+----------------+ | Ubuntu 24.04 | WARN | +-------------------------------+----------------+ | Ubuntu 20.04 | PEND | +-------------------------------+----------------+ | Red Hat Enterprise Linux 8.10 | PEND | +-------------------------------+----------------+ | Ubuntu 22.04 | PEND | +-------------------------------+----------------+ | Red Hat Enterprise Linux 9.5 | PEND | +-------------------------------+----------------+ | Windows Server 2022 | PASS | +-------------------------------+----------------+ ==== 20 line log output for Ubuntu 24.04 (dpdk_unit_test): ==== ../drivers/net/mlx5/mlx5_devx.c:1671:48: error: 'act_cq_len' may be used uninitialized [-Werror=maybe-uninitialized] 1671 | priv->consec_tx_mem.cq_cur_off += act_cq_len; | ^~ ../drivers/net/mlx5/mlx5_devx.c:1555:18: note: 'act_cq_len' was declared here 1555 | uint32_t act_cq_len, alignment; | ^~~~~~~~~~ In function 'mlx5_txq_create_devx_sq_resources', inlined from 'mlx5_txq_devx_obj_new' at ../drivers/net/mlx5/mlx5_devx.c:1626:8: ../drivers/net/mlx5/mlx5_devx.c:1513:48: error: 'act_sq_len' may be used uninitialized [-Werror=maybe-uninitialized] 1513 | priv->consec_tx_mem.sq_cur_off += act_sq_len; | ^~ ../drivers/net/mlx5/mlx5_devx.c: In function 'mlx5_txq_devx_obj_new': ../drivers/net/mlx5/mlx5_devx.c:1497:18: note: 'act_sq_len' was declared here 1497 | uint32_t act_sq_len, alignment; | ^~~~~~~~~~ cc1: all warnings being treated as errors [1974/3528] Compiling C object drivers/libtmp_rte_net_mlx5.a.p/net_mlx5_mlx5_flow_aso.c.o [1975/3528] Compiling C object drivers/libtmp_rte_net_mlx5.a.p/net_mlx5_mlx5.c.o [1976/3528] Compiling C object drivers/libtmp_rte_net_mlx5.a.p/net_mlx5_mlx5_flow.c.o ninja: build stopped: subcommand failed. ==== End log output ==== CentOS Stream 9 Kernel: 5.15 Compiler: gcc gcc (GCC) 11.5.0 20240719 (Red Hat 11.5.0-7) CentOS Stream 10 Kernel: 5.15 Compiler: gcc gcc (GCC) 14.2.1 20250110 (Red Hat 14.2.1-8) Debian GNU/Linux 12 Kernel: 5.15 Compiler: gcc gcc (Debian 12.2.0-14+deb12u1) 12.2.0 Fedora Linux 40 Kernel: 5.15 Compiler: clang gcc (GCC) 14.2.1 20240912 (Red Hat 14.2.1-3) Fedora Linux 41 Kernel: 5.15 Compiler: clang gcc (GCC) 14.3.1 20250523 (Red Hat 14.3.1-1) Ubuntu 24.04 Kernel: 5.15 Compiler: gcc gcc (Ubuntu 13.3.0-6ubuntu2~24.04) 13.3.0 Ubuntu 20.04 Kernel: 5.15 Compiler: gcc gcc (Ubuntu 9.4.0-1ubuntu1~20.04.2) 9.4.0 Red Hat Enterprise Linux 8.10 Kernel: 5.15 Compiler: gcc gcc (GCC) 8.5.0 20210514 (Red Hat 8.5.0-22) Ubuntu 22.04 Kernel: 5.15 Compiler: gcc gcc (Ubuntu 11.4.0-1ubuntu1~22.04) 11.4.0 Red Hat Enterprise Linux 9.5 Kernel: 5.15 Compiler: gcc gcc (GCC) 11.5.0 20240719 (Red Hat 11.5.0-2) Windows Server 2022 Kernel: 10.0.20348.2031 Compiler: clang 15.0.7, gcc 14.1.0 (MinGW), and MSVC VS 19.39.33521 To view detailed results, visit: https://lab.dpdk.org/results/dashboard/patchsets/33530/ UNH-IOL DPDK Community Lab To manage your email subscriptions, visit: https://lab.dpdk.org/results/dashboard/preferences/subscriptions/