From mboxrd@z Thu Jan 1 00:00:00 1970 Return-Path: Received: from mails.dpdk.org (mails.dpdk.org [217.70.189.124]) by inbox.dpdk.org (Postfix) with ESMTP id 9B45746A80 for ; Sat, 28 Jun 2025 13:04:56 +0200 (CEST) Received: from mails.dpdk.org (localhost [127.0.0.1]) by mails.dpdk.org (Postfix) with ESMTP id 762164026F; Sat, 28 Jun 2025 13:04:56 +0200 (CEST) Received: from mail-io1-f98.google.com (mail-io1-f98.google.com [209.85.166.98]) by mails.dpdk.org (Postfix) with ESMTP id B55D64026F for ; Sat, 28 Jun 2025 13:04:54 +0200 (CEST) Received: by mail-io1-f98.google.com with SMTP id ca18e2360f4ac-8731c4ba046so64202339f.3 for ; Sat, 28 Jun 2025 04:04:54 -0700 (PDT) DKIM-Signature: v=1; a=rsa-sha256; c=relaxed/relaxed; d=iol.unh.edu; s=unh-iol; t=1751108694; x=1751713494; darn=dpdk.org; h=references:in-reply-to:cc:to:from:subject:message-id:date:from:to :cc:subject:date:message-id:reply-to; bh=9fO2E8pw+T/Y/lSEaFhMUYo0m2LpGCn5vM08Yb9eVJA=; b=irWUtVtWG/ICFrS6PXNEAvA/HVh6hnSVDzyRfOe8XRAd1QnerDZS4DkavKToqV/BcB KLUCt5OqurF4vjAcO/DgDSOM0HptIQ4MXx6xvUE+iHdAVuwxmzgB+cEPgDJwRZ5r4eeu Qt0DZWcl7xttQT6Umw4/ydWnBkCWYoGfghny0= X-Google-DKIM-Signature: v=1; a=rsa-sha256; c=relaxed/relaxed; d=1e100.net; s=20230601; t=1751108694; x=1751713494; h=references:in-reply-to:cc:to:from:subject:message-id:date :x-gm-message-state:from:to:cc:subject:date:message-id:reply-to; bh=9fO2E8pw+T/Y/lSEaFhMUYo0m2LpGCn5vM08Yb9eVJA=; b=VLweNfN/OLwsgQTuSiHitWugYQ+7+plydRGJ6wgnBbHxXzEplOHVHEHn4zTzE/SHME yZXM8+e+daeeN/wduQbmkzfxYWKCoYFKGedF2qNUf9mKmnljCYtxChnNRjTDjTjP3HSk MUs+mKq+3p+QoOzSaPdWs1Dz7CbsW2xjIdW7IA0exxXCwfF8uQE6wIgkLjfGYLFoGbjV 0pWh3cFA8AIoz2oSe9OtBi5bmi1rYFsNOpGN6eI/NKOK4ZyP/lPlny5vHVFstyiLCZmC PWiodvyUpl5aATEdsHyqW5PN61Yxjw9pDdUQjDkVWpjBzNA0M3I7zLpgNBCDvco9Hu+p 6aAQ== X-Gm-Message-State: AOJu0YztMyjuvqLZ4GebX7u7o/l1vfO5teCBTREhEK8mlGSUDCaIPDZ9 VzkfzcJ8Cy3IMVd7VlZEdgSONIk/Vw/LyahfrDqku5beqS5Y3XNd208nrDo1BRT+1O0aBLzjSmx kTab6y+vDAVsz13Gltf8BKjY5PqnAjBR6deDgpawUOeCr X-Gm-Gg: ASbGncsxAznMIQTHQzl4TUPqgkHbewXgHJhI7eQnXbIZjkNdiff44Ox9BoiVyqnFIvm 1lcvvbRH95rI3BiV3Vnskz5AwbVeTM6XFVQiyH4UL45o1MbN75AvcA6DVrBk+fceuWtyJ2ctIXF rlJdkU83pSDhxShEU9L2SmwNXrq0TFtD3pZzm1WZQ4eCFxdLdJFn1ABvhYrqJ2AV6yDPI3F/NmQ hHtONDZYjnG6+9vFUaJF41tje1QDHGCQxpFBGWH33+lLd/iS8KAjisAqG93LTQf7eNIJLYKDkjx 5YqkMl8cZHCgSKxcRZBecKHWlrGAnKLBdlJ8z6XdUjUEATr7vRZAV1nYfglSfJG5Q08Fvw== X-Google-Smtp-Source: AGHT+IH0vzPFS8e5np3RyVnFEbKft9dWmaWdakGBF6prEnpPe7rVuY7kXPnpDt9zRpymsttvaKVzE/4Z3PL7 X-Received: by 2002:a05:6602:3a07:b0:873:4807:816e with SMTP id ca18e2360f4ac-876883b1924mr706081739f.13.1751108693862; Sat, 28 Jun 2025 04:04:53 -0700 (PDT) Received: from postal.iol.unh.edu (postal.iol.unh.edu. [132.177.123.84]) by smtp-relay.gmail.com with ESMTPS id ca18e2360f4ac-87687af87bfsm14217739f.19.2025.06.28.04.04.53 (version=TLS1_2 cipher=ECDHE-ECDSA-AES128-GCM-SHA256 bits=128/128); Sat, 28 Jun 2025 04:04:53 -0700 (PDT) X-Relaying-Domain: iol.unh.edu Date: Sat, 28 Jun 2025 04:04:53 -0700 (PDT) Message-ID: <685fcc55.050a0220.1fdce0.75ffSMTPIN_ADDED_MISSING@mx.google.com> Received: from [172.17.0.2] (unknown [172.18.0.76]) by postal.iol.unh.edu (Postfix) with ESMTP id 50D0C6051830; Sat, 28 Jun 2025 07:04:53 -0400 (EDT) Subject: |FAILURE| pw154803 [PATCH] [v1] event/dlb2: add dequeue interrupt mo From: dpdklab@iol.unh.edu To: Test Report Cc: dpdk-test-reports@iol.unh.edu, Pravin Pathak In-Reply-To: <20250628045112.655999-1-pravin.pathak@intel.com> References: <20250628045112.655999-1-pravin.pathak@intel.com> Content-Type: text/plain X-BeenThere: test-report@dpdk.org X-Mailman-Version: 2.1.29 Precedence: list List-Id: automatic DPDK test reports List-Unsubscribe: , List-Archive: List-Post: List-Help: List-Subscribe: , Errors-To: test-report-bounces@dpdk.org Test-Label: iol-compile-amd64-testing Test-Status: FAILURE http://dpdk.org/patch/154803 _Testing issues_ Submitter: Pravin Pathak Date: Saturday, June 28 2025 04:51:12 DPDK git baseline: Repo:dpdk Branch: master CommitID:ff1c2b2f81dba565a5eed8576ca4a7e956fe3886 154803 --> testing issues Upstream job id: Generic-DPDK-Compile-Meson#403178 Test environment and result as below: +-------------------------------+-------------------+--------------------+-------------------------+----------------------+-------------------+------------------+ | Environment | dpdk_msvc_compile | dpdk_meson_compile | dpdk_llvm_clang_compile | dpdk_mingw64_compile | dpdk_compile_spdk | dpdk_compile_ovs | +===============================+===================+====================+=========================+======================+===================+==================+ | Windows Server 2022 | PASS | SKIPPED | PASS | PASS | SKIPPED | SKIPPED | +-------------------------------+-------------------+--------------------+-------------------------+----------------------+-------------------+------------------+ | FreeBSD 14.2 | SKIPPED | PASS | SKIPPED | SKIPPED | SKIPPED | SKIPPED | +-------------------------------+-------------------+--------------------+-------------------------+----------------------+-------------------+------------------+ | Ubuntu 20.04 | SKIPPED | PASS | SKIPPED | SKIPPED | SKIPPED | SKIPPED | +-------------------------------+-------------------+--------------------+-------------------------+----------------------+-------------------+------------------+ | CentOS Stream 9 | SKIPPED | PASS | SKIPPED | SKIPPED | PASS | SKIPPED | +-------------------------------+-------------------+--------------------+-------------------------+----------------------+-------------------+------------------+ | CentOS Stream 10 | SKIPPED | PASS | SKIPPED | SKIPPED | SKIPPED | SKIPPED | +-------------------------------+-------------------+--------------------+-------------------------+----------------------+-------------------+------------------+ | Debian GNU/Linux 12 | SKIPPED | PASS | SKIPPED | SKIPPED | PASS | SKIPPED | +-------------------------------+-------------------+--------------------+-------------------------+----------------------+-------------------+------------------+ | Fedora Linux 40 | SKIPPED | PASS | SKIPPED | SKIPPED | WARN | SKIPPED | +-------------------------------+-------------------+--------------------+-------------------------+----------------------+-------------------+------------------+ | Fedora Linux 41 | SKIPPED | PASS | SKIPPED | SKIPPED | PASS | PASS | +-------------------------------+-------------------+--------------------+-------------------------+----------------------+-------------------+------------------+ | openSUSE Leap 15.6 | SKIPPED | PASS | SKIPPED | SKIPPED | SKIPPED | SKIPPED | +-------------------------------+-------------------+--------------------+-------------------------+----------------------+-------------------+------------------+ | Red Hat Enterprise Linux 8.10 | SKIPPED | PASS | SKIPPED | SKIPPED | SKIPPED | SKIPPED | +-------------------------------+-------------------+--------------------+-------------------------+----------------------+-------------------+------------------+ | Red Hat Enterprise Linux 9.5 | SKIPPED | PASS | SKIPPED | SKIPPED | SKIPPED | SKIPPED | +-------------------------------+-------------------+--------------------+-------------------------+----------------------+-------------------+------------------+ | Ubuntu 22.04 | SKIPPED | PASS | SKIPPED | SKIPPED | PASS | SKIPPED | +-------------------------------+-------------------+--------------------+-------------------------+----------------------+-------------------+------------------+ | Ubuntu 24.04 | SKIPPED | PASS | SKIPPED | SKIPPED | PASS | PASS | +-------------------------------+-------------------+--------------------+-------------------------+----------------------+-------------------+------------------+ | Alpine Linux 3.22.0 | SKIPPED | FAIL | SKIPPED | SKIPPED | SKIPPED | SKIPPED | +-------------------------------+-------------------+--------------------+-------------------------+----------------------+-------------------+------------------+ ==== 20 line log output for Alpine Linux 3.22.0 (dpdk_meson_compile): ==== /usr/include/pthread.h:107:24: note: expected 'pthread_mutex_t *' but argument is of type 'int *' 107 | int pthread_mutex_lock(pthread_mutex_t *); | ^~~~~~~~~~~~~~~~~ ../drivers/event/dlb2/pf/base/dlb2_resource.c:6954:38: error: passing argument 1 of 'pthread_mutex_unlock' from incompatible pointer type [-Wincompatible-pointer-types] 6954 | pthread_mutex_unlock(&intr->mutex); | ^~~~~~~~~~~~ | | | int * /usr/include/pthread.h:108:26: note: expected 'pthread_mutex_t *' but argument is of type 'int *' 108 | int pthread_mutex_unlock(pthread_mutex_t *); | ^~~~~~~~~~~~~~~~~ ../drivers/event/dlb2/pf/base/dlb2_resource.c:7007:30: error: passing argument 1 of 'pthread_mutex_unlock' from incompatible pointer type [-Wincompatible-pointer-types] 7007 | pthread_mutex_unlock(&intr->mutex); | ^~~~~~~~~~~~ | | | int * /usr/include/pthread.h:108:26: note: expected 'pthread_mutex_t *' but argument is of type 'int *' 108 | int pthread_mutex_unlock(pthread_mutex_t *); | ^~~~~~~~~~~~~~~~~ ninja: subcommand failed ==== End log output ==== Windows Server 2022 Kernel: 10.0.20348.2031 Compiler: clang 15.0.7, gcc 14.1.0 (MinGW), and MSVC VS 19.39.33521 FreeBSD 14.2 Kernel: 14.2-RELEASE Compiler: clang 18.1.6 Ubuntu 20.04 Kernel: 4.19 Compiler: gcc gcc (Ubuntu 9.4.0-1ubuntu1~20.04.2) 9.4.0 CentOS Stream 9 Kernel: 5.15 Compiler: gcc gcc (GCC) 11.5.0 20240719 (Red Hat 11.5.0-7) CentOS Stream 10 Kernel: 5.15 Compiler: gcc gcc (GCC) 14.2.1 20250110 (Red Hat 14.2.1-8) Debian GNU/Linux 12 Kernel: 5.15 Compiler: gcc gcc (Debian 12.2.0-14+deb12u1) 12.2.0 Fedora Linux 40 Kernel: 5.15 Compiler: gcc gcc (GCC) 14.2.1 20240912 (Red Hat 14.2.1-3) Fedora Linux 41 Kernel: 5.15 Compiler: clang gcc (GCC) 14.3.1 20250523 (Red Hat 14.3.1-1) openSUSE Leap 15.6 Kernel: 5.15 Compiler: gcc gcc (SUSE Linux) 7.5.0 Red Hat Enterprise Linux 8.10 Kernel: 5.15 Compiler: gcc gcc (GCC) 8.5.0 20210514 (Red Hat 8.5.0-22) Red Hat Enterprise Linux 9.5 Kernel: 5.15 Compiler: gcc gcc (GCC) 11.5.0 20240719 (Red Hat 11.5.0-2) Ubuntu 22.04 Kernel: 5.15 Compiler: gcc gcc (Ubuntu 11.4.0-1ubuntu1~22.04) 11.4.0 Ubuntu 24.04 Kernel: 5.15 Compiler: gcc gcc (Ubuntu 13.3.0-6ubuntu2~24.04) 13.3.0 Alpine Linux 3.22.0 Kernel: 5.15 Compiler: gcc gcc (Alpine 14.2.0) 14.2.0 To view detailed results, visit: https://lab.dpdk.org/results/dashboard/patchsets/33531/ UNH-IOL DPDK Community Lab To manage your email subscriptions, visit: https://lab.dpdk.org/results/dashboard/preferences/subscriptions/