From mboxrd@z Thu Jan 1 00:00:00 1970 Return-Path: Received: from mails.dpdk.org (mails.dpdk.org [217.70.189.124]) by inbox.dpdk.org (Postfix) with ESMTP id 8FDD546A9D for ; Mon, 30 Jun 2025 16:28:28 +0200 (CEST) Received: from mails.dpdk.org (localhost [127.0.0.1]) by mails.dpdk.org (Postfix) with ESMTP id 77A7640291; Mon, 30 Jun 2025 16:28:28 +0200 (CEST) Received: from mail-oa1-f98.google.com (mail-oa1-f98.google.com [209.85.160.98]) by mails.dpdk.org (Postfix) with ESMTP id 3A79940291 for ; Mon, 30 Jun 2025 16:28:27 +0200 (CEST) Received: by mail-oa1-f98.google.com with SMTP id 586e51a60fabf-2ef493de975so1412378fac.1 for ; Mon, 30 Jun 2025 07:28:27 -0700 (PDT) DKIM-Signature: v=1; a=rsa-sha256; c=relaxed/relaxed; d=iol.unh.edu; s=unh-iol; t=1751293706; x=1751898506; darn=dpdk.org; h=references:in-reply-to:cc:to:from:subject:message-id:date:from:to :cc:subject:date:message-id:reply-to; bh=m6LMVrfjwKOSDyEKhFu4/WsrN0kS5v00zCuGwdRZ0+M=; b=AvB8HCTxttfWuRfwUjpxxTgsZke1ASltzRooEuhGjdO4ddcHx96xl/BrsGj6/5dArs IAb3IA3z6RfKDyVOOgCu6UllPGOeJvbPDcRzdqlTQwatgul4F9A5/qlfG5+iGyFCletw lmZKs3f2j99VXDPf+P/NcK/0FvVBoSA1E/gdc= X-Google-DKIM-Signature: v=1; a=rsa-sha256; c=relaxed/relaxed; d=1e100.net; s=20230601; t=1751293706; x=1751898506; h=references:in-reply-to:cc:to:from:subject:message-id:date :x-gm-message-state:from:to:cc:subject:date:message-id:reply-to; bh=m6LMVrfjwKOSDyEKhFu4/WsrN0kS5v00zCuGwdRZ0+M=; b=lZeiehRujhNALWFq6ukn7r6oh+hHt+fP4ncdDpPFEBA0ud/5U4ZWICPTLvQ5D6lojw za3z1LKGUp8BSOWI+F0bmcOQLtEHjqIxBd62qo5Q4iykvZq4YXlXZNv5UJmHdqzfAXVd ePSiGtvlUcXEvrD8aGPkl/clsbXnZeQIF49McTZfvt2SMhxy6RixfL/MQr9k64jIqhRy kE6hkkHkwGZgcKLpmyhzlX+TvzB+vq6QlzCj/IDzlzqGoN1TgBqFaGpvAiXWDX8ppBIH phKlfKSo10cfLVofi1+w9TKdv10a05OGgQNuKBXgwieUCMLygFRKsjsS+BJdiRVUkCWK ISWw== X-Gm-Message-State: AOJu0YyI4azU4xFKuoRTvs5oH1oquuTBGUhX54Kjb8ceXomhw/jDg24r saFbIct+Ah4sZFAByPPRVhTpSfNj429IAVS27WoqmKDcTdaO/xIJWEbSRBpEHn6BWiOngQ/FMG/ /YN3OyHsaJABaPjOv18b1vhgW3KM4QOUSZBNib9CkDPpbJIyZ/2+iK92qL5RO X-Gm-Gg: ASbGncsa6GDT4L1UAI2s1D9hYSmnooX2HxolVffGDw57/JxgrpCEV985yX19P9B9H1O FkV35ARP8t4N+04XZIZ8boGXpRwogUtTlMAyVHvWbY43ZTbAzvNCqMLbmt9E7JPNBrFQKwKjzsY A1fodvfpPyB+ImlgNodmd7Q9PpgF7Ek3IvB3vcZQnwrvBUP/BjYreFGYv58vjsEHRKdi3C+oa4G 8uSInbRu3ah7PU2S0N+C4qfgi3LI7StwrFnLdaAawAIrKvHg4FRJGJFH9Im05VxM289X3eq35YP 2os2V/BsjVySfPDd2FzdFVyuo8jWuHpnqvpyFRAv7qHg1p0= X-Google-Smtp-Source: AGHT+IEBybEqyXJWGgORos5WgKR+93cT9ASixCJCEPrnfbgJJHUyE8c3OEOuU6RHoJeEKcM0CUSakTlLEUf3 X-Received: by 2002:a05:6871:e013:b0:2ef:e6fc:c67e with SMTP id 586e51a60fabf-2efed4c2d59mr8395100fac.11.1751293706341; Mon, 30 Jun 2025 07:28:26 -0700 (PDT) Received: from postal.iol.unh.edu (postal.iol.unh.edu. [2606:4100:3880:1234::84]) by smtp-relay.gmail.com with ESMTPS id 586e51a60fabf-2efd4feb499sm542777fac.28.2025.06.30.07.28.26 (version=TLS1_2 cipher=ECDHE-ECDSA-AES128-GCM-SHA256 bits=128/128); Mon, 30 Jun 2025 07:28:26 -0700 (PDT) X-Relaying-Domain: iol.unh.edu Date: Mon, 30 Jun 2025 07:28:26 -0700 (PDT) Message-ID: <68629f0a.050a0220.f042e.d280SMTPIN_ADDED_MISSING@mx.google.com> Received: from [172.21.0.5] (unknown [172.18.0.240]) by postal.iol.unh.edu (Postfix) with ESMTP id CFED7604D420; Mon, 30 Jun 2025 10:28:25 -0400 (EDT) Subject: |FAILURE| pw154849 [PATCH] node: fix C++ compatibility errors (optio From: dpdklab@iol.unh.edu To: Test Report Cc: dpdk-test-reports@iol.unh.edu, Bruce Richardson In-Reply-To: <20250630105025.2265901-1-bruce.richardson@intel.com> References: <20250630105025.2265901-1-bruce.richardson@intel.com> Content-Type: text/plain X-BeenThere: test-report@dpdk.org X-Mailman-Version: 2.1.29 Precedence: list List-Id: automatic DPDK test reports List-Unsubscribe: , List-Archive: List-Post: List-Help: List-Subscribe: , Errors-To: test-report-bounces@dpdk.org Test-Label: iol-unit-amd64-testing Test-Status: FAILURE http://dpdk.org/patch/154849 _Testing issues_ Submitter: Bruce Richardson Date: Monday, June 30 2025 10:50:14 DPDK git baseline: Repo:dpdk Branch: master CommitID:20460dcffd08a4680f881c39916ae783ee830374 154849 --> testing issues Upstream job id: Generic-Unit-Test-DPDK#351047 Test environment and result as below: +-------------------------------+----------------+ | Environment | dpdk_unit_test | +===============================+================+ | Fedora Linux 40 | PEND | +-------------------------------+----------------+ | CentOS Stream 10 | PASS | +-------------------------------+----------------+ | CentOS Stream 9 | FAIL | +-------------------------------+----------------+ | Debian GNU/Linux 12 | PASS | +-------------------------------+----------------+ | Fedora Linux 41 | PEND | +-------------------------------+----------------+ | Red Hat Enterprise Linux 8.10 | PEND | +-------------------------------+----------------+ | Ubuntu 22.04 | PEND | +-------------------------------+----------------+ | Ubuntu 20.04 | PEND | +-------------------------------+----------------+ | Red Hat Enterprise Linux 9.5 | PEND | +-------------------------------+----------------+ | Ubuntu 24.04 | PEND | +-------------------------------+----------------+ ==== Unit test summary for CentOS Stream 9 (dpdk_unit_test): ==== ninja: Entering directory `/root/workspace/Generic-Unit-Test-DPDK/dpdk/build' ninja: no work to do. 1/121 DPDK:fast-tests / acl_autotest OK 5.73s 2/121 DPDK:fast-tests / alarm_autotest OK 1.22s 3/121 DPDK:fast-tests / argparse_autotest OK 0.31s 4/121 DPDK:fast-tests / atomic_autotest OK 1.05s 5/121 DPDK:fast-tests / bitcount_autotest OK 0.32s 6/121 DPDK:fast-tests / bitmap_autotest OK 0.19s 7/121 DPDK:fast-tests / bitops_autotest OK 2.59s 8/121 DPDK:fast-tests / bitratestats_autotest OK 0.24s 9/121 DPDK:fast-tests / bitset_autotest OK 3.89s 10/121 DPDK:fast-tests / bpf_autotest OK 0.35s 11/121 DPDK:fast-tests / bpf_convert_autotest OK 0.60s 12/121 DPDK:fast-tests / byteorder_autotest OK 0.17s 13/121 DPDK:fast-tests / cfgfile_autotest OK 0.21s 14/121 DPDK:fast-tests / cksum_autotest OK 0.17s 15/121 DPDK:fast-tests / cmdline_autotest OK 0.19s 16/121 DPDK:fast-tests / common_autotest OK 0.48s 17/121 DPDK:fast-tests / compressdev_autotest SKIP 0.14s exit status 77 18/121 DPDK:fast-tests / cpuflags_autotest OK 0.23s 19/121 DPDK:fast-tests / crc_autotest OK 0.33s 20/121 DPDK:fast-tests / user_delay_us OK 0.27s 21/121 DPDK:fast-tests / debug_autotest OK 1.99s 22/121 DPDK:fast-tests / devargs_autotest OK 0.43s 23/121 DPDK:fast-tests / dispatcher_autotest SKIP 0.23s exit status 77 24/121 DPDK:fast-tests / distributor_autotest OK 1.66s 25/121 DPDK:fast-tests / eal_flags_c_opt_autotest OK 1.82s 26/121 DPDK:fast-tests / eal_flags_main_opt_autotest OK 0.66s 27/121 DPDK:fast-tests / eal_flags_n_opt_autotest OK 1.11s 28/121 DPDK:fast-tests / eal_flags_hpet_autotest OK 0.34s 29/121 DPDK:fast-tests / eal_flags_no_huge_autotest OK 0.70s 30/121 DPDK:fast-tests / eal_flags_a_opt_autotest OK 0.68s 31/121 DPDK:fast-tests / eal_flags_b_opt_autotest OK 0.59s 32/121 DPDK:fast-tests / eal_flags_vdev_opt_autotest OK 0.68s 33/121 DPDK:fast-tests / eal_flags_r_opt_autotest OK 0.26s 34/121 DPDK:fast-tests / eal_flags_mem_autotest OK 1.61s 35/121 DPDK:fast-tests / eal_flags_file_prefix_autotest OK 7.66s 36/121 DPDK:fast-tests / eal_flags_misc_autotest OK 3.41s 37/121 DPDK:fast-tests / eal_fs_autotest OK 0.40s 38/121 DPDK:fast-tests / errno_autotest OK 0.38s 39/121 DPDK:fast-tests / ethdev_link_status OK 0.42s 40/121 DPDK:fast-tests / event_eth_tx_adapter_autotest OK 0.83s 41/121 DPDK:fast-tests / event_ring_autotest OK 0.18s 42/121 DPDK:fast-tests / event_vector_adapter_autotest FAIL 2.70s (exit status 255 or signal 127 SIGinvalid) >>> DPDK_TEST=event_vector_adapter_autotest MALLOC_PERTURB_=17 /root/workspace/Generic-Unit-Test-DPDK/dpdk/build/app/dpdk-test --no-huge -m 2048 43/121 DPDK:fast-tests / eventdev_common_autotest OK 0.18s 44/121 DPDK:fast-tests / eventdev_selftest_sw OK 0.22s 45/121 DPDK:fast-tests / fbarray_autotest OK 0.22s 46/121 DPDK:fast-tests / fib_autotest OK 2.63s 47/121 DPDK:fast-tests / fib6_autotest OK 2.38s 48/121 DPDK:fast-tests / func_reentrancy_autotest OK 1.18s 49/121 DPDK:fast-tests / graph_autotest OK 0.30s 50/121 DPDK:fast-tests / node_list_dump OK 0.17s 51/121 DPDK:fast-tests / graph_feature_arc_autotest OK 0.16s 52/121 DPDK:fast-tests / hash_autotest OK 0.37s 53/121 DPDK:fast-tests / hash_readwrite_func_autotest SKIP 0.17s exit status 77 54/121 DPDK:fast-tests / interrupt_autotest OK 1.20s 55/121 DPDK:fast-tests / ipfrag_autotest OK 0.27s 56/121 DPDK:fast-tests / ipsec_autotest SKIP 0.26s exit status 77 57/121 DPDK:fast-tests / kvargs_autotest OK 0.51s 58/121 DPDK:fast-tests / latencystats_autotest OK 0.24s 59/121 DPDK:fast-tests / lcore_var_autotest OK 0.89s 60/121 DPDK:fast-tests / lcores_autotest OK 3.72s 61/121 DPDK:fast-tests / logs_autotest OK 0.16s 62/121 DPDK:fast-tests / lpm_autotest OK 3.41s 63/121 DPDK:fast-tests / lpm6_autotest OK 4.54s 64/121 DPDK:fast-tests / malloc_autotest OK 0.80s 65/121 DPDK:fast-tests / mbuf_autotest OK 0.19s 66/121 DPDK:fast-tests / mcslock_autotest OK 0.82s 67/121 DPDK:fast-tests / member_autotest OK 1.44s 68/121 DPDK:fast-tests / memcpy_autotest OK 3.46s 69/121 DPDK:fast-tests / memory_autotest OK 0.18s 70/121 DPDK:fast-tests / mempool_autotest OK 0.45s 71/121 DPDK:fast-tests / memzone_autotest OK 0.30s 72/121 DPDK:fast-tests / meter_autotest OK 0.33s 73/121 DPDK:fast-tests / metrics_autotest OK 0.22s 74/121 DPDK:fast-tests / multiprocess_autotest OK 0.94s 75/121 DPDK:fast-tests / net_ether_autotest OK 1.07s 76/121 DPDK:fast-tests / net_ipv6_autotest OK 0.30s 77/121 DPDK:fast-tests / pcapng_autotest OK 9.64s 78/121 DPDK:fast-tests / pdcp_autotest SKIP 0.63s exit status 77 79/121 DPDK:fast-tests / pdump_autotest OK 1.00s 80/121 DPDK:fast-tests / per_lcore_autotest OK 0.39s 81/121 DPDK:fast-tests / pflock_autotest OK 1.60s 82/121 DPDK:fast-tests / pie_autotest OK 0.17s 83/121 DPDK:fast-tests / ring_pmd_autotest OK 0.24s 84/121 DPDK:fast-tests / power_autotest OK 0.26s 85/121 DPDK:fast-tests / power_cpufreq_autotest SKIP 0.30s exit status 77 86/121 DPDK:fast-tests / power_intel_uncore_autotest SKIP 0.20s exit status 77 87/121 DPDK:fast-tests / power_kvm_vm_autotest SKIP 0.16s exit status 77 88/121 DPDK:fast-tests / prefetch_autotest OK 0.34s 89/121 DPDK:fast-tests / ptr_compress_autotest OK 0.30s 90/121 DPDK:fast-tests / rawdev_autotest OK 0.47s 91/121 DPDK:fast-tests / rcu_qsbr_autotest OK 0.57s 92/121 DPDK:fast-tests / reorder_autotest OK 0.63s 93/121 DPDK:fast-tests / rib_autotest OK 6.99s 94/121 DPDK:fast-tests / rib6_autotest OK 11.41s 95/121 DPDK:fast-tests / ring_autotest OK 0.21s 96/121 DPDK:fast-tests / rwlock_test1_autotest OK 0.57s 97/121 DPDK:fast-tests / rwlock_rda_autotest OK 5.33s 98/121 DPDK:fast-tests / rwlock_rds_wrm_autotest OK 5.37s 99/121 DPDK:fast-tests / rwlock_rde_wro_autotest OK 5.63s 100/121 DPDK:fast-tests / sched_autotest OK 0.30s 101/121 DPDK:fast-tests / security_autotest OK 0.19s 102/121 DPDK:fast-tests / seqlock_autotest SKIP 0.36s exit status 77 103/121 DPDK:fast-tests / service_autotest OK 0.29s 104/121 DPDK:fast-tests / soring_autotest OK 0.26s 105/121 DPDK:fast-tests / spinlock_autotest OK 0.31s 106/121 DPDK:fast-tests / stack_autotest OK 0.21s 107/121 DPDK:fast-tests / stack_lf_autotest OK 0.38s 108/121 DPDK:fast-tests / string_autotest OK 0.41s 109/121 DPDK:fast-tests / table_autotest OK 9.25s 110/121 DPDK:fast-tests / tailq_autotest OK 0.17s 111/121 DPDK:fast-tests / telemetry_data_autotest OK 0.16s 112/121 DPDK:fast-tests / telemetry_json_autotest OK 0.17s 113/121 DPDK:fast-tests / thash_autotest OK 0.20s 114/121 DPDK:fast-tests / threads_autotest OK 0.32s 115/121 DPDK:fast-tests / ticketlock_autotest OK 0.18s 116/121 DPDK:fast-tests / timer_autotest OK 2.56s 117/121 DPDK:fast-tests / trace_autotest OK 0.20s 118/121 DPDK:fast-tests / trace_autotest_with_traces OK 0.19s 119/121 DPDK:fast-tests / vdev_autotest OK 0.18s 120/121 DPDK:fast-tests / version_autotest OK 0.19s 121/121 DPDK:fast-tests / telemetry_all SKIP 0.06s exit status 77 Ok: 110 Expected Fail: 0 Fail: 1 Unexpected Pass: 0 Skipped: 10 Timeout: 0 Full log written to /root/workspace/Generic-Unit-Test-DPDK/dpdk/build/meson-logs/testlog.txt Test log output from the failed test event_vector_adapter_autotest: Sorry, we were not able to find the logs for this test. Download the log output from the CI site for this test run. ==== End log output ==== Fedora Linux 40 Kernel: 5.15 Compiler: gcc gcc (GCC) 14.2.1 20240912 (Red Hat 14.2.1-3) CentOS Stream 10 Kernel: 5.15 Compiler: gcc gcc (GCC) 14.2.1 20250110 (Red Hat 14.2.1-8) CentOS Stream 9 Kernel: 5.15 Compiler: gcc gcc (GCC) 11.5.0 20240719 (Red Hat 11.5.0-7) Debian GNU/Linux 12 Kernel: 5.15 Compiler: gcc gcc (Debian 12.2.0-14+deb12u1) 12.2.0 Fedora Linux 41 Kernel: 5.15 Compiler: clang gcc (GCC) 14.3.1 20250523 (Red Hat 14.3.1-1) Red Hat Enterprise Linux 8.10 Kernel: 5.15 Compiler: gcc gcc (GCC) 8.5.0 20210514 (Red Hat 8.5.0-22) Ubuntu 22.04 Kernel: 5.15 Compiler: gcc gcc (Ubuntu 11.4.0-1ubuntu1~22.04) 11.4.0 Ubuntu 20.04 Kernel: 5.15 Compiler: gcc gcc (Ubuntu 9.4.0-1ubuntu1~20.04.2) 9.4.0 Red Hat Enterprise Linux 9.5 Kernel: 5.15 Compiler: gcc gcc (GCC) 11.5.0 20240719 (Red Hat 11.5.0-2) Ubuntu 24.04 Kernel: 5.15 Compiler: gcc gcc (Ubuntu 13.3.0-6ubuntu2~24.04) 13.3.0 To view detailed results, visit: https://lab.dpdk.org/results/dashboard/patchsets/33542/ UNH-IOL DPDK Community Lab To manage your email subscriptions, visit: https://lab.dpdk.org/results/dashboard/preferences/subscriptions/