automatic DPDK test reports
 help / color / mirror / Atom feed
From: dpdklab@iol.unh.edu
To: Test Report <test-report@dpdk.org>
Cc: dpdk-test-reports@iol.unh.edu
Subject: |PENDING| pw154848 [PATCH] node: fix C++ compatibility errors (optio
Date: Mon, 30 Jun 2025 08:17:08 -0700 (PDT)	[thread overview]
Message-ID: <6862aa74.170a0220.1fd85d.81bfSMTPIN_ADDED_MISSING@mx.google.com> (raw)
In-Reply-To: <20250630104939.2265866-2-bruce.richardson@intel.com>

Test-Label: iol-unit-arm64-testing
Test-Status: PENDING
http://dpdk.org/patch/154848

_Testing pending_

Submitter: Bruce Richardson <bruce.richardson@intel.com>
Date: Monday, June 30 2025 10:49:40 
DPDK git baseline: Repo:dpdk
  Branch: master
  CommitID:20460dcffd08a4680f881c39916ae783ee830374

154848 --> testing pending

Upstream job id: Generic-Unit-Test-DPDK#351074

Test environment and result as below:

+------------------------------+----------------+--------------+---------------------------+------------------------------+
|         Environment          | dpdk_unit_test | lpm_autotest | cryptodev_sw_zuc_autotest | cryptodev_sw_snow3g_autotest |
+==============================+================+==============+===========================+==============================+
| CentOS Stream 9              | PASS           | SKIPPED      | SKIPPED                   | SKIPPED                      |
+------------------------------+----------------+--------------+---------------------------+------------------------------+
| Debian GNU/Linux 12          | PEND           | SKIPPED      | SKIPPED                   | SKIPPED                      |
+------------------------------+----------------+--------------+---------------------------+------------------------------+
| CentOS Stream 10             | PEND           | SKIPPED      | SKIPPED                   | SKIPPED                      |
+------------------------------+----------------+--------------+---------------------------+------------------------------+
| Fedora Linux 40              | PEND           | SKIPPED      | SKIPPED                   | SKIPPED                      |
+------------------------------+----------------+--------------+---------------------------+------------------------------+
| Fedora Linux 41              | PEND           | SKIPPED      | SKIPPED                   | SKIPPED                      |
+------------------------------+----------------+--------------+---------------------------+------------------------------+
| Red Hat Enterprise Linux 9.5 | PEND           | SKIPPED      | SKIPPED                   | SKIPPED                      |
+------------------------------+----------------+--------------+---------------------------+------------------------------+
| Ubuntu 20.04                 | PEND           | PEND         | SKIPPED                   | SKIPPED                      |
+------------------------------+----------------+--------------+---------------------------+------------------------------+
| Ubuntu 22.04                 | PEND           | SKIPPED      | SKIPPED                   | SKIPPED                      |
+------------------------------+----------------+--------------+---------------------------+------------------------------+
| Ubuntu 24.04                 | PEND           | SKIPPED      | SKIPPED                   | SKIPPED                      |
+------------------------------+----------------+--------------+---------------------------+------------------------------+
| Debian 12 (arm)              | SKIPPED        | SKIPPED      | PEND                      | PEND                         |
+------------------------------+----------------+--------------+---------------------------+------------------------------+


CentOS Stream 9
	Kernel: 5.4
	Compiler: gcc gcc (GCC) 11.5.0 20240719 (Red Hat 11.5.0-7)

Debian GNU/Linux 12
	Kernel: 5.4
	Compiler: gcc gcc (Debian 12.2.0-14+deb12u1) 12.2.0

CentOS Stream 10
	Kernel: 5.4
	Compiler: gcc gcc (GCC) 14.2.1 20250110 (Red Hat 14.2.1-8)

Fedora Linux 40
	Kernel: 5.4
	Compiler: clang gcc (GCC) 14.2.1 20240912 (Red Hat 14.2.1-3)

Fedora Linux 41
	Kernel: 5.4
	Compiler: clang gcc (GCC) 14.3.1 20250523 (Red Hat 14.3.1-1)

Red Hat Enterprise Linux 9.5
	Kernel: 5.4
	Compiler: gcc gcc (GCC) 11.5.0 20240719 (Red Hat 11.5.0-2)

Ubuntu 20.04
	Kernel: 5.4
	Compiler: gcc gcc (Ubuntu 9.4.0-1ubuntu1~20.04.2) 9.4.0

Ubuntu 22.04
	Kernel: 5.4
	Compiler: gcc gcc (Ubuntu 11.4.0-1ubuntu1~22.04) 11.4.0

Ubuntu 24.04
	Kernel: 5.4
	Compiler: gcc gcc (Ubuntu 13.3.0-6ubuntu2~24.04) 13.3.0

Debian 12 (arm)
	Kernel: Depends on container host
	Compiler: gcc (Debian 12.2.0-14) 12.2.0

To view detailed results, visit:
https://lab.dpdk.org/results/dashboard/patchsets/33541/

UNH-IOL DPDK Community Lab

To manage your email subscriptions, visit: 
https://lab.dpdk.org/results/dashboard/preferences/subscriptions/

  parent reply	other threads:[~2025-06-30 15:17 UTC|newest]

Thread overview: 33+ messages / expand[flat|nested]  mbox.gz  Atom feed  top
     [not found] <20250630104939.2265866-2-bruce.richardson@intel.com>
2025-06-30 10:31 ` |SUCCESS| pw154848 [PATCH] node: fix C++ compatibility errors (option 1) qemudev
2025-06-30 10:36 ` qemudev
2025-06-30 10:50 ` |WARNING| pw154848 [PATCH] node: fix C++ compatibility errors option 1 checkpatch
2025-06-30 12:03 ` |SUCCESS| pw154848 [PATCH] node: fix C++ compatibility errors (option 1) 0-day Robot
2025-06-30 13:47 ` |SUCCESS| pw154848 [PATCH] node: fix C++ compatibility errors (optio dpdklab
2025-06-30 13:47 ` dpdklab
2025-06-30 13:50 ` |FAILURE| " dpdklab
2025-06-30 13:57 ` |SUCCESS| " dpdklab
2025-06-30 14:01 ` dpdklab
2025-06-30 14:10 ` dpdklab
2025-06-30 14:22 ` dpdklab
2025-06-30 14:56 ` |PENDING| " dpdklab
2025-06-30 15:17 ` dpdklab [this message]
2025-06-30 15:17 ` dpdklab
2025-06-30 15:27 ` dpdklab
2025-06-30 16:03 ` dpdklab
2025-06-30 16:11 ` |FAILURE| " dpdklab
2025-06-30 16:16 ` dpdklab
2025-06-30 16:17 ` dpdklab
2025-06-30 17:16 ` |SUCCESS| " dpdklab
2025-06-30 17:24 ` dpdklab
2025-06-30 18:32 ` dpdklab
2025-06-30 18:33 ` dpdklab
2025-06-30 18:33 ` dpdklab
2025-06-30 18:34 ` |WARNING| " dpdklab
2025-06-30 18:35 ` dpdklab
2025-06-30 19:18 ` dpdklab
2025-06-30 19:18 ` dpdklab
2025-06-30 19:19 ` dpdklab
2025-06-30 19:20 ` dpdklab
2025-06-30 19:20 ` dpdklab
2025-06-30 19:21 ` dpdklab
2025-06-30 23:56 ` |SUCCESS| " dpdklab

Reply instructions:

You may reply publicly to this message via plain-text email
using any one of the following methods:

* Save the following mbox file, import it into your mail client,
  and reply-to-all from there: mbox

  Avoid top-posting and favor interleaved quoting:
  https://en.wikipedia.org/wiki/Posting_style#Interleaved_style

* Reply using the --to, --cc, and --in-reply-to
  switches of git-send-email(1):

  git send-email \
    --in-reply-to=6862aa74.170a0220.1fd85d.81bfSMTPIN_ADDED_MISSING@mx.google.com \
    --to=dpdklab@iol.unh.edu \
    --cc=dpdk-test-reports@iol.unh.edu \
    --cc=test-report@dpdk.org \
    /path/to/YOUR_REPLY

  https://kernel.org/pub/software/scm/git/docs/git-send-email.html

* If your mail client supports setting the In-Reply-To header
  via mailto: links, try the mailto: link
Be sure your reply has a Subject: header at the top and a blank line before the message body.
This is a public inbox, see mirroring instructions
for how to clone and mirror all data and code used for this inbox;
as well as URLs for NNTP newsgroup(s).