automatic DPDK test reports
 help / color / mirror / Atom feed
From: dpdklab@iol.unh.edu
To: Test Report <test-report@dpdk.org>
Cc: dpdk-test-reports@iol.unh.edu
Subject: |WARNING| pw154848 [PATCH] node: fix C++ compatibility errors (optio
Date: Mon, 30 Jun 2025 12:20:22 -0700 (PDT)	[thread overview]
Message-ID: <6862e376.050a0220.c2a5f.b543SMTPIN_ADDED_MISSING@mx.google.com> (raw)
In-Reply-To: <20250630104939.2265866-2-bruce.richardson@intel.com>

Test-Label: iol-compile-amd64-testing
Test-Status: WARNING
http://dpdk.org/patch/154848

_Testing issues_

Submitter: Bruce Richardson <bruce.richardson@intel.com>
Date: Monday, June 30 2025 10:49:40 
DPDK git baseline: Repo:dpdk
  Branch: master
  CommitID:20460dcffd08a4680f881c39916ae783ee830374

154848 --> testing issues

Upstream job id: Generic-DPDK-Compile-Meson#403743

Test environment and result as below:

+-------------------------------+--------------------+-------------------+-------------------+------------------+-------------------------+----------------------+
|          Environment          | dpdk_meson_compile | dpdk_msvc_compile | dpdk_compile_spdk | dpdk_compile_ovs | dpdk_llvm_clang_compile | dpdk_mingw64_compile |
+===============================+====================+===================+===================+==================+=========================+======================+
| FreeBSD 14.2                  | PASS               | SKIPPED           | SKIPPED           | SKIPPED          | SKIPPED                 | SKIPPED              |
+-------------------------------+--------------------+-------------------+-------------------+------------------+-------------------------+----------------------+
| Ubuntu 20.04                  | PASS               | SKIPPED           | SKIPPED           | SKIPPED          | SKIPPED                 | SKIPPED              |
+-------------------------------+--------------------+-------------------+-------------------+------------------+-------------------------+----------------------+
| CentOS Stream 9               | PASS               | SKIPPED           | PASS              | SKIPPED          | SKIPPED                 | SKIPPED              |
+-------------------------------+--------------------+-------------------+-------------------+------------------+-------------------------+----------------------+
| CentOS Stream 10              | PASS               | SKIPPED           | SKIPPED           | SKIPPED          | SKIPPED                 | SKIPPED              |
+-------------------------------+--------------------+-------------------+-------------------+------------------+-------------------------+----------------------+
| Debian GNU/Linux 12           | PASS               | SKIPPED           | PASS              | SKIPPED          | SKIPPED                 | SKIPPED              |
+-------------------------------+--------------------+-------------------+-------------------+------------------+-------------------------+----------------------+
| Fedora Linux 40               | PASS               | SKIPPED           | PASS              | SKIPPED          | SKIPPED                 | SKIPPED              |
+-------------------------------+--------------------+-------------------+-------------------+------------------+-------------------------+----------------------+
| Fedora Linux 41               | PASS               | SKIPPED           | PASS              | PASS             | SKIPPED                 | SKIPPED              |
+-------------------------------+--------------------+-------------------+-------------------+------------------+-------------------------+----------------------+
| openSUSE Leap 15.6            | PASS               | SKIPPED           | SKIPPED           | SKIPPED          | SKIPPED                 | SKIPPED              |
+-------------------------------+--------------------+-------------------+-------------------+------------------+-------------------------+----------------------+
| Red Hat Enterprise Linux 8.10 | PASS               | SKIPPED           | SKIPPED           | SKIPPED          | SKIPPED                 | SKIPPED              |
+-------------------------------+--------------------+-------------------+-------------------+------------------+-------------------------+----------------------+
| Red Hat Enterprise Linux 9.5  | PASS               | SKIPPED           | SKIPPED           | SKIPPED          | SKIPPED                 | SKIPPED              |
+-------------------------------+--------------------+-------------------+-------------------+------------------+-------------------------+----------------------+
| Ubuntu 22.04                  | PASS               | SKIPPED           | PASS              | SKIPPED          | SKIPPED                 | SKIPPED              |
+-------------------------------+--------------------+-------------------+-------------------+------------------+-------------------------+----------------------+
| Ubuntu 24.04                  | PASS               | SKIPPED           | PASS              | PASS             | SKIPPED                 | SKIPPED              |
+-------------------------------+--------------------+-------------------+-------------------+------------------+-------------------------+----------------------+
| Alpine Linux 3.22.0           | PASS               | SKIPPED           | SKIPPED           | SKIPPED          | SKIPPED                 | SKIPPED              |
+-------------------------------+--------------------+-------------------+-------------------+------------------+-------------------------+----------------------+
| Windows Server 2022           | SKIPPED            | PASS              | SKIPPED           | SKIPPED          | PASS                    | PASS                 |
+-------------------------------+--------------------+-------------------+-------------------+------------------+-------------------------+----------------------+


FreeBSD 14.2
	Kernel: 14.2-RELEASE
	Compiler: clang 18.1.6

Ubuntu 20.04
	Kernel: 4.19
	Compiler: gcc gcc (Ubuntu 9.4.0-1ubuntu1~20.04.2) 9.4.0

CentOS Stream 9
	Kernel: 5.15
	Compiler: gcc gcc (GCC) 11.5.0 20240719 (Red Hat 11.5.0-7)

CentOS Stream 10
	Kernel: 5.15
	Compiler: gcc gcc (GCC) 14.2.1 20250110 (Red Hat 14.2.1-8)

Debian GNU/Linux 12
	Kernel: 5.15
	Compiler: gcc gcc (Debian 12.2.0-14+deb12u1) 12.2.0

Fedora Linux 40
	Kernel: 5.15
	Compiler: clang gcc (GCC) 14.2.1 20240912 (Red Hat 14.2.1-3)

Fedora Linux 41
	Kernel: 5.15
	Compiler: clang gcc (GCC) 14.3.1 20250523 (Red Hat 14.3.1-1)

openSUSE Leap 15.6
	Kernel: 5.15
	Compiler: gcc gcc (SUSE Linux) 7.5.0

Red Hat Enterprise Linux 8.10
	Kernel: 5.15
	Compiler: gcc gcc (GCC) 8.5.0 20210514 (Red Hat 8.5.0-22)

Red Hat Enterprise Linux 9.5
	Kernel: 5.15
	Compiler: gcc gcc (GCC) 11.5.0 20240719 (Red Hat 11.5.0-2)

Ubuntu 22.04
	Kernel: 5.15
	Compiler: gcc gcc (Ubuntu 11.4.0-1ubuntu1~22.04) 11.4.0

Ubuntu 24.04
	Kernel: 5.15
	Compiler: gcc gcc (Ubuntu 13.3.0-6ubuntu2~24.04) 13.3.0

Alpine Linux 3.22.0
	Kernel: 5.15
	Compiler: gcc gcc (Alpine 14.2.0) 14.2.0

Windows Server 2022
	Kernel: 10.0.20348.2031
	Compiler: clang 15.0.7, gcc 14.1.0 (MinGW), and MSVC VS 19.39.33521

To view detailed results, visit:
https://lab.dpdk.org/results/dashboard/patchsets/33541/

UNH-IOL DPDK Community Lab

To manage your email subscriptions, visit: 
https://lab.dpdk.org/results/dashboard/preferences/subscriptions/

  parent reply	other threads:[~2025-06-30 19:20 UTC|newest]

Thread overview: 33+ messages / expand[flat|nested]  mbox.gz  Atom feed  top
     [not found] <20250630104939.2265866-2-bruce.richardson@intel.com>
2025-06-30 10:31 ` |SUCCESS| pw154848 [PATCH] node: fix C++ compatibility errors (option 1) qemudev
2025-06-30 10:36 ` qemudev
2025-06-30 10:50 ` |WARNING| pw154848 [PATCH] node: fix C++ compatibility errors option 1 checkpatch
2025-06-30 12:03 ` |SUCCESS| pw154848 [PATCH] node: fix C++ compatibility errors (option 1) 0-day Robot
2025-06-30 13:47 ` |SUCCESS| pw154848 [PATCH] node: fix C++ compatibility errors (optio dpdklab
2025-06-30 13:47 ` dpdklab
2025-06-30 13:50 ` |FAILURE| " dpdklab
2025-06-30 13:57 ` |SUCCESS| " dpdklab
2025-06-30 14:01 ` dpdklab
2025-06-30 14:10 ` dpdklab
2025-06-30 14:22 ` dpdklab
2025-06-30 14:56 ` |PENDING| " dpdklab
2025-06-30 15:17 ` dpdklab
2025-06-30 15:17 ` dpdklab
2025-06-30 15:27 ` dpdklab
2025-06-30 16:03 ` dpdklab
2025-06-30 16:11 ` |FAILURE| " dpdklab
2025-06-30 16:16 ` dpdklab
2025-06-30 16:17 ` dpdklab
2025-06-30 17:16 ` |SUCCESS| " dpdklab
2025-06-30 17:24 ` dpdklab
2025-06-30 18:32 ` dpdklab
2025-06-30 18:33 ` dpdklab
2025-06-30 18:33 ` dpdklab
2025-06-30 18:34 ` |WARNING| " dpdklab
2025-06-30 18:35 ` dpdklab
2025-06-30 19:18 ` dpdklab
2025-06-30 19:18 ` dpdklab
2025-06-30 19:19 ` dpdklab
2025-06-30 19:20 ` dpdklab [this message]
2025-06-30 19:20 ` dpdklab
2025-06-30 19:21 ` dpdklab
2025-06-30 23:56 ` |SUCCESS| " dpdklab

Reply instructions:

You may reply publicly to this message via plain-text email
using any one of the following methods:

* Save the following mbox file, import it into your mail client,
  and reply-to-all from there: mbox

  Avoid top-posting and favor interleaved quoting:
  https://en.wikipedia.org/wiki/Posting_style#Interleaved_style

* Reply using the --to, --cc, and --in-reply-to
  switches of git-send-email(1):

  git send-email \
    --in-reply-to=6862e376.050a0220.c2a5f.b543SMTPIN_ADDED_MISSING@mx.google.com \
    --to=dpdklab@iol.unh.edu \
    --cc=dpdk-test-reports@iol.unh.edu \
    --cc=test-report@dpdk.org \
    /path/to/YOUR_REPLY

  https://kernel.org/pub/software/scm/git/docs/git-send-email.html

* If your mail client supports setting the In-Reply-To header
  via mailto: links, try the mailto: link
Be sure your reply has a Subject: header at the top and a blank line before the message body.
This is a public inbox, see mirroring instructions
for how to clone and mirror all data and code used for this inbox;
as well as URLs for NNTP newsgroup(s).