From mboxrd@z Thu Jan 1 00:00:00 1970 Return-Path: Received: from mails.dpdk.org (mails.dpdk.org [217.70.189.124]) by inbox.dpdk.org (Postfix) with ESMTP id 472F846A23 for ; Mon, 30 Jun 2025 22:38:52 +0200 (CEST) Received: from mails.dpdk.org (localhost [127.0.0.1]) by mails.dpdk.org (Postfix) with ESMTP id 359304025D; Mon, 30 Jun 2025 22:38:52 +0200 (CEST) Received: from mail-io1-f100.google.com (mail-io1-f100.google.com [209.85.166.100]) by mails.dpdk.org (Postfix) with ESMTP id 8C4BD4025D for ; Mon, 30 Jun 2025 22:38:51 +0200 (CEST) Received: by mail-io1-f100.google.com with SMTP id ca18e2360f4ac-87611ac3456so88295839f.0 for ; Mon, 30 Jun 2025 13:38:51 -0700 (PDT) DKIM-Signature: v=1; a=rsa-sha256; c=relaxed/relaxed; d=iol.unh.edu; s=unh-iol; t=1751315931; x=1751920731; darn=dpdk.org; h=references:in-reply-to:cc:to:from:subject:message-id:date:from:to :cc:subject:date:message-id:reply-to; bh=T39LgHwpQoAjEZF+iEkw0H4rqX6AqO7IrLRLr/V7IEQ=; b=ZoY94dyMcNDCre/qiQUUMbPqKmg8iu46qo45D0QsVnyrgTcC5hCsiKUqA8u2xZl/Bz w5rRiL/fu7zpYgD4h5oqKvFWHnEFisXJzqXwkTB0TrrDrRggwhj2ZB7GWbnLbhAHX5R3 xuK8dSHGJQC+ofBC0NZZjVf1eARCEilclG/uc= X-Google-DKIM-Signature: v=1; a=rsa-sha256; c=relaxed/relaxed; d=1e100.net; s=20230601; t=1751315931; x=1751920731; h=references:in-reply-to:cc:to:from:subject:message-id:date :x-gm-message-state:from:to:cc:subject:date:message-id:reply-to; bh=T39LgHwpQoAjEZF+iEkw0H4rqX6AqO7IrLRLr/V7IEQ=; b=F3D8hTnd2mS3NOjyRUuTYq1LKTI6nTgniZ6YsDjzl4xL/MqQF7u82T7J/lDrm/NDOt q7c2UrJtIiNfFXU5VcHUd+k4ZPK3IaTizKFjUMRtO6XznxWYKWaf9dOlp/FSP5y3xtV1 nnz8o/q2ftjJzkA6Yqwwg3d+1dRsIhyiyWtWQXE+K5/qyHINdU6CWnltZihwoLQBZIyZ TUO00e8xAN7+9zUJ7/MkmbdzDLktxO0PzfyKvReQNfFA40BOmHRZqYH5EdEYybbT5Yue WnApFocSTV6723U4Khvb1qOX/d/FYt4gtv5v5D7V/MXr3zpjljdqqpsuYe2B656rjDS/ VaVg== X-Gm-Message-State: AOJu0Yx5nEHfuKzAYPq/XmEquZNzmC1HTnLtdPbqYxKMPRjPKtz1cFhd rWHNjWaEnTJ7/qYh/I35oIsDmFMR+lXEZQ8sXMbLUr5I2BAYdQQX1naKie462h1HD0J4E6P5oKP iYAqUBGad37v7Zj0eNGGi5gFG45DEIdFu6jSqf7BG1CJsUAiTwnZJlthU4MoH X-Gm-Gg: ASbGncsX2bMEkqIfUiqfiP8B+jjMnBDLZtmM4Q1agwqGqf5zmpOclKY1flXwvsNnutn FCKOdEdcqhbK68uCCHUn+jJdQvar62NMVDjixJulk49yAcS069InxXFfXeK0neRHSrn/4xlo/8g JB7CSU7ZlGUV8vycVcpiZaZ+s06plVD9oyV0qNEa+4pNV4CTui+SBv1ahug821Py18SQV0yg6jK XiJcw3DYUhC2L3y+R6sKpzpr/OLPlj04l65Qbn5gVDqD3DP7MHAbE1oFKp4hUfajRPVLQ3+ikXz SL+Az1NaitIVlw3Rvzn4ZvlewHDRAbQqw6FGmw5+Nb6SPGc= X-Google-Smtp-Source: AGHT+IEUUS0QwKNjjQbAXZOv9WJ/blAS7kfHL5pVpQpRFQlRxn1NAnIgLizS/B+c5C9MfU/09sEIIerADkEF X-Received: by 2002:a05:6602:1542:b0:85b:538e:1fad with SMTP id ca18e2360f4ac-876882952efmr1760537739f.6.1751315930735; Mon, 30 Jun 2025 13:38:50 -0700 (PDT) Received: from postal.iol.unh.edu (postal.iol.unh.edu. [2606:4100:3880:1234::84]) by smtp-relay.gmail.com with ESMTPS id ca18e2360f4ac-87687b26c87sm32013839f.25.2025.06.30.13.38.50 (version=TLS1_2 cipher=ECDHE-ECDSA-AES128-GCM-SHA256 bits=128/128); Mon, 30 Jun 2025 13:38:50 -0700 (PDT) X-Relaying-Domain: iol.unh.edu Date: Mon, 30 Jun 2025 13:38:50 -0700 (PDT) Message-ID: <6862f5da.050a0220.f280a.0ef3SMTPIN_ADDED_MISSING@mx.google.com> Received: from [172.21.0.5] (unknown [172.18.0.240]) by postal.iol.unh.edu (Postfix) with ESMTP id 42CE0604D420; Mon, 30 Jun 2025 16:38:50 -0400 (EDT) Subject: |FAILURE| pw154862 [PATCH] net/r8169: add missing newline at end of From: dpdklab@iol.unh.edu To: Test Report Cc: dpdk-test-reports@iol.unh.edu, Stephen Hemminger In-Reply-To: <20250630160533.126163-2-stephen@networkplumber.org> References: <20250630160533.126163-2-stephen@networkplumber.org> Content-Type: text/plain X-BeenThere: test-report@dpdk.org X-Mailman-Version: 2.1.29 Precedence: list List-Id: automatic DPDK test reports List-Unsubscribe: , List-Archive: List-Post: List-Help: List-Subscribe: , Errors-To: test-report-bounces@dpdk.org Test-Label: iol-unit-amd64-testing Test-Status: FAILURE http://dpdk.org/patch/154862 _Testing issues_ Submitter: Stephen Hemminger Date: Monday, June 30 2025 16:05:34 DPDK git baseline: Repo:dpdk Branch: master CommitID:83fd93a45061029c8a7850e15114e5932e7d045c 154862 --> testing issues Upstream job id: Generic-Unit-Test-DPDK#351215 Test environment and result as below: +-------------------------------+----------------+ | Environment | dpdk_unit_test | +===============================+================+ | Debian GNU/Linux 12 | PASS | +-------------------------------+----------------+ | Fedora Linux 40 | PASS | +-------------------------------+----------------+ | CentOS Stream 9 | FAIL | +-------------------------------+----------------+ | CentOS Stream 10 | PASS | +-------------------------------+----------------+ | Red Hat Enterprise Linux 8.10 | PASS | +-------------------------------+----------------+ | Ubuntu 20.04 | PASS | +-------------------------------+----------------+ | Red Hat Enterprise Linux 9.5 | PASS | +-------------------------------+----------------+ | Fedora Linux 41 | PASS | +-------------------------------+----------------+ | Ubuntu 22.04 | PASS | +-------------------------------+----------------+ | Ubuntu 24.04 | PASS | +-------------------------------+----------------+ | Windows Server 2022 | PASS | +-------------------------------+----------------+ ==== Unit test summary for CentOS Stream 9 (dpdk_unit_test): ==== ninja: Entering directory `/root/workspace/Generic-Unit-Test-DPDK/dpdk/build' ninja: no work to do. 1/121 DPDK:fast-tests / acl_autotest OK 8.68s 2/121 DPDK:fast-tests / alarm_autotest OK 1.81s 3/121 DPDK:fast-tests / argparse_autotest OK 0.68s 4/121 DPDK:fast-tests / atomic_autotest OK 1.03s 5/121 DPDK:fast-tests / bitcount_autotest OK 0.49s 6/121 DPDK:fast-tests / bitmap_autotest OK 0.46s 7/121 DPDK:fast-tests / bitops_autotest OK 2.26s 8/121 DPDK:fast-tests / bitratestats_autotest OK 0.30s 9/121 DPDK:fast-tests / bitset_autotest OK 3.91s 10/121 DPDK:fast-tests / bpf_autotest OK 0.45s 11/121 DPDK:fast-tests / bpf_convert_autotest OK 0.43s 12/121 DPDK:fast-tests / byteorder_autotest OK 0.41s 13/121 DPDK:fast-tests / cfgfile_autotest OK 0.53s 14/121 DPDK:fast-tests / cksum_autotest OK 0.40s 15/121 DPDK:fast-tests / cmdline_autotest OK 0.25s 16/121 DPDK:fast-tests / common_autotest OK 1.38s 17/121 DPDK:fast-tests / compressdev_autotest SKIP 0.31s exit status 77 18/121 DPDK:fast-tests / cpuflags_autotest OK 0.26s 19/121 DPDK:fast-tests / crc_autotest OK 0.39s 20/121 DPDK:fast-tests / user_delay_us OK 0.35s 21/121 DPDK:fast-tests / debug_autotest OK 0.82s 22/121 DPDK:fast-tests / devargs_autotest OK 0.51s 23/121 DPDK:fast-tests / dispatcher_autotest SKIP 0.23s exit status 77 24/121 DPDK:fast-tests / distributor_autotest OK 2.46s 25/121 DPDK:fast-tests / eal_flags_c_opt_autotest OK 2.89s 26/121 DPDK:fast-tests / eal_flags_main_opt_autotest OK 1.03s 27/121 DPDK:fast-tests / eal_flags_n_opt_autotest OK 1.26s 28/121 DPDK:fast-tests / eal_flags_hpet_autotest OK 0.66s 29/121 DPDK:fast-tests / eal_flags_no_huge_autotest OK 1.21s 30/121 DPDK:fast-tests / eal_flags_a_opt_autotest OK 1.13s 31/121 DPDK:fast-tests / eal_flags_b_opt_autotest OK 1.11s 32/121 DPDK:fast-tests / eal_flags_vdev_opt_autotest OK 1.29s 33/121 DPDK:fast-tests / eal_flags_r_opt_autotest OK 0.84s 34/121 DPDK:fast-tests / eal_flags_mem_autotest OK 1.75s 35/121 DPDK:fast-tests / eal_flags_file_prefix_autotest OK 7.56s 36/121 DPDK:fast-tests / eal_flags_misc_autotest OK 5.39s 37/121 DPDK:fast-tests / eal_fs_autotest OK 0.41s 38/121 DPDK:fast-tests / errno_autotest OK 0.42s 39/121 DPDK:fast-tests / ethdev_link_status OK 0.44s 40/121 DPDK:fast-tests / event_eth_tx_adapter_autotest OK 1.32s 41/121 DPDK:fast-tests / event_ring_autotest OK 0.56s 42/121 DPDK:fast-tests / event_vector_adapter_autotest FAIL 2.59s (exit status 255 or signal 127 SIGinvalid) >>> MALLOC_PERTURB_=210 DPDK_TEST=event_vector_adapter_autotest /root/workspace/Generic-Unit-Test-DPDK/dpdk/build/app/dpdk-test --no-huge -m 2048 43/121 DPDK:fast-tests / eventdev_common_autotest OK 0.44s 44/121 DPDK:fast-tests / eventdev_selftest_sw OK 0.51s 45/121 DPDK:fast-tests / fbarray_autotest OK 0.28s 46/121 DPDK:fast-tests / fib_autotest OK 2.04s 47/121 DPDK:fast-tests / fib6_autotest OK 1.78s 48/121 DPDK:fast-tests / func_reentrancy_autotest OK 1.47s 49/121 DPDK:fast-tests / graph_autotest OK 0.52s 50/121 DPDK:fast-tests / node_list_dump OK 0.38s 51/121 DPDK:fast-tests / graph_feature_arc_autotest OK 0.48s 52/121 DPDK:fast-tests / hash_autotest OK 0.78s 53/121 DPDK:fast-tests / hash_readwrite_func_autotest SKIP 0.27s exit status 77 54/121 DPDK:fast-tests / interrupt_autotest OK 2.19s 55/121 DPDK:fast-tests / ipfrag_autotest OK 0.53s 56/121 DPDK:fast-tests / ipsec_autotest SKIP 0.58s exit status 77 57/121 DPDK:fast-tests / kvargs_autotest OK 0.32s 58/121 DPDK:fast-tests / latencystats_autotest OK 0.61s 59/121 DPDK:fast-tests / lcore_var_autotest OK 0.84s 60/121 DPDK:fast-tests / lcores_autotest OK 2.77s 61/121 DPDK:fast-tests / logs_autotest OK 0.51s 62/121 DPDK:fast-tests / lpm_autotest OK 3.38s 63/121 DPDK:fast-tests / lpm6_autotest OK 6.22s 64/121 DPDK:fast-tests / malloc_autotest OK 1.01s 65/121 DPDK:fast-tests / mbuf_autotest OK 0.43s 66/121 DPDK:fast-tests / mcslock_autotest OK 1.46s 67/121 DPDK:fast-tests / member_autotest OK 2.53s 68/121 DPDK:fast-tests / memcpy_autotest OK 4.65s 69/121 DPDK:fast-tests / memory_autotest OK 0.22s 70/121 DPDK:fast-tests / mempool_autotest OK 0.67s 71/121 DPDK:fast-tests / memzone_autotest OK 0.29s 72/121 DPDK:fast-tests / meter_autotest OK 0.39s 73/121 DPDK:fast-tests / metrics_autotest OK 0.53s 74/121 DPDK:fast-tests / multiprocess_autotest OK 0.76s 75/121 DPDK:fast-tests / net_ether_autotest OK 1.26s 76/121 DPDK:fast-tests / net_ipv6_autotest OK 0.46s 77/121 DPDK:fast-tests / pcapng_autotest OK 11.15s 78/121 DPDK:fast-tests / pdcp_autotest SKIP 0.42s exit status 77 79/121 DPDK:fast-tests / pdump_autotest OK 0.64s 80/121 DPDK:fast-tests / per_lcore_autotest OK 0.65s 81/121 DPDK:fast-tests / pflock_autotest OK 0.49s 82/121 DPDK:fast-tests / pie_autotest OK 0.28s 83/121 DPDK:fast-tests / ring_pmd_autotest OK 0.40s 84/121 DPDK:fast-tests / power_autotest OK 0.57s 85/121 DPDK:fast-tests / power_cpufreq_autotest SKIP 0.23s exit status 77 86/121 DPDK:fast-tests / power_intel_uncore_autotest SKIP 0.19s exit status 77 87/121 DPDK:fast-tests / power_kvm_vm_autotest SKIP 0.16s exit status 77 88/121 DPDK:fast-tests / prefetch_autotest OK 0.34s 89/121 DPDK:fast-tests / ptr_compress_autotest OK 0.19s 90/121 DPDK:fast-tests / rawdev_autotest OK 0.21s 91/121 DPDK:fast-tests / rcu_qsbr_autotest OK 0.29s 92/121 DPDK:fast-tests / reorder_autotest OK 0.32s 93/121 DPDK:fast-tests / rib_autotest OK 5.15s 94/121 DPDK:fast-tests / rib6_autotest OK 8.86s 95/121 DPDK:fast-tests / ring_autotest OK 0.21s 96/121 DPDK:fast-tests / rwlock_test1_autotest OK 0.41s 97/121 DPDK:fast-tests / rwlock_rda_autotest OK 5.34s 98/121 DPDK:fast-tests / rwlock_rds_wrm_autotest OK 5.21s 99/121 DPDK:fast-tests / rwlock_rde_wro_autotest OK 5.26s 100/121 DPDK:fast-tests / sched_autotest OK 0.36s 101/121 DPDK:fast-tests / security_autotest OK 0.16s 102/121 DPDK:fast-tests / seqlock_autotest SKIP 0.40s exit status 77 103/121 DPDK:fast-tests / service_autotest OK 0.74s 104/121 DPDK:fast-tests / soring_autotest OK 0.20s 105/121 DPDK:fast-tests / spinlock_autotest OK 0.57s 106/121 DPDK:fast-tests / stack_autotest OK 0.45s 107/121 DPDK:fast-tests / stack_lf_autotest OK 0.61s 108/121 DPDK:fast-tests / string_autotest OK 0.42s 109/121 DPDK:fast-tests / table_autotest OK 11.48s 110/121 DPDK:fast-tests / tailq_autotest OK 0.45s 111/121 DPDK:fast-tests / telemetry_data_autotest OK 0.43s 112/121 DPDK:fast-tests / telemetry_json_autotest OK 0.40s 113/121 DPDK:fast-tests / thash_autotest OK 0.23s 114/121 DPDK:fast-tests / threads_autotest OK 0.61s 115/121 DPDK:fast-tests / ticketlock_autotest OK 0.41s 116/121 DPDK:fast-tests / timer_autotest OK 3.24s 117/121 DPDK:fast-tests / trace_autotest OK 0.48s 118/121 DPDK:fast-tests / trace_autotest_with_traces OK 0.39s 119/121 DPDK:fast-tests / vdev_autotest OK 0.52s 120/121 DPDK:fast-tests / version_autotest OK 0.40s 121/121 DPDK:fast-tests / telemetry_all SKIP 0.01s exit status 77 Ok: 110 Expected Fail: 0 Fail: 1 Unexpected Pass: 0 Skipped: 10 Timeout: 0 Full log written to /root/workspace/Generic-Unit-Test-DPDK/dpdk/build/meson-logs/testlog.txt Test log output from the failed test event_vector_adapter_autotest: Sorry, we were not able to find the logs for this test. Download the log output from the CI site for this test run. ==== End log output ==== Debian GNU/Linux 12 Kernel: 5.15 Compiler: gcc gcc (Debian 12.2.0-14+deb12u1) 12.2.0 Fedora Linux 40 Kernel: 5.15 Compiler: gcc gcc (GCC) 14.2.1 20240912 (Red Hat 14.2.1-3) CentOS Stream 9 Kernel: 5.15 Compiler: gcc gcc (GCC) 11.5.0 20240719 (Red Hat 11.5.0-7) CentOS Stream 10 Kernel: 5.15 Compiler: gcc gcc (GCC) 14.2.1 20250110 (Red Hat 14.2.1-8) Red Hat Enterprise Linux 8.10 Kernel: 5.15 Compiler: gcc gcc (GCC) 8.5.0 20210514 (Red Hat 8.5.0-22) Ubuntu 20.04 Kernel: 5.15 Compiler: gcc gcc (Ubuntu 9.4.0-1ubuntu1~20.04.2) 9.4.0 Red Hat Enterprise Linux 9.5 Kernel: 5.15 Compiler: gcc gcc (GCC) 11.5.0 20240719 (Red Hat 11.5.0-2) Fedora Linux 41 Kernel: 5.15 Compiler: gcc gcc (GCC) 14.3.1 20250523 (Red Hat 14.3.1-1) Ubuntu 22.04 Kernel: 5.15 Compiler: gcc gcc (Ubuntu 11.4.0-1ubuntu1~22.04) 11.4.0 Ubuntu 24.04 Kernel: 5.15 Compiler: gcc gcc (Ubuntu 13.3.0-6ubuntu2~24.04) 13.3.0 Windows Server 2022 Kernel: 10.0.20348.2031 Compiler: clang 15.0.7, gcc 14.1.0 (MinGW), and MSVC VS 19.39.33521 To view detailed results, visit: https://lab.dpdk.org/results/dashboard/patchsets/33547/ UNH-IOL DPDK Community Lab To manage your email subscriptions, visit: https://lab.dpdk.org/results/dashboard/preferences/subscriptions/