From: dpdklab@iol.unh.edu
To: Test Report <test-report@dpdk.org>
Cc: dpdk-test-reports@iol.unh.edu
Subject: |SUCCESS| pw154862 [PATCH] net/r8169: add missing newline at end of
Date: Mon, 30 Jun 2025 19:02:40 -0700 (PDT) [thread overview]
Message-ID: <686341c0.050a0220.141f0a.f4a4SMTPIN_ADDED_MISSING@mx.google.com> (raw)
In-Reply-To: <20250630160533.126163-2-stephen@networkplumber.org>
Test-Label: iol-unit-arm64-testing
Test-Status: SUCCESS
http://dpdk.org/patch/154862
_Testing PASS_
Submitter: Stephen Hemminger <stephen@networkplumber.org>
Date: Monday, June 30 2025 16:05:34
DPDK git baseline: Repo:dpdk
Branch: master
CommitID:83fd93a45061029c8a7850e15114e5932e7d045c
154862 --> testing pass
Upstream job id: Generic-Unit-Test-DPDK#351216
Test environment and result as below:
+------------------------------+--------------+------------------------------+---------------------------+----------------+
| Environment | lpm_autotest | cryptodev_sw_snow3g_autotest | cryptodev_sw_zuc_autotest | dpdk_unit_test |
+==============================+==============+==============================+===========================+================+
| Ubuntu 20.04 | PASS | SKIPPED | SKIPPED | PASS |
+------------------------------+--------------+------------------------------+---------------------------+----------------+
| Debian 12 (arm) | SKIPPED | PASS | PASS | SKIPPED |
+------------------------------+--------------+------------------------------+---------------------------+----------------+
| CentOS Stream 10 | SKIPPED | SKIPPED | SKIPPED | PASS |
+------------------------------+--------------+------------------------------+---------------------------+----------------+
| CentOS Stream 9 | SKIPPED | SKIPPED | SKIPPED | PASS |
+------------------------------+--------------+------------------------------+---------------------------+----------------+
| Debian GNU/Linux 12 | SKIPPED | SKIPPED | SKIPPED | PASS |
+------------------------------+--------------+------------------------------+---------------------------+----------------+
| Fedora Linux 40 | SKIPPED | SKIPPED | SKIPPED | PASS |
+------------------------------+--------------+------------------------------+---------------------------+----------------+
| Fedora Linux 41 | SKIPPED | SKIPPED | SKIPPED | PASS |
+------------------------------+--------------+------------------------------+---------------------------+----------------+
| Red Hat Enterprise Linux 9.5 | SKIPPED | SKIPPED | SKIPPED | PASS |
+------------------------------+--------------+------------------------------+---------------------------+----------------+
| Ubuntu 22.04 | SKIPPED | SKIPPED | SKIPPED | PASS |
+------------------------------+--------------+------------------------------+---------------------------+----------------+
| Ubuntu 24.04 | SKIPPED | SKIPPED | SKIPPED | PASS |
+------------------------------+--------------+------------------------------+---------------------------+----------------+
Ubuntu 20.04
Kernel: 5.4
Compiler: gcc gcc (Ubuntu 9.4.0-1ubuntu1~20.04.2) 9.4.0
Debian 12 (arm)
Kernel: Depends on container host
Compiler: gcc (Debian 12.2.0-14) 12.2.0
CentOS Stream 10
Kernel: 5.4
Compiler: gcc gcc (GCC) 14.2.1 20250110 (Red Hat 14.2.1-8)
CentOS Stream 9
Kernel: 5.4
Compiler: gcc gcc (GCC) 11.5.0 20240719 (Red Hat 11.5.0-7)
Debian GNU/Linux 12
Kernel: 5.4
Compiler: gcc gcc (Debian 12.2.0-14+deb12u1) 12.2.0
Fedora Linux 40
Kernel: 5.4
Compiler: gcc gcc (GCC) 14.2.1 20240912 (Red Hat 14.2.1-3)
Fedora Linux 41
Kernel: 5.4
Compiler: gcc gcc (GCC) 14.3.1 20250523 (Red Hat 14.3.1-1)
Red Hat Enterprise Linux 9.5
Kernel: 5.4
Compiler: gcc gcc (GCC) 11.5.0 20240719 (Red Hat 11.5.0-2)
Ubuntu 22.04
Kernel: 5.4
Compiler: gcc gcc (Ubuntu 11.4.0-1ubuntu1~22.04) 11.4.0
Ubuntu 24.04
Kernel: 5.4
Compiler: gcc gcc (Ubuntu 13.3.0-6ubuntu2~24.04) 13.3.0
To view detailed results, visit:
https://lab.dpdk.org/results/dashboard/patchsets/33547/
UNH-IOL DPDK Community Lab
To manage your email subscriptions, visit:
https://lab.dpdk.org/results/dashboard/preferences/subscriptions/
next prev parent reply other threads:[~2025-07-01 2:02 UTC|newest]
Thread overview: 26+ messages / expand[flat|nested] mbox.gz Atom feed top
[not found] <20250630160533.126163-2-stephen@networkplumber.org>
2025-06-30 15:37 ` |SUCCESS| pw154862 [PATCH] net/r8169: add missing newline at end of meson.build qemudev
2025-06-30 15:42 ` qemudev
2025-06-30 16:05 ` checkpatch
2025-06-30 17:22 ` 0-day Robot
2025-06-30 17:31 ` |PENDING| pw154862 [PATCH] net/r8169: add missing newline at end of dpdklab
2025-06-30 17:37 ` |SUCCESS| " dpdklab
2025-06-30 17:37 ` dpdklab
2025-06-30 17:55 ` dpdklab
2025-06-30 18:05 ` dpdklab
2025-06-30 18:09 ` |PENDING| " dpdklab
2025-06-30 19:09 ` |SUCCESS| " dpdklab
2025-06-30 19:33 ` dpdklab
2025-06-30 19:40 ` dpdklab
2025-06-30 20:05 ` |PENDING| " dpdklab
2025-06-30 20:13 ` |FAILURE| " dpdklab
2025-06-30 20:38 ` dpdklab
2025-06-30 21:20 ` |PENDING| " dpdklab
2025-06-30 21:40 ` |SUCCESS| " dpdklab
2025-06-30 21:40 ` dpdklab
2025-06-30 21:41 ` dpdklab
2025-06-30 21:41 ` dpdklab
2025-06-30 21:42 ` dpdklab
2025-06-30 22:02 ` |WARNING| " dpdklab
2025-07-01 1:35 ` |SUCCESS| " dpdklab
2025-07-01 2:02 ` dpdklab [this message]
2025-07-01 3:12 ` dpdklab
Reply instructions:
You may reply publicly to this message via plain-text email
using any one of the following methods:
* Save the following mbox file, import it into your mail client,
and reply-to-all from there: mbox
Avoid top-posting and favor interleaved quoting:
https://en.wikipedia.org/wiki/Posting_style#Interleaved_style
* Reply using the --to, --cc, and --in-reply-to
switches of git-send-email(1):
git send-email \
--in-reply-to=686341c0.050a0220.141f0a.f4a4SMTPIN_ADDED_MISSING@mx.google.com \
--to=dpdklab@iol.unh.edu \
--cc=dpdk-test-reports@iol.unh.edu \
--cc=test-report@dpdk.org \
/path/to/YOUR_REPLY
https://kernel.org/pub/software/scm/git/docs/git-send-email.html
* If your mail client supports setting the In-Reply-To header
via mailto: links, try the mailto: link
Be sure your reply has a Subject: header at the top and a blank line
before the message body.
This is a public inbox, see mirroring instructions
for how to clone and mirror all data and code used for this inbox;
as well as URLs for NNTP newsgroup(s).