From mboxrd@z Thu Jan 1 00:00:00 1970 Return-Path: Received: from mails.dpdk.org (mails.dpdk.org [217.70.189.124]) by inbox.dpdk.org (Postfix) with ESMTP id DA72546AC1 for ; Tue, 1 Jul 2025 05:13:23 +0200 (CEST) Received: from mails.dpdk.org (localhost [127.0.0.1]) by mails.dpdk.org (Postfix) with ESMTP id D0CFC40276; Tue, 1 Jul 2025 05:13:23 +0200 (CEST) Received: from mail-pl1-f225.google.com (mail-pl1-f225.google.com [209.85.214.225]) by mails.dpdk.org (Postfix) with ESMTP id 1759940276 for ; Tue, 1 Jul 2025 05:13:22 +0200 (CEST) Received: by mail-pl1-f225.google.com with SMTP id d9443c01a7336-236192f8770so33012555ad.0 for ; Mon, 30 Jun 2025 20:13:22 -0700 (PDT) DKIM-Signature: v=1; a=rsa-sha256; c=relaxed/relaxed; d=iol.unh.edu; s=unh-iol; t=1751339601; x=1751944401; darn=dpdk.org; h=references:in-reply-to:cc:to:from:subject:message-id:date:from:to :cc:subject:date:message-id:reply-to; bh=kRJAlVv2uCtaXsQjoILewYlnWzeh4ElaqJdSG2BH12I=; b=Kr9xmAL4E6e7GkwH9Q+Dv+N3OYcjnwjEo6WKsWwTQYQmF1s2TRimDTWnwgL1HZwAh+ 0yvqwSTfJ0qpkYy4svqssD4+7nIbw+zsuk7at4MMnwrELtrAB5qdbr2oZFjp9BvWX9t/ L16y8R3v58NJ13j6/cTo7oErJxSrDu7fMTFrQ= X-Google-DKIM-Signature: v=1; a=rsa-sha256; c=relaxed/relaxed; d=1e100.net; s=20230601; t=1751339601; x=1751944401; h=references:in-reply-to:cc:to:from:subject:message-id:date :x-gm-message-state:from:to:cc:subject:date:message-id:reply-to; bh=kRJAlVv2uCtaXsQjoILewYlnWzeh4ElaqJdSG2BH12I=; b=OdmyAJlFgSzglE214PWHDJC3wIUt5Snb3RSXND+ZXhUOwwZUZhU9mtP+HylcTvufFj ntdw+ikgC2UHPjlZcHzD8GaNyO44fFMzJjiqFfDmsQHaq8fYYidwEztoWmRyswEbTCY0 ncd6abFBL4MorHGkG1fsAr4n6nrYZSozl6YCyiPycG31vZZqHXm0PWBmOIuv8se61rTw IO4UdLgMoqxeoZH5I83hOJFOC2pM/2Ip3zK8r4RcouUvAZrvcv5AtR9ttxuN1Rj//f2L VRfhSoDK3qRXG26vXOWntKhqmRGiMyx6dfbd/OtmcKudwaJtlrjzMoj/7p0XYy2I86Ad BLIw== X-Gm-Message-State: AOJu0YxgmINdPqxdQc1GRJPTe4ZQAmbjwlHD5e9LWW8o7QYVbr4SFZoG zJrNZZTSMBZjGKQJzBIHRIsU9FS3Tn8m9QEsz9F765Tq2BaQbxX7k9XNjZE3rvPdKmCpRaSVzlw UCyXwxYT2EFohP6jVMtG3hi3/rCJOQgsLGB8dgAMI7iBJBRSCUWaD9vTrwfIL X-Gm-Gg: ASbGncuMpE6NXCHeDIXzDu2TgI/P7dLm5JttjeZkWsFxtzEc4d98/6k5VE4Hd9uKupT otJa5CmvkY1EWNipmDTwtL0t9iXoYYyu43qiVDDBDyoM0L0VShWIYplgLABN2dAwesLLaKNKR4r 2MIu73m6ZZ+vbnYm5LhWGI7r9MunB5ZN3vXW5GNgKN9W7AETNLk6lcF9caDXFWdBI9dP9BM3cHf nk/7r06w7GHqKuSIQCIM8rfSAjIo6w4RMH72ilFq1dhuu8pRFzdhgQG4PbMA2ZSviX1n61cj37g ogJrS7EaJUjHUQdDnLZerf/D5aoRAyZGHqnjdi3s0v5B8R8= X-Google-Smtp-Source: AGHT+IHum+IFiCDXW+0xImjJqYLcwuphrHkMix1q2Zl/8hhTUyf8DGRIBgV0WmmRgqMQxfmifuDILBrLGipp X-Received: by 2002:a17:903:1745:b0:236:10b1:50cb with SMTP id d9443c01a7336-23b35545a17mr29490995ad.26.1751339601162; Mon, 30 Jun 2025 20:13:21 -0700 (PDT) Received: from postal.iol.unh.edu (postal.iol.unh.edu. [2606:4100:3880:1234::84]) by smtp-relay.gmail.com with ESMTPS id d9443c01a7336-23acb2f20d5sm5094855ad.48.2025.06.30.20.13.21 (version=TLS1_2 cipher=ECDHE-ECDSA-AES128-GCM-SHA256 bits=128/128); Mon, 30 Jun 2025 20:13:21 -0700 (PDT) X-Relaying-Domain: iol.unh.edu Date: Mon, 30 Jun 2025 20:13:21 -0700 (PDT) Message-ID: <68635251.170a0220.c8586.cf42SMTPIN_ADDED_MISSING@mx.google.com> Received: from [172.21.0.6] (unknown [172.18.0.240]) by postal.iol.unh.edu (Postfix) with ESMTP id 4DE746051830; Mon, 30 Jun 2025 23:13:20 -0400 (EDT) Subject: |FAILURE| pw154863-154879 [PATCH] [V4,18/18] drivers/net: add hinic3 From: dpdklab@iol.unh.edu To: Test Report Cc: dpdk-test-reports@iol.unh.edu, Feifei Wang In-Reply-To: <20250701014223.2440-19-wff_light@vip.163.com> References: <20250701014223.2440-19-wff_light@vip.163.com> Content-Type: text/plain X-BeenThere: test-report@dpdk.org X-Mailman-Version: 2.1.29 Precedence: list List-Id: automatic DPDK test reports List-Unsubscribe: , List-Archive: List-Post: List-Help: List-Subscribe: , Errors-To: test-report-bounces@dpdk.org Test-Label: iol-unit-amd64-testing Test-Status: FAILURE http://dpdk.org/patch/154879 _Testing issues_ Submitter: Feifei Wang Date: Tuesday, July 01 2025 01:42:09 DPDK git baseline: Repo:dpdk Branch: master CommitID:77864da82f25a9e1e43c14b2cba68c2049a3ee3e 154863-154879 --> testing issues Upstream job id: Generic-Unit-Test-DPDK#351239 Test environment and result as below: +-------------------------------+----------------+ | Environment | dpdk_unit_test | +===============================+================+ | CentOS Stream 9 | PASS | +-------------------------------+----------------+ | Red Hat Enterprise Linux 8.10 | PASS | +-------------------------------+----------------+ | Ubuntu 20.04 | PASS | +-------------------------------+----------------+ | Ubuntu 22.04 | PASS | +-------------------------------+----------------+ | Fedora Linux 41 | FAIL | +-------------------------------+----------------+ | CentOS Stream 10 | PASS | +-------------------------------+----------------+ | Fedora Linux 40 | PASS | +-------------------------------+----------------+ | Debian GNU/Linux 12 | PASS | +-------------------------------+----------------+ | Ubuntu 24.04 | PASS | +-------------------------------+----------------+ | Red Hat Enterprise Linux 9.5 | PASS | +-------------------------------+----------------+ | Windows Server 2022 | PASS | +-------------------------------+----------------+ ==== Unit test summary for Fedora Linux 41 (dpdk_unit_test): ==== ninja: Entering directory `/root/workspace/Generic-Unit-Test-DPDK/dpdk/build' ninja: no work to do. 1/121 DPDK:fast-tests / acl_autotest OK 9.38s 2/121 DPDK:fast-tests / alarm_autotest OK 1.29s 3/121 DPDK:fast-tests / argparse_autotest OK 0.19s 4/121 DPDK:fast-tests / atomic_autotest OK 0.35s 5/121 DPDK:fast-tests / bitcount_autotest OK 0.19s 6/121 DPDK:fast-tests / bitmap_autotest OK 0.18s 7/121 DPDK:fast-tests / bitops_autotest OK 1.76s 8/121 DPDK:fast-tests / bitratestats_autotest OK 0.31s 9/121 DPDK:fast-tests / bitset_autotest OK 1.41s 10/121 DPDK:fast-tests / bpf_autotest OK 0.30s 11/121 DPDK:fast-tests / bpf_convert_autotest OK 0.69s 12/121 DPDK:fast-tests / byteorder_autotest OK 0.43s 13/121 DPDK:fast-tests / cfgfile_autotest OK 0.25s 14/121 DPDK:fast-tests / cksum_autotest OK 0.31s 15/121 DPDK:fast-tests / cmdline_autotest OK 0.18s 16/121 DPDK:fast-tests / common_autotest OK 0.69s 17/121 DPDK:fast-tests / compressdev_autotest SKIP 0.17s exit status 77 18/121 DPDK:fast-tests / cpuflags_autotest OK 0.64s 19/121 DPDK:fast-tests / crc_autotest OK 0.68s 20/121 DPDK:fast-tests / user_delay_us OK 0.17s 21/121 DPDK:fast-tests / debug_autotest OK 1.00s 22/121 DPDK:fast-tests / devargs_autotest OK 1.37s 23/121 DPDK:fast-tests / dispatcher_autotest SKIP 0.14s exit status 77 24/121 DPDK:fast-tests / distributor_autotest OK 0.90s 25/121 DPDK:fast-tests / eal_flags_c_opt_autotest OK 0.67s 26/121 DPDK:fast-tests / eal_flags_main_opt_autotest OK 0.27s 27/121 DPDK:fast-tests / eal_flags_n_opt_autotest OK 0.49s 28/121 DPDK:fast-tests / eal_flags_hpet_autotest OK 0.29s 29/121 DPDK:fast-tests / eal_flags_no_huge_autotest OK 1.29s 30/121 DPDK:fast-tests / eal_flags_a_opt_autotest OK 1.14s 31/121 DPDK:fast-tests / eal_flags_b_opt_autotest OK 3.20s 32/121 DPDK:fast-tests / eal_flags_vdev_opt_autotest OK 1.32s 33/121 DPDK:fast-tests / eal_flags_r_opt_autotest OK 0.27s 34/121 DPDK:fast-tests / eal_flags_mem_autotest OK 0.68s 35/121 DPDK:fast-tests / eal_flags_file_prefix_autotest OK 5.51s 36/121 DPDK:fast-tests / eal_flags_misc_autotest OK 4.63s 37/121 DPDK:fast-tests / eal_fs_autotest OK 0.57s 38/121 DPDK:fast-tests / errno_autotest OK 0.57s 39/121 DPDK:fast-tests / ethdev_link_status OK 0.16s 40/121 DPDK:fast-tests / event_eth_tx_adapter_autotest OK 0.95s 41/121 DPDK:fast-tests / event_ring_autotest OK 0.44s 42/121 DPDK:fast-tests / event_vector_adapter_autotest FAIL 2.13s (exit status 255 or signal 127 SIGinvalid) >>> DPDK_TEST=event_vector_adapter_autotest MALLOC_PERTURB_=114 /root/workspace/Generic-Unit-Test-DPDK/dpdk/build/app/dpdk-test --no-huge -m 2048 43/121 DPDK:fast-tests / eventdev_common_autotest OK 0.20s 44/121 DPDK:fast-tests / eventdev_selftest_sw OK 0.23s 45/121 DPDK:fast-tests / fbarray_autotest OK 0.81s 46/121 DPDK:fast-tests / fib_autotest OK 1.55s 47/121 DPDK:fast-tests / fib6_autotest OK 1.61s 48/121 DPDK:fast-tests / func_reentrancy_autotest OK 0.53s 49/121 DPDK:fast-tests / graph_autotest OK 0.17s 50/121 DPDK:fast-tests / node_list_dump OK 0.17s 51/121 DPDK:fast-tests / graph_feature_arc_autotest OK 0.16s 52/121 DPDK:fast-tests / hash_autotest OK 0.26s 53/121 DPDK:fast-tests / hash_readwrite_func_autotest SKIP 0.14s exit status 77 54/121 DPDK:fast-tests / interrupt_autotest OK 1.18s 55/121 DPDK:fast-tests / ipfrag_autotest OK 0.14s 56/121 DPDK:fast-tests / ipsec_autotest SKIP 0.21s exit status 77 57/121 DPDK:fast-tests / kvargs_autotest OK 0.21s 58/121 DPDK:fast-tests / latencystats_autotest OK 0.30s 59/121 DPDK:fast-tests / lcore_var_autotest OK 0.56s 60/121 DPDK:fast-tests / lcores_autotest OK 12.04s 61/121 DPDK:fast-tests / logs_autotest OK 0.17s 62/121 DPDK:fast-tests / lpm_autotest OK 2.96s 63/121 DPDK:fast-tests / lpm6_autotest OK 6.04s 64/121 DPDK:fast-tests / malloc_autotest OK 0.55s 65/121 DPDK:fast-tests / mbuf_autotest OK 0.17s 66/121 DPDK:fast-tests / mcslock_autotest OK 1.74s 67/121 DPDK:fast-tests / member_autotest OK 0.84s 68/121 DPDK:fast-tests / memcpy_autotest OK 3.10s 69/121 DPDK:fast-tests / memory_autotest OK 0.15s 70/121 DPDK:fast-tests / mempool_autotest OK 0.43s 71/121 DPDK:fast-tests / memzone_autotest OK 0.26s 72/121 DPDK:fast-tests / meter_autotest OK 0.56s 73/121 DPDK:fast-tests / metrics_autotest OK 0.30s 74/121 DPDK:fast-tests / multiprocess_autotest OK 0.36s 75/121 DPDK:fast-tests / net_ether_autotest OK 0.46s 76/121 DPDK:fast-tests / net_ipv6_autotest OK 0.17s 77/121 DPDK:fast-tests / pcapng_autotest OK 7.91s 78/121 DPDK:fast-tests / pdcp_autotest SKIP 0.33s exit status 77 79/121 DPDK:fast-tests / pdump_autotest OK 0.54s 80/121 DPDK:fast-tests / per_lcore_autotest OK 0.28s 81/121 DPDK:fast-tests / pflock_autotest OK 0.29s 82/121 DPDK:fast-tests / pie_autotest OK 0.19s 83/121 DPDK:fast-tests / ring_pmd_autotest OK 0.19s 84/121 DPDK:fast-tests / power_autotest OK 0.18s 85/121 DPDK:fast-tests / power_cpufreq_autotest SKIP 0.15s exit status 77 86/121 DPDK:fast-tests / power_intel_uncore_autotest SKIP 0.19s exit status 77 87/121 DPDK:fast-tests / power_kvm_vm_autotest SKIP 0.15s exit status 77 88/121 DPDK:fast-tests / prefetch_autotest OK 0.19s 89/121 DPDK:fast-tests / ptr_compress_autotest OK 0.30s 90/121 DPDK:fast-tests / rawdev_autotest OK 0.19s 91/121 DPDK:fast-tests / rcu_qsbr_autotest OK 0.43s 92/121 DPDK:fast-tests / reorder_autotest OK 0.30s 93/121 DPDK:fast-tests / rib_autotest OK 10.13s 94/121 DPDK:fast-tests / rib6_autotest OK 10.48s 95/121 DPDK:fast-tests / ring_autotest OK 0.18s 96/121 DPDK:fast-tests / rwlock_test1_autotest OK 0.27s 97/121 DPDK:fast-tests / rwlock_rda_autotest OK 5.59s 98/121 DPDK:fast-tests / rwlock_rds_wrm_autotest OK 5.23s 99/121 DPDK:fast-tests / rwlock_rde_wro_autotest OK 5.36s 100/121 DPDK:fast-tests / sched_autotest OK 0.23s 101/121 DPDK:fast-tests / security_autotest OK 0.24s 102/121 DPDK:fast-tests / seqlock_autotest SKIP 0.59s exit status 77 103/121 DPDK:fast-tests / service_autotest OK 0.55s 104/121 DPDK:fast-tests / soring_autotest OK 0.19s 105/121 DPDK:fast-tests / spinlock_autotest OK 0.21s 106/121 DPDK:fast-tests / stack_autotest OK 0.19s 107/121 DPDK:fast-tests / stack_lf_autotest OK 0.72s 108/121 DPDK:fast-tests / string_autotest OK 0.39s 109/121 DPDK:fast-tests / table_autotest OK 7.35s 110/121 DPDK:fast-tests / tailq_autotest OK 0.17s 111/121 DPDK:fast-tests / telemetry_data_autotest OK 0.18s 112/121 DPDK:fast-tests / telemetry_json_autotest OK 0.17s 113/121 DPDK:fast-tests / thash_autotest OK 0.51s 114/121 DPDK:fast-tests / threads_autotest OK 0.88s 115/121 DPDK:fast-tests / ticketlock_autotest OK 0.44s 116/121 DPDK:fast-tests / timer_autotest OK 3.63s 117/121 DPDK:fast-tests / trace_autotest OK 0.44s 118/121 DPDK:fast-tests / trace_autotest_with_traces OK 1.59s 119/121 DPDK:fast-tests / vdev_autotest OK 0.66s 120/121 DPDK:fast-tests / version_autotest OK 0.19s 121/121 DPDK:fast-tests / telemetry_all SKIP 0.02s exit status 77 Ok: 110 Expected Fail: 0 Fail: 1 Unexpected Pass: 0 Skipped: 10 Timeout: 0 Full log written to /root/workspace/Generic-Unit-Test-DPDK/dpdk/build/meson-logs/testlog.txt Test log output from the failed test event_vector_adapter_autotest: Sorry, we were not able to find the logs for this test. Download the log output from the CI site for this test run. ==== End log output ==== CentOS Stream 9 Kernel: 5.15 Compiler: gcc gcc (GCC) 11.5.0 20240719 (Red Hat 11.5.0-7) Red Hat Enterprise Linux 8.10 Kernel: 5.15 Compiler: gcc gcc (GCC) 8.5.0 20210514 (Red Hat 8.5.0-22) Ubuntu 20.04 Kernel: 5.15 Compiler: gcc gcc (Ubuntu 9.4.0-1ubuntu1~20.04.2) 9.4.0 Ubuntu 22.04 Kernel: 5.15 Compiler: gcc gcc (Ubuntu 11.4.0-1ubuntu1~22.04) 11.4.0 Fedora Linux 41 Kernel: 5.15 Compiler: clang gcc (GCC) 14.3.1 20250523 (Red Hat 14.3.1-1) CentOS Stream 10 Kernel: 5.15 Compiler: gcc gcc (GCC) 14.2.1 20250110 (Red Hat 14.2.1-8) Fedora Linux 40 Kernel: 5.15 Compiler: gcc gcc (GCC) 14.2.1 20240912 (Red Hat 14.2.1-3) Debian GNU/Linux 12 Kernel: 5.15 Compiler: gcc gcc (Debian 12.2.0-14+deb12u1) 12.2.0 Ubuntu 24.04 Kernel: 5.15 Compiler: gcc gcc (Ubuntu 13.3.0-6ubuntu2~24.04) 13.3.0 Red Hat Enterprise Linux 9.5 Kernel: 5.15 Compiler: gcc gcc (GCC) 11.5.0 20240719 (Red Hat 11.5.0-2) Windows Server 2022 Kernel: 10.0.20348.2031 Compiler: clang 15.0.7, gcc 14.1.0 (MinGW), and MSVC VS 19.39.33521 To view detailed results, visit: https://lab.dpdk.org/results/dashboard/patchsets/33548/ UNH-IOL DPDK Community Lab To manage your email subscriptions, visit: https://lab.dpdk.org/results/dashboard/preferences/subscriptions/