From mboxrd@z Thu Jan 1 00:00:00 1970 Return-Path: Received: from mails.dpdk.org (mails.dpdk.org [217.70.189.124]) by inbox.dpdk.org (Postfix) with ESMTP id 42B6C46ACD for ; Tue, 1 Jul 2025 11:52:19 +0200 (CEST) Received: from mails.dpdk.org (localhost [127.0.0.1]) by mails.dpdk.org (Postfix) with ESMTP id 1F216400D7; Tue, 1 Jul 2025 11:52:19 +0200 (CEST) Received: from mail-yw1-f227.google.com (mail-yw1-f227.google.com [209.85.128.227]) by mails.dpdk.org (Postfix) with ESMTP id 9411A400D7 for ; Tue, 1 Jul 2025 11:52:17 +0200 (CEST) Received: by mail-yw1-f227.google.com with SMTP id 00721157ae682-70b4e497d96so32324117b3.2 for ; Tue, 01 Jul 2025 02:52:17 -0700 (PDT) DKIM-Signature: v=1; a=rsa-sha256; c=relaxed/relaxed; d=iol.unh.edu; s=unh-iol; t=1751363537; x=1751968337; darn=dpdk.org; h=references:in-reply-to:cc:to:from:subject:message-id:date:from:to :cc:subject:date:message-id:reply-to; bh=4r8UA7cxRQBHnC1BdjmjcmcXlYLFkvuoNYf5NHc345s=; b=WLgcVDTCNnBY5E54NvGRtlEzMKzx61vb0K6wbIrcKapZaIUTO5OK4NwjRihujojnWy q2609st09UyhimyNO7hWL59pQLQv3dqYpA6QT+UcXA4x+2dKWVcEc2gLli0twFwCMYHM 3HyONa4Lh6Bv8xI1DQnF+sc/hu+82lZq5s8tE= X-Google-DKIM-Signature: v=1; a=rsa-sha256; c=relaxed/relaxed; d=1e100.net; s=20230601; t=1751363537; x=1751968337; h=references:in-reply-to:cc:to:from:subject:message-id:date :x-gm-message-state:from:to:cc:subject:date:message-id:reply-to; bh=4r8UA7cxRQBHnC1BdjmjcmcXlYLFkvuoNYf5NHc345s=; b=u4zRGmrbe02sbLzqwD2p6G51NGgu5CLQRBjOLnihZxkRnq6yneVtZI3OgS91EIXv7R 7hoSmQZdDNrviIGza7zq5XzeX3tfl+81F//duJ7wzTJlRuMQzD2/VIWHFhEg3MXKXMmn jknZiXiSHZcYrwiaulQ4Uvsk8IvJrltRDXqNPqcNv7kWBnuJldcdQF/VBEyrOkh+VOiW NW6AVMj2w6fpqfNJklGyOHS5EipjeNijOHUR122q5S6Np1W1OHev5iXwxVQK9n39UThi YyYttUyL6imyPMlm2a4z3Vvir3f4TAk648ZBGiMErYG37mwPWrNC++VfW2V6Q7Ofw149 1Clg== X-Gm-Message-State: AOJu0YyJbO4148K3hgVqVWHXfVYTrFl9cAmB1+SwaIy72lHQJgd+oPgC RHaJrENQflNM/ao1w5TIWxTE/J8U9KccTo6HpIkNfM27jiviql858ih/HKvZ8IYBgu8GraX0eJB pU/Wx/TeHK5GHCRRFyvPMxGQVEEuSxRaAggPPZVA+gl7d X-Gm-Gg: ASbGncubTDtSF/zqePUxiLaUueztRFX4VqAl6t2k8O651riduJ6XYrzgNzBkXwvda2C l0kHAjOUMGgs8CNaozb7Ua+olff1MLuNdeGE/B1xsCEEUY6+ER8qrFv1JxrPfhihUonK27Tdv56 e9lKnhdDyRPfGuVwxbawAV41cSXhpWwV7mwvo0z/CshJCHT4a8ppabcrPD/PwdOzdgxGESBT7xh SLBqyMDLRmczWQx9goko5NiAqUZMgYll7l3WebubITgZh/GLQbW7lLlnSYTXRi1DSsOYYewjskX TDYXDw+SoU7bfosp5IcAeOeGYcdeuG8EECjSAMchxLtd2Ua4OEONIWGwaF3riUFW1LJBGA== X-Google-Smtp-Source: AGHT+IFmDq4jw8qoQvRiwxTaaS3F76go9IWJblH/LLK5TBM/pd9v7aT3E2EQXm5o1Rxz/kCx4fBXWEAa1PBH X-Received: by 2002:a05:690c:4c02:b0:70e:29d2:fb96 with SMTP id 00721157ae682-715171affe6mr237264717b3.36.1751363536930; Tue, 01 Jul 2025 02:52:16 -0700 (PDT) Received: from postal.iol.unh.edu (postal.iol.unh.edu. [132.177.123.84]) by smtp-relay.gmail.com with ESMTPS id 00721157ae682-71515cbdeebsm3424777b3.33.2025.07.01.02.52.16 (version=TLS1_2 cipher=ECDHE-ECDSA-AES128-GCM-SHA256 bits=128/128); Tue, 01 Jul 2025 02:52:16 -0700 (PDT) X-Relaying-Domain: iol.unh.edu Date: Tue, 01 Jul 2025 02:52:16 -0700 (PDT) Message-ID: <6863afd0.050a0220.3aadbc.245bSMTPIN_ADDED_MISSING@mx.google.com> Received: from [172.21.0.9] (unknown [172.18.0.240]) by postal.iol.unh.edu (Postfix) with ESMTP id 854776051830; Tue, 1 Jul 2025 05:52:16 -0400 (EDT) Subject: |FAILURE| pw154881-154886 [PATCH] [v7,6/6] net/dpaa2: enable softwar From: dpdklab@iol.unh.edu To: Test Report Cc: dpdk-test-reports@iol.unh.edu, Gagandeep Singh In-Reply-To: <20250701042917.3000355-7-g.singh@nxp.com> References: <20250701042917.3000355-7-g.singh@nxp.com> Content-Type: text/plain X-BeenThere: test-report@dpdk.org X-Mailman-Version: 2.1.29 Precedence: list List-Id: automatic DPDK test reports List-Unsubscribe: , List-Archive: List-Post: List-Help: List-Subscribe: , Errors-To: test-report-bounces@dpdk.org Test-Label: iol-unit-amd64-testing Test-Status: FAILURE http://dpdk.org/patch/154886 _Testing issues_ Submitter: Gagandeep Singh Date: Tuesday, July 01 2025 04:29:17 DPDK git baseline: Repo:dpdk Branch: master CommitID:77864da82f25a9e1e43c14b2cba68c2049a3ee3e 154881-154886 --> testing issues Upstream job id: Generic-Unit-Test-DPDK#351336 Test environment and result as below: +-------------------------------+----------------+ | Environment | dpdk_unit_test | +===============================+================+ | CentOS Stream 9 | PASS | +-------------------------------+----------------+ | Debian GNU/Linux 12 | PASS | +-------------------------------+----------------+ | CentOS Stream 10 | PASS | +-------------------------------+----------------+ | Fedora Linux 41 | PASS | +-------------------------------+----------------+ | Fedora Linux 40 | PASS | +-------------------------------+----------------+ | Red Hat Enterprise Linux 8.10 | PASS | +-------------------------------+----------------+ | Ubuntu 20.04 | PASS | +-------------------------------+----------------+ | Ubuntu 22.04 | PASS | +-------------------------------+----------------+ | Red Hat Enterprise Linux 9.5 | FAIL | +-------------------------------+----------------+ | Ubuntu 24.04 | PASS | +-------------------------------+----------------+ | Windows Server 2022 | PASS | +-------------------------------+----------------+ ==== Unit test summary for Red Hat Enterprise Linux 9.5 (dpdk_unit_test): ==== ninja: Entering directory `/root/workspace/Generic-Unit-Test-DPDK/dpdk/build' ninja: no work to do. 1/121 DPDK:fast-tests / acl_autotest OK 24.07s 2/121 DPDK:fast-tests / alarm_autotest OK 2.51s 3/121 DPDK:fast-tests / argparse_autotest OK 1.05s 4/121 DPDK:fast-tests / atomic_autotest OK 2.01s 5/121 DPDK:fast-tests / bitcount_autotest OK 1.50s 6/121 DPDK:fast-tests / bitmap_autotest OK 1.48s 7/121 DPDK:fast-tests / bitops_autotest OK 2.86s 8/121 DPDK:fast-tests / bitratestats_autotest OK 0.88s 9/121 DPDK:fast-tests / bitset_autotest OK 14.27s 10/121 DPDK:fast-tests / bpf_autotest OK 2.01s 11/121 DPDK:fast-tests / bpf_convert_autotest OK 0.97s 12/121 DPDK:fast-tests / byteorder_autotest OK 0.19s 13/121 DPDK:fast-tests / cfgfile_autotest OK 2.57s 14/121 DPDK:fast-tests / cksum_autotest OK 1.22s 15/121 DPDK:fast-tests / cmdline_autotest OK 1.73s 16/121 DPDK:fast-tests / common_autotest OK 4.50s 17/121 DPDK:fast-tests / compressdev_autotest SKIP 1.33s exit status 77 18/121 DPDK:fast-tests / cpuflags_autotest OK 1.45s 19/121 DPDK:fast-tests / crc_autotest OK 1.76s 20/121 DPDK:fast-tests / user_delay_us OK 0.94s 21/121 DPDK:fast-tests / debug_autotest OK 4.58s 22/121 DPDK:fast-tests / devargs_autotest OK 0.88s 23/121 DPDK:fast-tests / dispatcher_autotest SKIP 0.68s exit status 77 24/121 DPDK:fast-tests / distributor_autotest OK 6.54s 25/121 DPDK:fast-tests / eal_flags_c_opt_autotest OK 5.85s 26/121 DPDK:fast-tests / eal_flags_main_opt_autotest OK 1.43s 27/121 DPDK:fast-tests / eal_flags_n_opt_autotest OK 3.02s 28/121 DPDK:fast-tests / eal_flags_hpet_autotest OK 1.66s 29/121 DPDK:fast-tests / eal_flags_no_huge_autotest OK 3.55s 30/121 DPDK:fast-tests / eal_flags_a_opt_autotest OK 3.68s 31/121 DPDK:fast-tests / eal_flags_b_opt_autotest OK 2.66s 32/121 DPDK:fast-tests / eal_flags_vdev_opt_autotest OK 2.25s 33/121 DPDK:fast-tests / eal_flags_r_opt_autotest OK 1.21s 34/121 DPDK:fast-tests / eal_flags_mem_autotest OK 3.76s 35/121 DPDK:fast-tests / eal_flags_file_prefix_autotest OK 15.16s 36/121 DPDK:fast-tests / eal_flags_misc_autotest OK 11.01s 37/121 DPDK:fast-tests / eal_fs_autotest OK 1.31s 38/121 DPDK:fast-tests / errno_autotest OK 1.52s 39/121 DPDK:fast-tests / ethdev_link_status OK 1.04s 40/121 DPDK:fast-tests / event_eth_tx_adapter_autotest OK 5.18s 41/121 DPDK:fast-tests / event_ring_autotest OK 2.50s 42/121 DPDK:fast-tests / event_vector_adapter_autotest FAIL 5.70s (exit status 255 or signal 127 SIGinvalid) >>> DPDK_TEST=event_vector_adapter_autotest MALLOC_PERTURB_=150 /root/workspace/Generic-Unit-Test-DPDK/dpdk/build/app/dpdk-test --no-huge -m 2048 43/121 DPDK:fast-tests / eventdev_common_autotest OK 0.69s 44/121 DPDK:fast-tests / eventdev_selftest_sw OK 1.29s 45/121 DPDK:fast-tests / fbarray_autotest OK 0.54s 46/121 DPDK:fast-tests / fib_autotest OK 8.01s 47/121 DPDK:fast-tests / fib6_autotest OK 5.68s 48/121 DPDK:fast-tests / func_reentrancy_autotest OK 5.49s 49/121 DPDK:fast-tests / graph_autotest OK 2.52s 50/121 DPDK:fast-tests / node_list_dump OK 0.80s 51/121 DPDK:fast-tests / graph_feature_arc_autotest OK 1.69s 52/121 DPDK:fast-tests / hash_autotest OK 3.91s 53/121 DPDK:fast-tests / hash_readwrite_func_autotest SKIP 0.33s exit status 77 54/121 DPDK:fast-tests / interrupt_autotest OK 5.42s 55/121 DPDK:fast-tests / ipfrag_autotest OK 0.48s 56/121 DPDK:fast-tests / ipsec_autotest SKIP 2.01s exit status 77 57/121 DPDK:fast-tests / kvargs_autotest OK 0.97s 58/121 DPDK:fast-tests / latencystats_autotest OK 2.58s 59/121 DPDK:fast-tests / lcore_var_autotest OK 3.09s 60/121 DPDK:fast-tests / lcores_autotest OK 14.94s 61/121 DPDK:fast-tests / logs_autotest OK 1.68s 62/121 DPDK:fast-tests / lpm_autotest OK 13.24s 63/121 DPDK:fast-tests / lpm6_autotest OK 30.12s 64/121 DPDK:fast-tests / malloc_autotest OK 5.47s 65/121 DPDK:fast-tests / mbuf_autotest OK 0.57s 66/121 DPDK:fast-tests / mcslock_autotest OK 3.11s 67/121 DPDK:fast-tests / member_autotest OK 10.21s 68/121 DPDK:fast-tests / memcpy_autotest OK 16.61s 69/121 DPDK:fast-tests / memory_autotest OK 0.66s 70/121 DPDK:fast-tests / mempool_autotest OK 1.73s 71/121 DPDK:fast-tests / memzone_autotest OK 0.55s 72/121 DPDK:fast-tests / meter_autotest OK 1.50s 73/121 DPDK:fast-tests / metrics_autotest OK 1.34s 74/121 DPDK:fast-tests / multiprocess_autotest OK 2.86s 75/121 DPDK:fast-tests / net_ether_autotest OK 6.12s 76/121 DPDK:fast-tests / net_ipv6_autotest OK 1.11s 77/121 DPDK:fast-tests / pcapng_autotest OK 11.85s 78/121 DPDK:fast-tests / pdcp_autotest SKIP 1.47s exit status 77 79/121 DPDK:fast-tests / pdump_autotest OK 2.34s 80/121 DPDK:fast-tests / per_lcore_autotest OK 1.42s 81/121 DPDK:fast-tests / pflock_autotest OK 1.01s 82/121 DPDK:fast-tests / pie_autotest OK 1.71s 83/121 DPDK:fast-tests / ring_pmd_autotest OK 0.62s 84/121 DPDK:fast-tests / power_autotest OK 1.09s 85/121 DPDK:fast-tests / power_cpufreq_autotest SKIP 0.95s exit status 77 86/121 DPDK:fast-tests / power_intel_uncore_autotest SKIP 0.53s exit status 77 87/121 DPDK:fast-tests / power_kvm_vm_autotest SKIP 0.89s exit status 77 88/121 DPDK:fast-tests / prefetch_autotest OK 1.46s 89/121 DPDK:fast-tests / ptr_compress_autotest OK 0.60s 90/121 DPDK:fast-tests / rawdev_autotest OK 0.77s 91/121 DPDK:fast-tests / rcu_qsbr_autotest OK 2.20s 92/121 DPDK:fast-tests / reorder_autotest OK 2.90s 93/121 DPDK:fast-tests / rib_autotest OK 36.02s 94/121 DPDK:fast-tests / rib6_autotest OK 33.11s 95/121 DPDK:fast-tests / ring_autotest OK 0.37s 96/121 DPDK:fast-tests / rwlock_test1_autotest OK 1.32s 97/121 DPDK:fast-tests / rwlock_rda_autotest OK 6.87s 98/121 DPDK:fast-tests / rwlock_rds_wrm_autotest OK 5.74s 99/121 DPDK:fast-tests / rwlock_rde_wro_autotest OK 6.23s 100/121 DPDK:fast-tests / sched_autotest OK 0.73s 101/121 DPDK:fast-tests / security_autotest OK 1.41s 102/121 DPDK:fast-tests / seqlock_autotest SKIP 1.24s exit status 77 103/121 DPDK:fast-tests / service_autotest OK 1.58s 104/121 DPDK:fast-tests / soring_autotest OK 1.28s 105/121 DPDK:fast-tests / spinlock_autotest OK 0.27s 106/121 DPDK:fast-tests / stack_autotest OK 1.32s 107/121 DPDK:fast-tests / stack_lf_autotest OK 1.28s 108/121 DPDK:fast-tests / string_autotest OK 0.83s 109/121 DPDK:fast-tests / table_autotest OK 41.22s 110/121 DPDK:fast-tests / tailq_autotest OK 1.24s 111/121 DPDK:fast-tests / telemetry_data_autotest OK 1.70s 112/121 DPDK:fast-tests / telemetry_json_autotest OK 0.74s 113/121 DPDK:fast-tests / thash_autotest OK 1.89s 114/121 DPDK:fast-tests / threads_autotest OK 1.23s 115/121 DPDK:fast-tests / ticketlock_autotest OK 1.42s 116/121 DPDK:fast-tests / timer_autotest OK 3.82s 117/121 DPDK:fast-tests / trace_autotest OK 2.19s 118/121 DPDK:fast-tests / trace_autotest_with_traces OK 0.73s 119/121 DPDK:fast-tests / vdev_autotest OK 1.41s 120/121 DPDK:fast-tests / version_autotest OK 0.65s 121/121 DPDK:fast-tests / telemetry_all SKIP 0.08s exit status 77 Ok: 110 Expected Fail: 0 Fail: 1 Unexpected Pass: 0 Skipped: 10 Timeout: 0 Full log written to /root/workspace/Generic-Unit-Test-DPDK/dpdk/build/meson-logs/testlog.txt Test log output from the failed test event_vector_adapter_autotest: Sorry, we were not able to find the logs for this test. Download the log output from the CI site for this test run. ==== End log output ==== CentOS Stream 9 Kernel: 5.15 Compiler: gcc gcc (GCC) 11.5.0 20240719 (Red Hat 11.5.0-7) Debian GNU/Linux 12 Kernel: 5.15 Compiler: gcc gcc (Debian 12.2.0-14+deb12u1) 12.2.0 CentOS Stream 10 Kernel: 5.15 Compiler: gcc gcc (GCC) 14.2.1 20250110 (Red Hat 14.2.1-8) Fedora Linux 41 Kernel: 5.15 Compiler: gcc gcc (GCC) 14.3.1 20250523 (Red Hat 14.3.1-1) Fedora Linux 40 Kernel: 5.15 Compiler: clang gcc (GCC) 14.2.1 20240912 (Red Hat 14.2.1-3) Red Hat Enterprise Linux 8.10 Kernel: 5.15 Compiler: gcc gcc (GCC) 8.5.0 20210514 (Red Hat 8.5.0-22) Ubuntu 20.04 Kernel: 5.15 Compiler: gcc gcc (Ubuntu 9.4.0-1ubuntu1~20.04.2) 9.4.0 Ubuntu 22.04 Kernel: 5.15 Compiler: gcc gcc (Ubuntu 11.4.0-1ubuntu1~22.04) 11.4.0 Red Hat Enterprise Linux 9.5 Kernel: 5.15 Compiler: gcc gcc (GCC) 11.5.0 20240719 (Red Hat 11.5.0-2) Ubuntu 24.04 Kernel: 5.15 Compiler: gcc gcc (Ubuntu 13.3.0-6ubuntu2~24.04) 13.3.0 Windows Server 2022 Kernel: 10.0.20348.2031 Compiler: clang 15.0.7, gcc 14.1.0 (MinGW), and MSVC VS 19.39.33521 To view detailed results, visit: https://lab.dpdk.org/results/dashboard/patchsets/33549/ UNH-IOL DPDK Community Lab To manage your email subscriptions, visit: https://lab.dpdk.org/results/dashboard/preferences/subscriptions/