From mboxrd@z Thu Jan 1 00:00:00 1970 Return-Path: Received: from mails.dpdk.org (mails.dpdk.org [217.70.189.124]) by inbox.dpdk.org (Postfix) with ESMTP id C489E46ACE for ; Tue, 1 Jul 2025 13:45:14 +0200 (CEST) Received: from mails.dpdk.org (localhost [127.0.0.1]) by mails.dpdk.org (Postfix) with ESMTP id BA4EF400D7; Tue, 1 Jul 2025 13:45:14 +0200 (CEST) Received: from mail-pl1-f225.google.com (mail-pl1-f225.google.com [209.85.214.225]) by mails.dpdk.org (Postfix) with ESMTP id 13077400D7 for ; Tue, 1 Jul 2025 13:45:13 +0200 (CEST) Received: by mail-pl1-f225.google.com with SMTP id d9443c01a7336-23602481460so56266165ad.0 for ; Tue, 01 Jul 2025 04:45:13 -0700 (PDT) DKIM-Signature: v=1; a=rsa-sha256; c=relaxed/relaxed; d=iol.unh.edu; s=unh-iol; t=1751370312; x=1751975112; darn=dpdk.org; h=references:in-reply-to:cc:to:from:subject:message-id:date:from:to :cc:subject:date:message-id:reply-to; bh=JOhD0ve8CcwuRVuF6uBNOcfzYgJJ/wch/UFngZO4HAY=; b=CQlKFxrD8W74jAu0n3a7PMKScsoKAIJkCnLbmIFRHgBNNNsOgah2evAtiXuc+BB8FW aKQNMsSNZB7D7+SltTr79Iu4zSQNUdrOyY4QuAG1cPEZSCXkBeA04FtvYsBFmD3DmZPw yxkcl5ix5brlqYfdzWCkcaD02I2xkrUwTb2Tc= X-Google-DKIM-Signature: v=1; a=rsa-sha256; c=relaxed/relaxed; d=1e100.net; s=20230601; t=1751370312; x=1751975112; h=references:in-reply-to:cc:to:from:subject:message-id:date :x-gm-message-state:from:to:cc:subject:date:message-id:reply-to; bh=JOhD0ve8CcwuRVuF6uBNOcfzYgJJ/wch/UFngZO4HAY=; b=DwxwWS/KbMHYt3CvSQzCBoCnJKeg+yhROABSHWAJv048EuxStT/U6+m32oUgfHUA9d c4Tq2P87Dv+OUW7Ir/3Ax3JbXFbzM0cTrZQ2xQElUCuHQgpYBr7/LTEFvbuEwrXd0k/w jeOtlrUkgATXa9BBKpjdGwjBkPCvxo16pPmo5vGem2F+GGMoeYf0fPiIdi47CMmXmtEj iL0rQ5e2lyrCzQ5dE+vup1plIAChUdI/Jm//94C32MdF/Xnfe3hta4tc5TYN1Jqi04Cb gsUJcVYbOqJlPxxxtxE8P3srzQhyk42DPus5yKev3TUuVLuNBBkSO1BygopVGCokNQzd CZoA== X-Gm-Message-State: AOJu0YwFrHRlXRryxL+aBnIsj2NhjI5thln85gX9b0eUNKdZP5h9FeJ7 MZAwRco71hp/f8/lqrBmaGPK46uIBz1YMSyz8+8mjhBRs12RWJjMLi90pfLuotjEVyK/WX6khZK fuCH1GK4xHw0tvFjIP9JzyxsFm3Yn3mFax+ZiAbdvN3Yf X-Gm-Gg: ASbGncucUd2mUXdgH+aBug+nRgqqBf6lZs+MEQVxYSFulxF0cLQGvv/LER61JuJPge/ vozepBoRWkb2Uy5KqVLps9RtEuwM7mhNyrObwVLNJXBWihI23V7PTykpouda4X8JCvYUskLyH5u WITKyd0kuhHKVKKXey/zOhlYK8kGLkU4+2DHhLRxBCAsMktvt+cG0Nc3DYmYNUFYnmU0oREbUV6 Fxx68hYmfeFM89u7rCmv5OjeAJuBQKfG05W4i1uURlbb5Ypg7acr0xo4D7dUsWUu2EMkRMgbCAa S4dKUJ/P5rriZ13TuGPrfQehcDtpciIhIONad+uR4LRMQw4XLyHsrb++E29RlyUXsPAeaQ== X-Google-Smtp-Source: AGHT+IFNoYdcKhOD6FKPvxPo3/a5IJzpDRZlClviaTKYLX8QE/IFf9s0q2sVb2ZMfr5kZRo9JSwF5JALnI18 X-Received: by 2002:a17:903:2acf:b0:235:e8da:8d6 with SMTP id d9443c01a7336-23ac2d86604mr193515215ad.2.1751370311913; Tue, 01 Jul 2025 04:45:11 -0700 (PDT) Received: from postal.iol.unh.edu (postal.iol.unh.edu. [132.177.123.84]) by smtp-relay.gmail.com with ESMTPS id d9443c01a7336-23acb3861c8sm5709475ad.104.2025.07.01.04.45.11 (version=TLS1_2 cipher=ECDHE-ECDSA-AES128-GCM-SHA256 bits=128/128); Tue, 01 Jul 2025 04:45:11 -0700 (PDT) X-Relaying-Domain: iol.unh.edu Date: Tue, 01 Jul 2025 04:45:11 -0700 (PDT) Message-ID: <6863ca47.170a0220.3a829b.0f39SMTPIN_ADDED_MISSING@mx.google.com> Received: from [172.21.0.5] (unknown [172.18.0.240]) by postal.iol.unh.edu (Postfix) with ESMTP id 0E9626051830; Tue, 1 Jul 2025 07:45:11 -0400 (EDT) Subject: |FAILURE| pw154893-154898 [PATCH] [v3,6/6] net/hns3: VF support mult From: dpdklab@iol.unh.edu To: Test Report Cc: dpdk-test-reports@iol.unh.edu, Dengdui Huang In-Reply-To: <20250701091004.531704-7-huangdengdui@huawei.com> References: <20250701091004.531704-7-huangdengdui@huawei.com> Content-Type: text/plain X-BeenThere: test-report@dpdk.org X-Mailman-Version: 2.1.29 Precedence: list List-Id: automatic DPDK test reports List-Unsubscribe: , List-Archive: List-Post: List-Help: List-Subscribe: , Errors-To: test-report-bounces@dpdk.org Test-Label: iol-unit-amd64-testing Test-Status: FAILURE http://dpdk.org/patch/154898 _Testing issues_ Submitter: Dengdui Huang Date: Tuesday, July 01 2025 09:10:04 DPDK git baseline: Repo:dpdk Branch: master CommitID:77864da82f25a9e1e43c14b2cba68c2049a3ee3e 154893-154898 --> testing issues Upstream job id: Generic-Unit-Test-DPDK#351399 Test environment and result as below: +-------------------------------+----------------+ | Environment | dpdk_unit_test | +===============================+================+ | Debian GNU/Linux 12 | PASS | +-------------------------------+----------------+ | CentOS Stream 9 | PASS | +-------------------------------+----------------+ | Fedora Linux 41 | PEND | +-------------------------------+----------------+ | Fedora Linux 40 | PASS | +-------------------------------+----------------+ | CentOS Stream 10 | FAIL | +-------------------------------+----------------+ | Ubuntu 22.04 | PEND | +-------------------------------+----------------+ | Red Hat Enterprise Linux 9.5 | PASS | +-------------------------------+----------------+ | Red Hat Enterprise Linux 8.10 | PEND | +-------------------------------+----------------+ | Ubuntu 20.04 | PEND | +-------------------------------+----------------+ | Ubuntu 24.04 | PEND | +-------------------------------+----------------+ ==== Unit test summary for CentOS Stream 10 (dpdk_unit_test): ==== ninja: Entering directory `/root/workspace/Generic-Unit-Test-DPDK/dpdk/build' ninja: no work to do. 1/121 DPDK:fast-tests / acl_autotest OK 4.53s 2/121 DPDK:fast-tests / alarm_autotest OK 1.21s 3/121 DPDK:fast-tests / argparse_autotest OK 0.18s 4/121 DPDK:fast-tests / atomic_autotest OK 0.80s 5/121 DPDK:fast-tests / bitcount_autotest OK 0.24s 6/121 DPDK:fast-tests / bitmap_autotest OK 0.29s 7/121 DPDK:fast-tests / bitops_autotest OK 2.29s 8/121 DPDK:fast-tests / bitratestats_autotest OK 0.31s 9/121 DPDK:fast-tests / bitset_autotest OK 2.56s 10/121 DPDK:fast-tests / bpf_autotest OK 0.49s 11/121 DPDK:fast-tests / bpf_convert_autotest OK 0.35s 12/121 DPDK:fast-tests / byteorder_autotest OK 0.16s 13/121 DPDK:fast-tests / cfgfile_autotest OK 0.33s 14/121 DPDK:fast-tests / cksum_autotest OK 0.25s 15/121 DPDK:fast-tests / cmdline_autotest OK 0.22s 16/121 DPDK:fast-tests / common_autotest OK 0.65s 17/121 DPDK:fast-tests / compressdev_autotest SKIP 0.21s exit status 77 18/121 DPDK:fast-tests / cpuflags_autotest OK 0.22s 19/121 DPDK:fast-tests / crc_autotest OK 0.17s 20/121 DPDK:fast-tests / user_delay_us OK 0.48s 21/121 DPDK:fast-tests / debug_autotest OK 0.61s 22/121 DPDK:fast-tests / devargs_autotest OK 0.19s 23/121 DPDK:fast-tests / dispatcher_autotest SKIP 0.14s exit status 77 24/121 DPDK:fast-tests / distributor_autotest OK 1.65s 25/121 DPDK:fast-tests / eal_flags_c_opt_autotest OK 1.42s 26/121 DPDK:fast-tests / eal_flags_main_opt_autotest OK 0.49s 27/121 DPDK:fast-tests / eal_flags_n_opt_autotest OK 0.75s 28/121 DPDK:fast-tests / eal_flags_hpet_autotest OK 0.26s 29/121 DPDK:fast-tests / eal_flags_no_huge_autotest OK 0.66s 30/121 DPDK:fast-tests / eal_flags_a_opt_autotest OK 0.69s 31/121 DPDK:fast-tests / eal_flags_b_opt_autotest OK 0.49s 32/121 DPDK:fast-tests / eal_flags_vdev_opt_autotest OK 0.99s 33/121 DPDK:fast-tests / eal_flags_r_opt_autotest OK 0.50s 34/121 DPDK:fast-tests / eal_flags_mem_autotest OK 1.11s 35/121 DPDK:fast-tests / eal_flags_file_prefix_autotest OK 3.73s 36/121 DPDK:fast-tests / eal_flags_misc_autotest OK 3.28s 37/121 DPDK:fast-tests / eal_fs_autotest OK 0.31s 38/121 DPDK:fast-tests / errno_autotest OK 0.27s 39/121 DPDK:fast-tests / ethdev_link_status OK 0.48s 40/121 DPDK:fast-tests / event_eth_tx_adapter_autotest OK 0.75s 41/121 DPDK:fast-tests / event_ring_autotest OK 0.37s 42/121 DPDK:fast-tests / event_vector_adapter_autotest FAIL 2.33s (exit status 255 or signal 127 SIGinvalid) >>> DPDK_TEST=event_vector_adapter_autotest MALLOC_PERTURB_=232 /root/workspace/Generic-Unit-Test-DPDK/dpdk/build/app/dpdk-test --no-huge -m 2048 43/121 DPDK:fast-tests / eventdev_common_autotest OK 0.16s 44/121 DPDK:fast-tests / eventdev_selftest_sw OK 0.30s 45/121 DPDK:fast-tests / fbarray_autotest OK 0.37s 46/121 DPDK:fast-tests / fib_autotest OK 1.33s 47/121 DPDK:fast-tests / fib6_autotest OK 1.08s 48/121 DPDK:fast-tests / func_reentrancy_autotest OK 1.16s 49/121 DPDK:fast-tests / graph_autotest OK 0.24s 50/121 DPDK:fast-tests / node_list_dump OK 0.32s 51/121 DPDK:fast-tests / graph_feature_arc_autotest OK 0.36s 52/121 DPDK:fast-tests / hash_autotest OK 0.57s 53/121 DPDK:fast-tests / hash_readwrite_func_autotest SKIP 0.15s exit status 77 54/121 DPDK:fast-tests / interrupt_autotest OK 2.18s 55/121 DPDK:fast-tests / ipfrag_autotest OK 0.25s 56/121 DPDK:fast-tests / ipsec_autotest SKIP 0.36s exit status 77 57/121 DPDK:fast-tests / kvargs_autotest OK 0.31s 58/121 DPDK:fast-tests / latencystats_autotest OK 0.17s 59/121 DPDK:fast-tests / lcore_var_autotest OK 0.69s 60/121 DPDK:fast-tests / lcores_autotest OK 1.41s 61/121 DPDK:fast-tests / logs_autotest OK 0.20s 62/121 DPDK:fast-tests / lpm_autotest OK 2.83s 63/121 DPDK:fast-tests / lpm6_autotest OK 4.80s 64/121 DPDK:fast-tests / malloc_autotest OK 0.83s 65/121 DPDK:fast-tests / mbuf_autotest OK 0.40s 66/121 DPDK:fast-tests / mcslock_autotest OK 0.83s 67/121 DPDK:fast-tests / member_autotest OK 1.80s 68/121 DPDK:fast-tests / memcpy_autotest OK 3.90s 69/121 DPDK:fast-tests / memory_autotest OK 0.35s 70/121 DPDK:fast-tests / mempool_autotest OK 0.59s 71/121 DPDK:fast-tests / memzone_autotest OK 0.30s 72/121 DPDK:fast-tests / meter_autotest OK 0.17s 73/121 DPDK:fast-tests / metrics_autotest OK 0.36s 74/121 DPDK:fast-tests / multiprocess_autotest OK 0.29s 75/121 DPDK:fast-tests / net_ether_autotest OK 0.95s 76/121 DPDK:fast-tests / net_ipv6_autotest OK 0.32s 77/121 DPDK:fast-tests / pcapng_autotest OK 10.22s 78/121 DPDK:fast-tests / pdcp_autotest SKIP 0.15s exit status 77 79/121 DPDK:fast-tests / pdump_autotest OK 2.06s 80/121 DPDK:fast-tests / per_lcore_autotest OK 0.29s 81/121 DPDK:fast-tests / pflock_autotest OK 0.51s 82/121 DPDK:fast-tests / pie_autotest OK 0.28s 83/121 DPDK:fast-tests / ring_pmd_autotest OK 0.17s 84/121 DPDK:fast-tests / power_autotest OK 0.30s 85/121 DPDK:fast-tests / power_cpufreq_autotest SKIP 0.15s exit status 77 86/121 DPDK:fast-tests / power_intel_uncore_autotest SKIP 0.39s exit status 77 87/121 DPDK:fast-tests / power_kvm_vm_autotest SKIP 0.20s exit status 77 88/121 DPDK:fast-tests / prefetch_autotest OK 0.18s 89/121 DPDK:fast-tests / ptr_compress_autotest OK 0.35s 90/121 DPDK:fast-tests / rawdev_autotest OK 0.35s 91/121 DPDK:fast-tests / rcu_qsbr_autotest OK 0.47s 92/121 DPDK:fast-tests / reorder_autotest OK 0.42s 93/121 DPDK:fast-tests / rib_autotest OK 8.24s 94/121 DPDK:fast-tests / rib6_autotest OK 7.38s 95/121 DPDK:fast-tests / ring_autotest OK 0.44s 96/121 DPDK:fast-tests / rwlock_test1_autotest OK 0.60s 97/121 DPDK:fast-tests / rwlock_rda_autotest OK 5.48s 98/121 DPDK:fast-tests / rwlock_rds_wrm_autotest OK 5.26s 99/121 DPDK:fast-tests / rwlock_rde_wro_autotest OK 5.36s 100/121 DPDK:fast-tests / sched_autotest OK 0.38s 101/121 DPDK:fast-tests / security_autotest OK 0.24s 102/121 DPDK:fast-tests / seqlock_autotest SKIP 0.28s exit status 77 103/121 DPDK:fast-tests / service_autotest OK 0.49s 104/121 DPDK:fast-tests / soring_autotest OK 0.26s 105/121 DPDK:fast-tests / spinlock_autotest OK 0.33s 106/121 DPDK:fast-tests / stack_autotest OK 0.33s 107/121 DPDK:fast-tests / stack_lf_autotest OK 0.45s 108/121 DPDK:fast-tests / string_autotest OK 0.31s 109/121 DPDK:fast-tests / table_autotest OK 9.08s 110/121 DPDK:fast-tests / tailq_autotest OK 0.30s 111/121 DPDK:fast-tests / telemetry_data_autotest OK 0.47s 112/121 DPDK:fast-tests / telemetry_json_autotest OK 0.33s 113/121 DPDK:fast-tests / thash_autotest OK 0.33s 114/121 DPDK:fast-tests / threads_autotest OK 0.90s 115/121 DPDK:fast-tests / ticketlock_autotest OK 0.29s 116/121 DPDK:fast-tests / timer_autotest OK 2.96s 117/121 DPDK:fast-tests / trace_autotest OK 0.32s 118/121 DPDK:fast-tests / trace_autotest_with_traces OK 0.17s 119/121 DPDK:fast-tests / vdev_autotest OK 0.41s 120/121 DPDK:fast-tests / version_autotest OK 0.18s 121/121 DPDK:fast-tests / telemetry_all SKIP 0.21s exit status 77 Ok: 110 Expected Fail: 0 Fail: 1 Unexpected Pass: 0 Skipped: 10 Timeout: 0 Full log written to /root/workspace/Generic-Unit-Test-DPDK/dpdk/build/meson-logs/testlog.txt Test log output from the failed test event_vector_adapter_autotest: Sorry, we were not able to find the logs for this test. Download the log output from the CI site for this test run. ==== End log output ==== Debian GNU/Linux 12 Kernel: 5.15 Compiler: gcc gcc (Debian 12.2.0-14+deb12u1) 12.2.0 CentOS Stream 9 Kernel: 5.15 Compiler: gcc gcc (GCC) 11.5.0 20240719 (Red Hat 11.5.0-7) Fedora Linux 41 Kernel: 5.15 Compiler: gcc gcc (GCC) 14.3.1 20250523 (Red Hat 14.3.1-1) Fedora Linux 40 Kernel: 5.15 Compiler: clang gcc (GCC) 14.2.1 20240912 (Red Hat 14.2.1-3) CentOS Stream 10 Kernel: 5.15 Compiler: gcc gcc (GCC) 14.2.1 20250110 (Red Hat 14.2.1-8) Ubuntu 22.04 Kernel: 5.15 Compiler: gcc gcc (Ubuntu 11.4.0-1ubuntu1~22.04) 11.4.0 Red Hat Enterprise Linux 9.5 Kernel: 5.15 Compiler: gcc gcc (GCC) 11.5.0 20240719 (Red Hat 11.5.0-2) Red Hat Enterprise Linux 8.10 Kernel: 5.15 Compiler: gcc gcc (GCC) 8.5.0 20210514 (Red Hat 8.5.0-22) Ubuntu 20.04 Kernel: 5.15 Compiler: gcc gcc (Ubuntu 9.4.0-1ubuntu1~20.04.2) 9.4.0 Ubuntu 24.04 Kernel: 5.15 Compiler: gcc gcc (Ubuntu 13.3.0-6ubuntu2~24.04) 13.3.0 To view detailed results, visit: https://lab.dpdk.org/results/dashboard/patchsets/33551/ UNH-IOL DPDK Community Lab To manage your email subscriptions, visit: https://lab.dpdk.org/results/dashboard/preferences/subscriptions/