From mboxrd@z Thu Jan 1 00:00:00 1970 Return-Path: Received: from mails.dpdk.org (mails.dpdk.org [217.70.189.124]) by inbox.dpdk.org (Postfix) with ESMTP id EB67E46ACF for ; Tue, 1 Jul 2025 14:27:56 +0200 (CEST) Received: from mails.dpdk.org (localhost [127.0.0.1]) by mails.dpdk.org (Postfix) with ESMTP id CFC45400D7; Tue, 1 Jul 2025 14:27:56 +0200 (CEST) Received: from mail-pl1-f227.google.com (mail-pl1-f227.google.com [209.85.214.227]) by mails.dpdk.org (Postfix) with ESMTP id A0705400D7 for ; Tue, 1 Jul 2025 14:27:55 +0200 (CEST) Received: by mail-pl1-f227.google.com with SMTP id d9443c01a7336-2366e5e4dbaso54821255ad.1 for ; Tue, 01 Jul 2025 05:27:55 -0700 (PDT) DKIM-Signature: v=1; a=rsa-sha256; c=relaxed/relaxed; d=iol.unh.edu; s=unh-iol; t=1751372875; x=1751977675; darn=dpdk.org; h=references:in-reply-to:cc:to:from:subject:message-id:date:from:to :cc:subject:date:message-id:reply-to; bh=iPQyA6QkwoQoTaX3gVtENnxbLfqo7sAn5u6ZrO5ahdc=; b=eeClujxo6TDInBlbCqfkpy3Dm4jKfGC/a1W8BgQnF3Prw6Md/7J7iKtwxigs4NysAu zseOmFICw6BWotXGvxiwGx+qkvjpICFNpeccoTHB8OO1hJzKQtv1wyu4gcIGLj65N6Kc Rcs5fnrTsYVtbt6kYC/iyErOZVX69Ss6gq498= X-Google-DKIM-Signature: v=1; a=rsa-sha256; c=relaxed/relaxed; d=1e100.net; s=20230601; t=1751372875; x=1751977675; h=references:in-reply-to:cc:to:from:subject:message-id:date :x-gm-message-state:from:to:cc:subject:date:message-id:reply-to; bh=iPQyA6QkwoQoTaX3gVtENnxbLfqo7sAn5u6ZrO5ahdc=; b=Sn0vaPjsvKk27BrGR2Mu0jZ2ciBVdvCjLnLZiWZWudCXWFEpNSMPye8vV6eB0KX/aN r7yLNg6obq9EutaNL1wsc0oZhXR2F2oTFM3FI+EGRTd1K64iehdbBOtK9uNa/ey1PXsm JqlftigH9h+AvTRK0QPnNVM7UD8lE7Ag47fuwY3pTMlyKb9S7jxag9Yn+/fGiYiojW1L 5EL9c3lfrviIPRYQvuZJBY7zZreS/wMm9S/EMo9hJkv7sbJEG5KOZLmtlXUAXmshTbJ5 mFSLcbT+ugg1nJAKMCfY2RTAFK4y/cPGYPGz+W0yM3OcO7zIGIYoq1pZa0ZUBeCbIgjN rB2A== X-Gm-Message-State: AOJu0Yw4hVZtq5qDUc5CPZN+IwHfjci2RGveVVPZ/ds078yr1W/Kg5pz 4llzIsL1zPeJgHRX7BvodblvMJB0jIjHdHuBHbv75qTOFhud7P7sJVBILojOiHfh8CodlR1gyI6 QG3RvXKSDZ+AvBmDI9Rf8ipV0IAaqxyG0MqXJwBiM9MGH X-Gm-Gg: ASbGncvTiciLhLKZ5jXyk01+TNXrkYKsS8JWk3IhRpQx4pPHqLXZH0yURAkDcWB24vt Fs6C4MbblIs1d8q3CM5iCPj17AchEO1dAap0nyKZ4xr5HrBcJF1++qdWzHe7roi3LXKNGS4Lds3 KogBr2Ynqknqj5anVB3QpUaC1bv++f338ZLnZnz1tMMwjHNS4EIbrclR9d44MNTvzna+n4smBAm SNzNqYwWtzUch0uhYHFnmVSs9IJtHd0i3DfVSIOpVOwuvl36Ka+NghYqgpk2ExwyYpmiEuvnBYY k7VHhpvkb1uiXIfDHNC+AuEikQ4/WY+jS/4r0Q/8iunmM0NNiPfz0HrjQNtyLkTpsDvaMg== X-Google-Smtp-Source: AGHT+IHE/a7RaGsQDGN0KfcrOVtuRYCoY25ibygqYq6ZhnRBD56RXYFDfcPb6GTXFl7DjjO53xp5Q5KZfc/B X-Received: by 2002:a17:90b:17cd:b0:30e:6a9d:d78b with SMTP id 98e67ed59e1d1-31939b14c81mr4828237a91.12.1751372874646; Tue, 01 Jul 2025 05:27:54 -0700 (PDT) Received: from postal.iol.unh.edu (postal.iol.unh.edu. [132.177.123.84]) by smtp-relay.gmail.com with ESMTPS id 98e67ed59e1d1-318c1366ebcsm357843a91.2.2025.07.01.05.27.54 (version=TLS1_2 cipher=ECDHE-ECDSA-AES128-GCM-SHA256 bits=128/128); Tue, 01 Jul 2025 05:27:54 -0700 (PDT) X-Relaying-Domain: iol.unh.edu Date: Tue, 01 Jul 2025 05:27:54 -0700 (PDT) Message-ID: <6863d44a.170a0220.1421d1.373bSMTPIN_ADDED_MISSING@mx.google.com> Received: from [172.17.0.2] (unknown [172.18.0.74]) by postal.iol.unh.edu (Postfix) with ESMTP id EB6A66051830; Tue, 1 Jul 2025 08:27:52 -0400 (EDT) Subject: |FAILURE| pw154893-154898 [PATCH] [v3,6/6] net/hns3: VF support mult From: dpdklab@iol.unh.edu To: Test Report Cc: dpdk-test-reports@iol.unh.edu, Dengdui Huang In-Reply-To: <20250701091004.531704-7-huangdengdui@huawei.com> References: <20250701091004.531704-7-huangdengdui@huawei.com> Content-Type: text/plain X-BeenThere: test-report@dpdk.org X-Mailman-Version: 2.1.29 Precedence: list List-Id: automatic DPDK test reports List-Unsubscribe: , List-Archive: List-Post: List-Help: List-Subscribe: , Errors-To: test-report-bounces@dpdk.org Test-Label: iol-compile-amd64-testing Test-Status: FAILURE http://dpdk.org/patch/154898 _Testing issues_ Submitter: Dengdui Huang Date: Tuesday, July 01 2025 09:10:04 DPDK git baseline: Repo:dpdk Branch: master CommitID:77864da82f25a9e1e43c14b2cba68c2049a3ee3e 154893-154898 --> testing issues Upstream job id: Generic-DPDK-Compile-Meson#404137 Test environment and result as below: +-------------------------------+--------------------+-------------------+------------------+-------------------------+-------------------+----------------------+ | Environment | dpdk_meson_compile | dpdk_compile_spdk | dpdk_compile_ovs | dpdk_llvm_clang_compile | dpdk_msvc_compile | dpdk_mingw64_compile | +===============================+====================+===================+==================+=========================+===================+======================+ | CentOS Stream 9 | PASS | PASS | SKIPPED | SKIPPED | SKIPPED | SKIPPED | +-------------------------------+--------------------+-------------------+------------------+-------------------------+-------------------+----------------------+ | CentOS Stream 10 | PASS | SKIPPED | SKIPPED | SKIPPED | SKIPPED | SKIPPED | +-------------------------------+--------------------+-------------------+------------------+-------------------------+-------------------+----------------------+ | Debian GNU/Linux 12 | PASS | PASS | SKIPPED | SKIPPED | SKIPPED | SKIPPED | +-------------------------------+--------------------+-------------------+------------------+-------------------------+-------------------+----------------------+ | Fedora Linux 40 | PASS | PASS | SKIPPED | SKIPPED | SKIPPED | SKIPPED | +-------------------------------+--------------------+-------------------+------------------+-------------------------+-------------------+----------------------+ | Fedora Linux 41 | PEND | PEND | PEND | SKIPPED | SKIPPED | SKIPPED | +-------------------------------+--------------------+-------------------+------------------+-------------------------+-------------------+----------------------+ | Red Hat Enterprise Linux 8.10 | PASS | SKIPPED | SKIPPED | SKIPPED | SKIPPED | SKIPPED | +-------------------------------+--------------------+-------------------+------------------+-------------------------+-------------------+----------------------+ | openSUSE Leap 15.6 | PASS | SKIPPED | SKIPPED | SKIPPED | SKIPPED | SKIPPED | +-------------------------------+--------------------+-------------------+------------------+-------------------------+-------------------+----------------------+ | Red Hat Enterprise Linux 9.5 | PASS | SKIPPED | SKIPPED | SKIPPED | SKIPPED | SKIPPED | +-------------------------------+--------------------+-------------------+------------------+-------------------------+-------------------+----------------------+ | Ubuntu 20.04 | PASS | SKIPPED | SKIPPED | SKIPPED | SKIPPED | SKIPPED | +-------------------------------+--------------------+-------------------+------------------+-------------------------+-------------------+----------------------+ | Ubuntu 22.04 | PASS | PASS | SKIPPED | SKIPPED | SKIPPED | SKIPPED | +-------------------------------+--------------------+-------------------+------------------+-------------------------+-------------------+----------------------+ | Ubuntu 24.04 | PEND | PASS | PASS | SKIPPED | SKIPPED | SKIPPED | +-------------------------------+--------------------+-------------------+------------------+-------------------------+-------------------+----------------------+ | Alpine Linux 3.22.0 | PEND | SKIPPED | SKIPPED | SKIPPED | SKIPPED | SKIPPED | +-------------------------------+--------------------+-------------------+------------------+-------------------------+-------------------+----------------------+ | FreeBSD 14.2 | PASS | SKIPPED | SKIPPED | SKIPPED | SKIPPED | SKIPPED | +-------------------------------+--------------------+-------------------+------------------+-------------------------+-------------------+----------------------+ | Windows Server 2022 | SKIPPED | SKIPPED | SKIPPED | PASS | PASS | PEND | +-------------------------------+--------------------+-------------------+------------------+-------------------------+-------------------+----------------------+ CentOS Stream 9 Kernel: 5.15 Compiler: gcc gcc (GCC) 11.5.0 20240719 (Red Hat 11.5.0-7) CentOS Stream 10 Kernel: 5.15 Compiler: gcc gcc (GCC) 14.2.1 20250110 (Red Hat 14.2.1-8) Debian GNU/Linux 12 Kernel: 5.15 Compiler: gcc gcc (Debian 12.2.0-14+deb12u1) 12.2.0 Fedora Linux 40 Kernel: 5.15 Compiler: clang gcc (GCC) 14.2.1 20240912 (Red Hat 14.2.1-3) Fedora Linux 41 Kernel: 5.15 Compiler: gcc gcc (GCC) 14.3.1 20250523 (Red Hat 14.3.1-1) Red Hat Enterprise Linux 8.10 Kernel: 5.15 Compiler: gcc gcc (GCC) 8.5.0 20210514 (Red Hat 8.5.0-22) openSUSE Leap 15.6 Kernel: 5.15 Compiler: gcc gcc (SUSE Linux) 7.5.0 Red Hat Enterprise Linux 9.5 Kernel: 5.15 Compiler: gcc gcc (GCC) 11.5.0 20240719 (Red Hat 11.5.0-2) Ubuntu 20.04 Kernel: 5.15 Compiler: gcc gcc (Ubuntu 9.4.0-1ubuntu1~20.04.2) 9.4.0 Ubuntu 22.04 Kernel: 5.15 Compiler: gcc gcc (Ubuntu 11.4.0-1ubuntu1~22.04) 11.4.0 Ubuntu 24.04 Kernel: 5.15 Compiler: gcc gcc (Ubuntu 13.3.0-6ubuntu2~24.04) 13.3.0 Alpine Linux 3.22.0 Kernel: 5.15 Compiler: gcc gcc (Alpine 14.2.0) 14.2.0 FreeBSD 14.2 Kernel: 14.2-RELEASE Compiler: clang 18.1.6 Windows Server 2022 Kernel: 10.0.20348.2031 Compiler: clang 15.0.7, gcc 14.1.0 (MinGW), and MSVC VS 19.39.33521 To view detailed results, visit: https://lab.dpdk.org/results/dashboard/patchsets/33551/ UNH-IOL DPDK Community Lab To manage your email subscriptions, visit: https://lab.dpdk.org/results/dashboard/preferences/subscriptions/