automatic DPDK test reports
 help / color / mirror / Atom feed
* |SUCCESS| pw154974-154975 [PATCH 2/2] dts: add generic blocking app class
       [not found] <20250702164204.607685-3-luca.vizzarro@arm.com>
@ 2025-07-02 16:09 ` qemudev
  2025-07-02 16:14 ` qemudev
                   ` (12 subsequent siblings)
  13 siblings, 0 replies; 14+ messages in thread
From: qemudev @ 2025-07-02 16:09 UTC (permalink / raw)
  To: test-report

Test-Label: loongarch-compilation
Test-Status: SUCCESS
http://dpdk.org/patch/154975

_Compilation OK_

Submitter: Luca Vizzarro <luca.vizzarro@arm.com>
Date: Wed,  2 Jul 2025 17:42:03 +0100
DPDK git baseline: Repo:dpdk
  Branch: main
  CommitID: bd546772e1449ccc0789db338cc398815fa2636d

154974-154975 --> meson & ninja build successfully

Test environment and result as below:

+---------------------+----------------+
|     Environment     | compilation    |
+---------------------+----------------+
| Loongnix-Server 8.3 | PASS           |
+---------------------+----------------+

Loongnix-Server 8.3
    Kernel: 4.19.190+
    Compiler: gcc 8.3


^ permalink raw reply	[flat|nested] 14+ messages in thread

* |SUCCESS| pw154974-154975 [PATCH 2/2] dts: add generic blocking app class
       [not found] <20250702164204.607685-3-luca.vizzarro@arm.com>
  2025-07-02 16:09 ` |SUCCESS| pw154974-154975 [PATCH 2/2] dts: add generic blocking app class qemudev
@ 2025-07-02 16:14 ` qemudev
  2025-07-02 16:43 ` |SUCCESS| pw154975 " checkpatch
                   ` (11 subsequent siblings)
  13 siblings, 0 replies; 14+ messages in thread
From: qemudev @ 2025-07-02 16:14 UTC (permalink / raw)
  To: test-report

Test-Label: loongarch-unit-testing
Test-Status: SUCCESS
http://dpdk.org/patch/154975

_Unit Testing PASS_

Submitter: Luca Vizzarro <luca.vizzarro@arm.com>
Date: Wed,  2 Jul 2025 17:42:03 +0100
DPDK git baseline: Repo:dpdk
  Branch: main
  CommitID: bd546772e1449ccc0789db338cc398815fa2636d

154974-154975 --> testing pass

Test environment and result as below:

+---------------------+----------------+
|     Environment     | dpdk_unit_test |
+---------------------+----------------+
| Loongnix-Server 8.3 | PASS           |
+---------------------+----------------+

Loongnix-Server 8.3
    Kernel: 4.19.190+
    Compiler: gcc 8.3


Test result details:
  1/120 DPDK:fast-tests / acl_autotest                            OK              3.07s
  2/120 DPDK:fast-tests / alarm_autotest                          OK              1.40s
  3/120 DPDK:fast-tests / argparse_autotest                       OK              0.39s
  4/120 DPDK:fast-tests / atomic_autotest                         OK              7.30s
  5/120 DPDK:fast-tests / bitcount_autotest                       OK              0.40s
  6/120 DPDK:fast-tests / bitmap_autotest                         OK              0.40s
  7/120 DPDK:fast-tests / bitops_autotest                         OK              1.90s
  8/120 DPDK:fast-tests / bitratestats_autotest                   OK              0.40s
  9/120 DPDK:fast-tests / bitset_autotest                         OK              3.15s
 10/120 DPDK:fast-tests / bpf_autotest                            OK              0.40s
 11/120 DPDK:fast-tests / bpf_convert_autotest                    OK              0.40s
 12/120 DPDK:fast-tests / byteorder_autotest                      OK              0.40s
 13/120 DPDK:fast-tests / cfgfile_autotest                        OK              0.40s
 14/120 DPDK:fast-tests / cksum_autotest                          OK              0.40s
 15/120 DPDK:fast-tests / cmdline_autotest                        OK              0.40s
 16/120 DPDK:fast-tests / common_autotest                         OK              1.28s
 17/120 DPDK:fast-tests / compressdev_autotest                    SKIP            0.07s   exit status 77
 18/120 DPDK:fast-tests / cpuflags_autotest                       OK              0.39s
 19/120 DPDK:fast-tests / crc_autotest                            OK              0.40s
 20/120 DPDK:fast-tests / user_delay_us                           OK              0.40s
 21/120 DPDK:fast-tests / debug_autotest                          OK             19.43s
 22/120 DPDK:fast-tests / devargs_autotest                        OK              0.39s
 23/120 DPDK:fast-tests / dispatcher_autotest                     OK              2.52s
 24/120 DPDK:fast-tests / distributor_autotest                    OK              1.20s
 25/120 DPDK:fast-tests / eal_flags_c_opt_autotest                OK              0.81s
 26/120 DPDK:fast-tests / eal_flags_main_opt_autotest             OK              0.22s
 27/120 DPDK:fast-tests / eal_flags_n_opt_autotest                OK              0.20s
 28/120 DPDK:fast-tests / eal_flags_hpet_autotest                 OK              0.13s
 29/120 DPDK:fast-tests / eal_flags_no_huge_autotest              OK              0.23s
 30/120 DPDK:fast-tests / eal_flags_a_opt_autotest                OK              0.31s
 31/120 DPDK:fast-tests / eal_flags_b_opt_autotest                OK              0.25s
 32/120 DPDK:fast-tests / eal_flags_vdev_opt_autotest             OK              0.20s
 33/120 DPDK:fast-tests / eal_flags_r_opt_autotest                OK              0.19s
 34/120 DPDK:fast-tests / eal_flags_mem_autotest                  OK              0.60s
 35/120 DPDK:fast-tests / eal_flags_file_prefix_autotest          OK             22.26s
 36/120 DPDK:fast-tests / eal_flags_misc_autotest                 OK              1.07s
 37/120 DPDK:fast-tests / eal_fs_autotest                         OK              0.39s
 38/120 DPDK:fast-tests / errno_autotest                          OK              0.40s
 39/120 DPDK:fast-tests / ethdev_link_status                      OK              0.40s
 40/120 DPDK:fast-tests / event_eth_tx_adapter_autotest           OK              1.68s
 41/120 DPDK:fast-tests / event_ring_autotest                     OK              0.40s
 42/120 DPDK:fast-tests / eventdev_common_autotest                OK              0.40s
 43/120 DPDK:fast-tests / eventdev_selftest_sw                    OK              7.21s
 44/120 DPDK:fast-tests / fbarray_autotest                        OK              0.40s
 45/120 DPDK:fast-tests / fib_autotest                            OK              1.25s
 46/120 DPDK:fast-tests / fib6_autotest                           OK              1.04s
 47/120 DPDK:fast-tests / func_reentrancy_autotest                OK              2.14s
 48/120 DPDK:fast-tests / graph_autotest                          OK              0.40s
 49/120 DPDK:fast-tests / node_list_dump                          OK              0.40s
 50/120 DPDK:fast-tests / graph_feature_arc_autotest              OK              0.40s
 51/120 DPDK:fast-tests / hash_autotest                           OK              1.02s
 52/120 DPDK:fast-tests / hash_readwrite_func_autotest            OK              6.40s
 53/120 DPDK:fast-tests / interrupt_autotest                      OK              1.70s
 54/120 DPDK:fast-tests / ipfrag_autotest                         OK              0.07s
 55/120 DPDK:fast-tests / ipsec_autotest                          SKIP            0.40s   exit status 77
 56/120 DPDK:fast-tests / kvargs_autotest                         OK              0.40s
 57/120 DPDK:fast-tests / latencystats_autotest                   OK              0.40s
 58/120 DPDK:fast-tests / lcore_var_autotest                      OK              0.54s
 59/120 DPDK:fast-tests / lcores_autotest                         OK              5.21s
 60/120 DPDK:fast-tests / logs_autotest                           OK              0.40s
 61/120 DPDK:fast-tests / lpm_autotest                            OK              2.44s
 62/120 DPDK:fast-tests / lpm6_autotest                           OK              5.59s
 63/120 DPDK:fast-tests / malloc_autotest                         OK             59.68s
 64/120 DPDK:fast-tests / mbuf_autotest                           OK              4.86s
 65/120 DPDK:fast-tests / mcslock_autotest                        OK              4.90s
 66/120 DPDK:fast-tests / member_autotest                         OK              1.61s
 67/120 DPDK:fast-tests / memcpy_autotest                         OK              7.11s
 68/120 DPDK:fast-tests / memory_autotest                         OK              0.09s
 69/120 DPDK:fast-tests / mempool_autotest                        OK              0.43s
 70/120 DPDK:fast-tests / memzone_autotest                        OK              0.14s
 71/120 DPDK:fast-tests / meter_autotest                          OK              0.39s
 72/120 DPDK:fast-tests / metrics_autotest                        OK              0.40s
 73/120 DPDK:fast-tests / multiprocess_autotest                   OK              0.19s
 74/120 DPDK:fast-tests / net_ether_autotest                      OK              1.06s
 75/120 DPDK:fast-tests / net_ipv6_autotest                       OK              0.40s
 76/120 DPDK:fast-tests / pcapng_autotest                         OK              6.25s
 77/120 DPDK:fast-tests / pdcp_autotest                           SKIP            0.07s   exit status 77
 78/120 DPDK:fast-tests / pdump_autotest                          OK              0.52s
 79/120 DPDK:fast-tests / per_lcore_autotest                      OK              0.50s
 80/120 DPDK:fast-tests / pflock_autotest                         OK              1.21s
 81/120 DPDK:fast-tests / pie_autotest                            OK              0.40s
 82/120 DPDK:fast-tests / ring_pmd_autotest                       OK              0.40s
 83/120 DPDK:fast-tests / power_autotest                          OK              0.40s
 84/120 DPDK:fast-tests / power_cpufreq_autotest                  SKIP            0.07s   exit status 77
 85/120 DPDK:fast-tests / power_intel_uncore_autotest             SKIP            0.39s   exit status 77
 86/120 DPDK:fast-tests / power_kvm_vm_autotest                   SKIP            0.07s   exit status 77
 87/120 DPDK:fast-tests / prefetch_autotest                       OK              0.39s
 88/120 DPDK:fast-tests / ptr_compress_autotest                   OK              0.40s
 89/120 DPDK:fast-tests / rawdev_autotest                         OK              0.40s
 90/120 DPDK:fast-tests / rcu_qsbr_autotest                       OK              0.91s
 91/120 DPDK:fast-tests / reorder_autotest                        OK              0.45s
 92/120 DPDK:fast-tests / rib_autotest                            OK              9.06s
 93/120 DPDK:fast-tests / rib6_autotest                           OK              9.04s
 94/120 DPDK:fast-tests / ring_autotest                           OK              0.43s
 95/120 DPDK:fast-tests / rwlock_test1_autotest                   OK              1.14s
 96/120 DPDK:fast-tests / rwlock_rda_autotest                     OK              5.40s
 97/120 DPDK:fast-tests / rwlock_rds_wrm_autotest                 OK              5.44s
 98/120 DPDK:fast-tests / rwlock_rde_wro_autotest                 OK              5.40s
 99/120 DPDK:fast-tests / sched_autotest                          OK              0.40s
100/120 DPDK:fast-tests / security_autotest                       OK              0.07s
101/120 DPDK:fast-tests / seqlock_autotest                        OK              2.40s
102/120 DPDK:fast-tests / service_autotest                        OK              3.10s
103/120 DPDK:fast-tests / soring_autotest                         OK              0.40s
104/120 DPDK:fast-tests / spinlock_autotest                       OK              0.48s
105/120 DPDK:fast-tests / stack_autotest                          OK              0.87s
106/120 DPDK:fast-tests / stack_lf_autotest                       SKIP            0.06s   exit status 77
107/120 DPDK:fast-tests / string_autotest                         OK              0.39s
108/120 DPDK:fast-tests / table_autotest                          OK              7.62s
109/120 DPDK:fast-tests / tailq_autotest                          OK              0.39s
110/120 DPDK:fast-tests / telemetry_data_autotest                 OK              0.40s
111/120 DPDK:fast-tests / telemetry_json_autotest                 OK              0.40s
112/120 DPDK:fast-tests / thash_autotest                          OK              0.41s
113/120 DPDK:fast-tests / threads_autotest                        OK              0.59s
114/120 DPDK:fast-tests / ticketlock_autotest                     OK              0.55s
115/120 DPDK:fast-tests / timer_autotest                          OK              3.88s
116/120 DPDK:fast-tests / trace_autotest                          OK              0.39s
117/120 DPDK:fast-tests / trace_autotest_with_traces              OK              0.40s
118/120 DPDK:fast-tests / vdev_autotest                           OK              0.39s
119/120 DPDK:fast-tests / version_autotest                        OK              0.40s
120/120 DPDK:fast-tests / telemetry_all                           OK              1.25s


Ok:                 113
Expected Fail:      0
Fail:               0
Unexpected Pass:    0
Skipped:            7
Timeout:            0


^ permalink raw reply	[flat|nested] 14+ messages in thread

* |SUCCESS| pw154975 [PATCH 2/2] dts: add generic blocking app class
       [not found] <20250702164204.607685-3-luca.vizzarro@arm.com>
  2025-07-02 16:09 ` |SUCCESS| pw154974-154975 [PATCH 2/2] dts: add generic blocking app class qemudev
  2025-07-02 16:14 ` qemudev
@ 2025-07-02 16:43 ` checkpatch
  2025-07-02 18:34 ` |SUCCESS| pw154974-154975 [PATCH] [2/2] dts: add generic blocking ap dpdklab
                   ` (10 subsequent siblings)
  13 siblings, 0 replies; 14+ messages in thread
From: checkpatch @ 2025-07-02 16:43 UTC (permalink / raw)
  To: test-report

Test-Label: checkpatch
Test-Status: SUCCESS
http://dpdk.org/patch/154975

_coding style OK_



^ permalink raw reply	[flat|nested] 14+ messages in thread

* |SUCCESS| pw154974-154975 [PATCH] [2/2] dts: add generic blocking ap
       [not found] <20250702164204.607685-3-luca.vizzarro@arm.com>
                   ` (2 preceding siblings ...)
  2025-07-02 16:43 ` |SUCCESS| pw154975 " checkpatch
@ 2025-07-02 18:34 ` dpdklab
  2025-07-02 18:44 ` |SUCCESS| pw154975 [PATCH 2/2] dts: add generic blocking app class 0-day Robot
                   ` (9 subsequent siblings)
  13 siblings, 0 replies; 14+ messages in thread
From: dpdklab @ 2025-07-02 18:34 UTC (permalink / raw)
  To: Test Report; +Cc: dpdk-test-reports

Test-Label: iol-dts-check-format-testing
Test-Status: SUCCESS
http://dpdk.org/patch/154975

_Testing PASS_

Submitter: Luca Vizzarro <luca.vizzarro@arm.com>
Date: Wednesday, July 02 2025 16:42:04 
DPDK git baseline: Repo:dpdk
  Branch: master
  CommitID:47b315bcb2778bcbd76c5764a5ed891b93b05814

154974-154975 --> testing pass

Upstream job id: DTS-Check-Format-Pipeline#54

Test environment and result as below:

+--------------+------------------+
| Environment  | dts-check-format |
+==============+==================+
| Ubuntu 24.04 | PASS             |
+--------------+------------------+


Ubuntu 24.04
	Kernel: 5.15
	Compiler: gcc gcc (Ubuntu 13.3.0-6ubuntu2~24.04) 13.3.0

To view detailed results, visit:
https://lab.dpdk.org/results/dashboard/patchsets/33572/

UNH-IOL DPDK Community Lab

To manage your email subscriptions, visit: 
https://lab.dpdk.org/results/dashboard/preferences/subscriptions/

^ permalink raw reply	[flat|nested] 14+ messages in thread

* |SUCCESS| pw154975 [PATCH 2/2] dts: add generic blocking app class
       [not found] <20250702164204.607685-3-luca.vizzarro@arm.com>
                   ` (3 preceding siblings ...)
  2025-07-02 18:34 ` |SUCCESS| pw154974-154975 [PATCH] [2/2] dts: add generic blocking ap dpdklab
@ 2025-07-02 18:44 ` 0-day Robot
  2025-07-02 19:01 ` |SUCCESS| pw154974-154975 [PATCH] [2/2] dts: add generic blocking ap dpdklab
                   ` (8 subsequent siblings)
  13 siblings, 0 replies; 14+ messages in thread
From: 0-day Robot @ 2025-07-02 18:44 UTC (permalink / raw)
  To: test-report; +Cc: robot

From: robot@bytheb.org

Test-Label: github-robot: build
Test-Status: SUCCESS
http://patchwork.dpdk.org/patch/154975/

_github build: passed_
Build URL: https://github.com/ovsrobot/dpdk/actions/runs/16031362346

^ permalink raw reply	[flat|nested] 14+ messages in thread

* |SUCCESS| pw154974-154975 [PATCH] [2/2] dts: add generic blocking ap
       [not found] <20250702164204.607685-3-luca.vizzarro@arm.com>
                   ` (4 preceding siblings ...)
  2025-07-02 18:44 ` |SUCCESS| pw154975 [PATCH 2/2] dts: add generic blocking app class 0-day Robot
@ 2025-07-02 19:01 ` dpdklab
  2025-07-02 19:02 ` dpdklab
                   ` (7 subsequent siblings)
  13 siblings, 0 replies; 14+ messages in thread
From: dpdklab @ 2025-07-02 19:01 UTC (permalink / raw)
  To: Test Report; +Cc: dpdk-test-reports

Test-Label: iol-sample-apps-testing
Test-Status: SUCCESS
http://dpdk.org/patch/154975

_Testing PASS_

Submitter: Luca Vizzarro <luca.vizzarro@arm.com>
Date: Wednesday, July 02 2025 16:42:04 
DPDK git baseline: Repo:dpdk
  Branch: master
  CommitID:47b315bcb2778bcbd76c5764a5ed891b93b05814

154974-154975 --> testing pass

Upstream job id: Template-DTS-Pipeline#234629

Test environment and result as below:

+--------------+----------------------+
| Environment  | compressdev_zlib_pmd |
+==============+======================+
| Ubuntu 22.04 | PASS                 |
+--------------+----------------------+


Ubuntu 22.04
	Kernel: 5.15
	Compiler: gcc gcc (Ubuntu 11.4.0-1ubuntu1~22.04) 11.4.0

To view detailed results, visit:
https://lab.dpdk.org/results/dashboard/patchsets/33572/

UNH-IOL DPDK Community Lab

To manage your email subscriptions, visit: 
https://lab.dpdk.org/results/dashboard/preferences/subscriptions/

^ permalink raw reply	[flat|nested] 14+ messages in thread

* |SUCCESS| pw154974-154975 [PATCH] [2/2] dts: add generic blocking ap
       [not found] <20250702164204.607685-3-luca.vizzarro@arm.com>
                   ` (5 preceding siblings ...)
  2025-07-02 19:01 ` |SUCCESS| pw154974-154975 [PATCH] [2/2] dts: add generic blocking ap dpdklab
@ 2025-07-02 19:02 ` dpdklab
  2025-07-02 19:42 ` |PENDING| " dpdklab
                   ` (6 subsequent siblings)
  13 siblings, 0 replies; 14+ messages in thread
From: dpdklab @ 2025-07-02 19:02 UTC (permalink / raw)
  To: Ali Alnubani, Test Report; +Cc: dpdk-test-reports

Test-Label: iol-mellanox-Performance
Test-Status: SUCCESS
http://dpdk.org/patch/154975

_Performance Testing PASS_

Submitter: Luca Vizzarro <luca.vizzarro@arm.com>
Date: Wednesday, July 02 2025 16:42:04 
DPDK git baseline: Repo:dpdk
  Branch: master
  CommitID:47b315bcb2778bcbd76c5764a5ed891b93b05814

154974-154975 --> performance testing pass

Upstream job id: Template-DTS-Pipeline#234616

Test environment and result as below:

Ubuntu 24.04
Kernel: 6.8
Compiler: gcc gcc (Ubuntu 13.3.0-6ubuntu2~24.04) 13.3.0
NIC: NVIDIA Mellanox ConnectX-7 100000 Mbps
Fail/Total: 0/6

Detail performance results: 
+------------+---------+----------+-------------+------------------------------+
| frame_size | txd/rxd | num_cpus | num_threads |  throughput difference from  |
|            |         |          |             |           expected           |
+============+=========+==========+=============+==============================+
| 64         | 1024    | 1        | 1           | 0.6%                         |
+------------+---------+----------+-------------+------------------------------+
| 128        | 1024    | 1        | 1           | -0.2%                        |
+------------+---------+----------+-------------+------------------------------+
| 256        | 1024    | 1        | 1           | 1.2%                         |
+------------+---------+----------+-------------+------------------------------+
| 512        | 1024    | 1        | 1           | 0.1%                         |
+------------+---------+----------+-------------+------------------------------+
| 1024       | 1024    | 1        | 1           | 0.1%                         |
+------------+---------+----------+-------------+------------------------------+
| 1518       | 1024    | 1        | 1           | -0.2%                        |
+------------+---------+----------+-------------+------------------------------+

Ubuntu 24.04
Kernel: 6.8
Compiler: gcc gcc (Ubuntu 13.3.0-6ubuntu2~24.04) 13.3.0
NIC: Mellanox ConnectX-6 Lx 25000 Mbps
Fail/Total: 0/6

Detail performance results: 
+------------+---------+----------+-------------+------------------------------+
| frame_size | txd/rxd | num_cpus | num_threads |  throughput difference from  |
|            |         |          |             |           expected           |
+============+=========+==========+=============+==============================+
| 64         | 1024    | 1        | 1           | -0.0%                        |
+------------+---------+----------+-------------+------------------------------+
| 128        | 1024    | 1        | 1           | -0.0%                        |
+------------+---------+----------+-------------+------------------------------+
| 256        | 1024    | 1        | 1           | 0.0%                         |
+------------+---------+----------+-------------+------------------------------+
| 512        | 1024    | 1        | 1           | -0.0%                        |
+------------+---------+----------+-------------+------------------------------+
| 1024       | 1024    | 1        | 1           | -0.2%                        |
+------------+---------+----------+-------------+------------------------------+
| 1518       | 1024    | 1        | 1           | -0.1%                        |
+------------+---------+----------+-------------+------------------------------+

To view detailed results, visit:
https://lab.dpdk.org/results/dashboard/patchsets/33572/

UNH-IOL DPDK Community Lab

To manage your email subscriptions, visit: 
https://lab.dpdk.org/results/dashboard/preferences/subscriptions/

^ permalink raw reply	[flat|nested] 14+ messages in thread

* |PENDING| pw154974-154975 [PATCH] [2/2] dts: add generic blocking ap
       [not found] <20250702164204.607685-3-luca.vizzarro@arm.com>
                   ` (6 preceding siblings ...)
  2025-07-02 19:02 ` dpdklab
@ 2025-07-02 19:42 ` dpdklab
  2025-07-02 20:29 ` dpdklab
                   ` (5 subsequent siblings)
  13 siblings, 0 replies; 14+ messages in thread
From: dpdklab @ 2025-07-02 19:42 UTC (permalink / raw)
  To: Test Report; +Cc: dpdk-test-reports

Test-Label: iol-compile-amd64-testing
Test-Status: PENDING
http://dpdk.org/patch/154975

_Testing pending_

Submitter: Luca Vizzarro <luca.vizzarro@arm.com>
Date: Wednesday, July 02 2025 16:42:04 
DPDK git baseline: Repo:dpdk
  Branch: master
  CommitID:47b315bcb2778bcbd76c5764a5ed891b93b05814

154974-154975 --> testing pending

Upstream job id: Generic-VM-DPDK-Compile-Meson#36885

Test environment and result as below:

+--------------+--------------------+
| Environment  | dpdk_meson_compile |
+==============+====================+
| FreeBSD 14.2 | PEND               |
+--------------+--------------------+
| Ubuntu 20.04 | PASS               |
+--------------+--------------------+


FreeBSD 14.2
	Kernel: 14.2-RELEASE
	Compiler: clang 18.1.6

Ubuntu 20.04
	Kernel: 4.19
	Compiler: gcc gcc (Ubuntu 9.4.0-1ubuntu1~20.04.2) 9.4.0

To view detailed results, visit:
https://lab.dpdk.org/results/dashboard/patchsets/33572/

UNH-IOL DPDK Community Lab

To manage your email subscriptions, visit: 
https://lab.dpdk.org/results/dashboard/preferences/subscriptions/

^ permalink raw reply	[flat|nested] 14+ messages in thread

* |PENDING| pw154974-154975 [PATCH] [2/2] dts: add generic blocking ap
       [not found] <20250702164204.607685-3-luca.vizzarro@arm.com>
                   ` (7 preceding siblings ...)
  2025-07-02 19:42 ` |PENDING| " dpdklab
@ 2025-07-02 20:29 ` dpdklab
  2025-07-02 20:31 ` dpdklab
                   ` (4 subsequent siblings)
  13 siblings, 0 replies; 14+ messages in thread
From: dpdklab @ 2025-07-02 20:29 UTC (permalink / raw)
  To: Test Report; +Cc: dpdk-test-reports

Test-Label: iol-unit-arm64-testing
Test-Status: PENDING
http://dpdk.org/patch/154975

_Testing pending_

Submitter: Luca Vizzarro <luca.vizzarro@arm.com>
Date: Wednesday, July 02 2025 16:42:04 
DPDK git baseline: Repo:dpdk
  Branch: master
  CommitID:47b315bcb2778bcbd76c5764a5ed891b93b05814

154974-154975 --> testing pending

Upstream job id: Aarch32-Unit-Test#6786

Test environment and result as below:

+------------------------------+---------------------------+----------------+--------------+------------------------------+
|         Environment          | cryptodev_sw_zuc_autotest | dpdk_unit_test | lpm_autotest | cryptodev_sw_snow3g_autotest |
+==============================+===========================+================+==============+==============================+
| Debian 12 (arm)              | PEND                      | SKIPPED        | SKIPPED      | PEND                         |
+------------------------------+---------------------------+----------------+--------------+------------------------------+
| CentOS Stream 10             | SKIPPED                   | PEND           | SKIPPED      | SKIPPED                      |
+------------------------------+---------------------------+----------------+--------------+------------------------------+
| CentOS Stream 9              | SKIPPED                   | PEND           | SKIPPED      | SKIPPED                      |
+------------------------------+---------------------------+----------------+--------------+------------------------------+
| Debian GNU/Linux 12          | SKIPPED                   | PEND           | SKIPPED      | SKIPPED                      |
+------------------------------+---------------------------+----------------+--------------+------------------------------+
| Fedora Linux 40              | SKIPPED                   | PEND           | SKIPPED      | SKIPPED                      |
+------------------------------+---------------------------+----------------+--------------+------------------------------+
| Fedora Linux 41              | SKIPPED                   | PEND           | SKIPPED      | SKIPPED                      |
+------------------------------+---------------------------+----------------+--------------+------------------------------+
| Ubuntu 22.04                 | SKIPPED                   | PASS           | SKIPPED      | SKIPPED                      |
+------------------------------+---------------------------+----------------+--------------+------------------------------+
| Red Hat Enterprise Linux 9.5 | SKIPPED                   | PEND           | SKIPPED      | SKIPPED                      |
+------------------------------+---------------------------+----------------+--------------+------------------------------+
| Ubuntu 20.04                 | SKIPPED                   | PEND           | PEND         | SKIPPED                      |
+------------------------------+---------------------------+----------------+--------------+------------------------------+
| Ubuntu 24.04                 | SKIPPED                   | PEND           | SKIPPED      | SKIPPED                      |
+------------------------------+---------------------------+----------------+--------------+------------------------------+


Debian 12 (arm)
	Kernel: Depends on container host
	Compiler: gcc (Debian 12.2.0-14) 12.2.0

CentOS Stream 10
	Kernel: 5.4
	Compiler: gcc gcc (GCC) 14.2.1 20250110 (Red Hat 14.2.1-8)

CentOS Stream 9
	Kernel: 5.4
	Compiler: gcc gcc (GCC) 11.5.0 20240719 (Red Hat 11.5.0-7)

Debian GNU/Linux 12
	Kernel: 5.4
	Compiler: gcc gcc (Debian 12.2.0-14+deb12u1) 12.2.0

Fedora Linux 40
	Kernel: 5.4
	Compiler: gcc gcc (GCC) 14.2.1 20240912 (Red Hat 14.2.1-3)

Fedora Linux 41
	Kernel: 5.4
	Compiler: gcc gcc (GCC) 14.3.1 20250523 (Red Hat 14.3.1-1)

Ubuntu 22.04
	Kernel: 5.4
	Compiler: gcc gcc (Ubuntu 11.4.0-1ubuntu1~22.04) 11.4.0

Red Hat Enterprise Linux 9.5
	Kernel: 5.4
	Compiler: gcc gcc (GCC) 11.5.0 20240719 (Red Hat 11.5.0-2)

Ubuntu 20.04
	Kernel: 5.4
	Compiler: gcc gcc (Ubuntu 9.4.0-1ubuntu1~20.04.2) 9.4.0

Ubuntu 24.04
	Kernel: 5.4
	Compiler: gcc gcc (Ubuntu 13.3.0-6ubuntu2~24.04) 13.3.0

To view detailed results, visit:
https://lab.dpdk.org/results/dashboard/patchsets/33572/

UNH-IOL DPDK Community Lab

To manage your email subscriptions, visit: 
https://lab.dpdk.org/results/dashboard/preferences/subscriptions/

^ permalink raw reply	[flat|nested] 14+ messages in thread

* |PENDING| pw154974-154975 [PATCH] [2/2] dts: add generic blocking ap
       [not found] <20250702164204.607685-3-luca.vizzarro@arm.com>
                   ` (8 preceding siblings ...)
  2025-07-02 20:29 ` dpdklab
@ 2025-07-02 20:31 ` dpdklab
  2025-07-02 20:33 ` |SUCCESS| " dpdklab
                   ` (3 subsequent siblings)
  13 siblings, 0 replies; 14+ messages in thread
From: dpdklab @ 2025-07-02 20:31 UTC (permalink / raw)
  To: Test Report; +Cc: dpdk-test-reports

Test-Label: iol-unit-amd64-testing
Test-Status: PENDING
http://dpdk.org/patch/154975

_Testing pending_

Submitter: Luca Vizzarro <luca.vizzarro@arm.com>
Date: Wednesday, July 02 2025 16:42:04 
DPDK git baseline: Repo:dpdk
  Branch: master
  CommitID:47b315bcb2778bcbd76c5764a5ed891b93b05814

154974-154975 --> testing pending

Upstream job id: Generic-VM-Unit-Test-DPDK#29656

Test environment and result as below:

+-------------------------------+----------------+
|          Environment          | dpdk_unit_test |
+===============================+================+
| CentOS Stream 9               | PEND           |
+-------------------------------+----------------+
| CentOS Stream 10              | PEND           |
+-------------------------------+----------------+
| Fedora Linux 40               | PEND           |
+-------------------------------+----------------+
| Debian GNU/Linux 12           | PEND           |
+-------------------------------+----------------+
| Fedora Linux 41               | PEND           |
+-------------------------------+----------------+
| Ubuntu 24.04                  | PEND           |
+-------------------------------+----------------+
| Red Hat Enterprise Linux 9.5  | PEND           |
+-------------------------------+----------------+
| Red Hat Enterprise Linux 8.10 | PEND           |
+-------------------------------+----------------+
| Ubuntu 20.04                  | PEND           |
+-------------------------------+----------------+
| Ubuntu 22.04                  | PEND           |
+-------------------------------+----------------+
| Windows Server 2022           | PASS           |
+-------------------------------+----------------+


CentOS Stream 9
	Kernel: 5.15
	Compiler: gcc gcc (GCC) 11.5.0 20240719 (Red Hat 11.5.0-7)

CentOS Stream 10
	Kernel: 5.15
	Compiler: gcc gcc (GCC) 14.2.1 20250110 (Red Hat 14.2.1-8)

Fedora Linux 40
	Kernel: 5.15
	Compiler: clang gcc (GCC) 14.2.1 20240912 (Red Hat 14.2.1-3)

Debian GNU/Linux 12
	Kernel: 5.15
	Compiler: gcc gcc (Debian 12.2.0-14+deb12u1) 12.2.0

Fedora Linux 41
	Kernel: 5.15
	Compiler: gcc gcc (GCC) 14.3.1 20250523 (Red Hat 14.3.1-1)

Ubuntu 24.04
	Kernel: 5.15
	Compiler: gcc gcc (Ubuntu 13.3.0-6ubuntu2~24.04) 13.3.0

Red Hat Enterprise Linux 9.5
	Kernel: 5.15
	Compiler: gcc gcc (GCC) 11.5.0 20240719 (Red Hat 11.5.0-2)

Red Hat Enterprise Linux 8.10
	Kernel: 5.15
	Compiler: gcc gcc (GCC) 8.5.0 20210514 (Red Hat 8.5.0-22)

Ubuntu 20.04
	Kernel: 5.15
	Compiler: gcc gcc (Ubuntu 9.4.0-1ubuntu1~20.04.2) 9.4.0

Ubuntu 22.04
	Kernel: 5.15
	Compiler: gcc gcc (Ubuntu 11.4.0-1ubuntu1~22.04) 11.4.0

Windows Server 2022
	Kernel: 10.0.20348.2031
	Compiler: clang 15.0.7, gcc 14.1.0 (MinGW), and MSVC VS 19.39.33521

To view detailed results, visit:
https://lab.dpdk.org/results/dashboard/patchsets/33572/

UNH-IOL DPDK Community Lab

To manage your email subscriptions, visit: 
https://lab.dpdk.org/results/dashboard/preferences/subscriptions/

^ permalink raw reply	[flat|nested] 14+ messages in thread

* |SUCCESS| pw154974-154975 [PATCH] [2/2] dts: add generic blocking ap
       [not found] <20250702164204.607685-3-luca.vizzarro@arm.com>
                   ` (9 preceding siblings ...)
  2025-07-02 20:31 ` dpdklab
@ 2025-07-02 20:33 ` dpdklab
  2025-07-02 20:57 ` dpdklab
                   ` (2 subsequent siblings)
  13 siblings, 0 replies; 14+ messages in thread
From: dpdklab @ 2025-07-02 20:33 UTC (permalink / raw)
  To: Test Report; +Cc: dpdk-test-reports

Test-Label: iol-sample-apps-testing
Test-Status: SUCCESS
http://dpdk.org/patch/154975

_Testing PASS_

Submitter: Luca Vizzarro <luca.vizzarro@arm.com>
Date: Wednesday, July 02 2025 16:42:04 
DPDK git baseline: Repo:dpdk
  Branch: master
  CommitID:47b315bcb2778bcbd76c5764a5ed891b93b05814

154974-154975 --> testing pass

Upstream job id: Template-DTS-Pipeline#234628

Test environment and result as below:

+--------------+----------------------+
| Environment  | compressdev_zlib_pmd |
+==============+======================+
| Ubuntu 22.04 | PASS                 |
+--------------+----------------------+


Ubuntu 22.04
	Kernel: 5.15
	Compiler: gcc gcc (Ubuntu 11.4.0-1ubuntu1~22.04) 11.4.0

To view detailed results, visit:
https://lab.dpdk.org/results/dashboard/patchsets/33572/

UNH-IOL DPDK Community Lab

To manage your email subscriptions, visit: 
https://lab.dpdk.org/results/dashboard/preferences/subscriptions/

^ permalink raw reply	[flat|nested] 14+ messages in thread

* |SUCCESS| pw154974-154975 [PATCH] [2/2] dts: add generic blocking ap
       [not found] <20250702164204.607685-3-luca.vizzarro@arm.com>
                   ` (10 preceding siblings ...)
  2025-07-02 20:33 ` |SUCCESS| " dpdklab
@ 2025-07-02 20:57 ` dpdklab
  2025-07-02 21:57 ` dpdklab
  2025-07-03  0:11 ` |FAILURE| " dpdklab
  13 siblings, 0 replies; 14+ messages in thread
From: dpdklab @ 2025-07-02 20:57 UTC (permalink / raw)
  To: Test Report; +Cc: dpdk-test-reports

Test-Label: iol-compile-amd64-testing
Test-Status: SUCCESS
http://dpdk.org/patch/154975

_Testing PASS_

Submitter: Luca Vizzarro <luca.vizzarro@arm.com>
Date: Wednesday, July 02 2025 16:42:04 
DPDK git baseline: Repo:dpdk
  Branch: master
  CommitID:47b315bcb2778bcbd76c5764a5ed891b93b05814

154974-154975 --> testing pass

Upstream job id: Windows-Compile-DPDK-VS#6237

Test environment and result as below:

+---------------------+--------------------+-------------------+
|     Environment     | dpdk_meson_compile | dpdk_msvc_compile |
+=====================+====================+===================+
| FreeBSD 14.2        | PASS               | SKIPPED           |
+---------------------+--------------------+-------------------+
| Ubuntu 20.04        | PASS               | SKIPPED           |
+---------------------+--------------------+-------------------+
| Windows Server 2022 | SKIPPED            | PASS              |
+---------------------+--------------------+-------------------+


FreeBSD 14.2
	Kernel: 14.2-RELEASE
	Compiler: clang 18.1.6

Ubuntu 20.04
	Kernel: 4.19
	Compiler: gcc gcc (Ubuntu 9.4.0-1ubuntu1~20.04.2) 9.4.0

Windows Server 2022
	Kernel: 10.0.20348.2031
	Compiler: clang 15.0.7, gcc 14.1.0 (MinGW), and MSVC VS 19.39.33521

To view detailed results, visit:
https://lab.dpdk.org/results/dashboard/patchsets/33572/

UNH-IOL DPDK Community Lab

To manage your email subscriptions, visit: 
https://lab.dpdk.org/results/dashboard/preferences/subscriptions/

^ permalink raw reply	[flat|nested] 14+ messages in thread

* |SUCCESS| pw154974-154975 [PATCH] [2/2] dts: add generic blocking ap
       [not found] <20250702164204.607685-3-luca.vizzarro@arm.com>
                   ` (11 preceding siblings ...)
  2025-07-02 20:57 ` dpdklab
@ 2025-07-02 21:57 ` dpdklab
  2025-07-03  0:11 ` |FAILURE| " dpdklab
  13 siblings, 0 replies; 14+ messages in thread
From: dpdklab @ 2025-07-02 21:57 UTC (permalink / raw)
  To: Test Report; +Cc: dpdk-test-reports

Test-Label: iol-broadcom-Performance
Test-Status: SUCCESS
http://dpdk.org/patch/154975

_Performance Testing PASS_

Submitter: Luca Vizzarro <luca.vizzarro@arm.com>
Date: Wednesday, July 02 2025 16:42:04 
DPDK git baseline: Repo:dpdk
  Branch: master
  CommitID:47b315bcb2778bcbd76c5764a5ed891b93b05814

154974-154975 --> performance testing pass

Upstream job id: Template-DTS-Pipeline#234621

Test environment and result as below:

Ubuntu 22.04
Kernel: 5.15
Compiler: gcc gcc (Ubuntu 11.4.0-1ubuntu1~22.04) 11.4.0
NIC: Arm Broadcom Inc. brcm_57414 25000 Mbps
Fail/Total: 0/2

Detail performance results: 
+------------+---------+----------+-------------+------------------------------+
| frame_size | txd/rxd | num_cpus | num_threads |  throughput difference from  |
|            |         |          |             |           expected           |
+============+=========+==========+=============+==============================+
| 64         | 512     | 1        | 1           | 0.1%                         |
+------------+---------+----------+-------------+------------------------------+
| 64         | 2048    | 1        | 1           | -0.1%                        |
+------------+---------+----------+-------------+------------------------------+

Ubuntu 22.04
Kernel: 5.15
Compiler: gcc gcc (Ubuntu 11.4.0-1ubuntu1~22.04) 11.4.0
NIC: Broadcom Inc. and subsidiaries BCM57414 NetXtreme-E 10Gb/25Gb RDMA Ethernet Controller 16d7 25 Mbps
Fail/Total: 0/3

Detail performance results: 
+------------+---------+----------+-------------+------------------------------+
| frame_size | txd/rxd | num_cpus | num_threads |  throughput difference from  |
|            |         |          |             |           expected           |
+============+=========+==========+=============+==============================+
| 64         | 128     | 1        | 1           | 0.2%                         |
+------------+---------+----------+-------------+------------------------------+
| 64         | 512     | 1        | 1           | 0.8%                         |
+------------+---------+----------+-------------+------------------------------+
| 64         | 2048    | 1        | 1           | -1.5%                        |
+------------+---------+----------+-------------+------------------------------+

To view detailed results, visit:
https://lab.dpdk.org/results/dashboard/patchsets/33572/

UNH-IOL DPDK Community Lab

To manage your email subscriptions, visit: 
https://lab.dpdk.org/results/dashboard/preferences/subscriptions/

^ permalink raw reply	[flat|nested] 14+ messages in thread

* |FAILURE| pw154974-154975 [PATCH] [2/2] dts: add generic blocking ap
       [not found] <20250702164204.607685-3-luca.vizzarro@arm.com>
                   ` (12 preceding siblings ...)
  2025-07-02 21:57 ` dpdklab
@ 2025-07-03  0:11 ` dpdklab
  13 siblings, 0 replies; 14+ messages in thread
From: dpdklab @ 2025-07-03  0:11 UTC (permalink / raw)
  To: Test Report; +Cc: dpdk-test-reports, Luca Vizzarro

Test-Label: iol-unit-arm64-testing
Test-Status: FAILURE
http://dpdk.org/patch/154975

_Testing issues_

Submitter: Luca Vizzarro <luca.vizzarro@arm.com>
Date: Wednesday, July 02 2025 16:42:04 
DPDK git baseline: Repo:dpdk
  Branch: master
  CommitID:47b315bcb2778bcbd76c5764a5ed891b93b05814

154974-154975 --> testing issues

Upstream job id: Generic-Unit-Test-DPDK#351928

Test environment and result as below:

+------------------------------+---------------------------+----------------+--------------+------------------------------+
|         Environment          | cryptodev_sw_zuc_autotest | dpdk_unit_test | lpm_autotest | cryptodev_sw_snow3g_autotest |
+==============================+===========================+================+==============+==============================+
| Debian 12 (arm)              | PASS                      | SKIPPED        | SKIPPED      | PASS                         |
+------------------------------+---------------------------+----------------+--------------+------------------------------+
| CentOS Stream 10             | SKIPPED                   | PEND           | SKIPPED      | SKIPPED                      |
+------------------------------+---------------------------+----------------+--------------+------------------------------+
| CentOS Stream 9              | SKIPPED                   | PEND           | SKIPPED      | SKIPPED                      |
+------------------------------+---------------------------+----------------+--------------+------------------------------+
| Debian GNU/Linux 12          | SKIPPED                   | PEND           | SKIPPED      | SKIPPED                      |
+------------------------------+---------------------------+----------------+--------------+------------------------------+
| Fedora Linux 40              | SKIPPED                   | PEND           | SKIPPED      | SKIPPED                      |
+------------------------------+---------------------------+----------------+--------------+------------------------------+
| Fedora Linux 41              | SKIPPED                   | PEND           | SKIPPED      | SKIPPED                      |
+------------------------------+---------------------------+----------------+--------------+------------------------------+
| Ubuntu 22.04                 | SKIPPED                   | PASS           | SKIPPED      | SKIPPED                      |
+------------------------------+---------------------------+----------------+--------------+------------------------------+
| Red Hat Enterprise Linux 9.5 | SKIPPED                   | FAIL           | SKIPPED      | SKIPPED                      |
+------------------------------+---------------------------+----------------+--------------+------------------------------+
| Ubuntu 20.04                 | SKIPPED                   | PEND           | PASS         | SKIPPED                      |
+------------------------------+---------------------------+----------------+--------------+------------------------------+
| Ubuntu 24.04                 | SKIPPED                   | PASS           | SKIPPED      | SKIPPED                      |
+------------------------------+---------------------------+----------------+--------------+------------------------------+

==== Unit test summary for Red Hat Enterprise Linux 9.5 (dpdk_unit_test): ====
ninja: Entering directory `/home-local/jenkins-local/jenkins-agent/workspace/Generic-Unit-Test-DPDK@4/dpdk/build'
ninja: no work to do.
  1/121 DPDK:fast-tests / acl_autotest                   OK              11.39s
  2/121 DPDK:fast-tests / alarm_autotest                 OK               1.45s
  3/121 DPDK:fast-tests / argparse_autotest              OK               0.50s
  4/121 DPDK:fast-tests / atomic_autotest                OK               7.41s
  5/121 DPDK:fast-tests / bitcount_autotest              OK               0.58s
  6/121 DPDK:fast-tests / bitmap_autotest                OK               0.53s
  7/121 DPDK:fast-tests / bitops_autotest                OK               2.09s
  8/121 DPDK:fast-tests / bitratestats_autotest          OK               0.46s
  9/121 DPDK:fast-tests / bitset_autotest                OK               5.92s
 10/121 DPDK:fast-tests / bpf_autotest                   OK               0.35s
 11/121 DPDK:fast-tests / bpf_convert_autotest           OK               0.61s
 12/121 DPDK:fast-tests / byteorder_autotest             OK               0.95s
 13/121 DPDK:fast-tests / cfgfile_autotest               OK               0.54s
 14/121 DPDK:fast-tests / cksum_autotest                 OK               0.56s
 15/121 DPDK:fast-tests / cmdline_autotest               OK               0.60s
 16/121 DPDK:fast-tests / common_autotest                OK               3.38s
 17/121 DPDK:fast-tests / compressdev_autotest           SKIP             0.39s   exit status 77
 18/121 DPDK:fast-tests / cpuflags_autotest              OK               0.92s
 19/121 DPDK:fast-tests / crc_autotest                   OK               0.57s
 20/121 DPDK:fast-tests / user_delay_us                  OK               0.66s
 21/121 DPDK:fast-tests / debug_autotest                 OK               3.58s
 22/121 DPDK:fast-tests / devargs_autotest               OK               0.81s
 23/121 DPDK:fast-tests / dispatcher_autotest            OK              75.76s
 24/121 DPDK:fast-tests / distributor_autotest           OK              13.17s
 25/121 DPDK:fast-tests / eal_flags_c_opt_autotest       OK               5.13s
 26/121 DPDK:fast-tests / eal_flags_main_opt_autotest    OK               1.34s
 27/121 DPDK:fast-tests / eal_flags_n_opt_autotest       OK               1.62s
 28/121 DPDK:fast-tests / eal_flags_hpet_autotest        OK               0.75s
 29/121 DPDK:fast-tests / eal_flags_no_huge_autotest     OK               1.50s
 30/121 DPDK:fast-tests / eal_flags_a_opt_autotest       OK               2.04s
 31/121 DPDK:fast-tests / eal_flags_b_opt_autotest       OK               1.89s
 32/121 DPDK:fast-tests / eal_flags_vdev_opt_autotest    OK               1.45s
 33/121 DPDK:fast-tests / eal_flags_r_opt_autotest       OK               1.37s
 34/121 DPDK:fast-tests / eal_flags_mem_autotest         OK               1.60s
 35/121 DPDK:fast-tests / eal_flags_file_prefix_autotest OK               4.51s
 36/121 DPDK:fast-tests / eal_flags_misc_autotest        OK               5.94s
 37/121 DPDK:fast-tests / eal_fs_autotest                OK               0.98s
 38/121 DPDK:fast-tests / errno_autotest                 OK               0.68s
 39/121 DPDK:fast-tests / ethdev_link_status             OK               0.70s
 40/121 DPDK:fast-tests / event_eth_tx_adapter_autotest  OK               3.43s
 41/121 DPDK:fast-tests / event_ring_autotest            OK               0.80s
 42/121 DPDK:fast-tests / event_vector_adapter_autotest  FAIL             2.86s   (exit status 255 or signal 127 SIGinvalid)
>>> MALLOC_PERTURB_=79 DPDK_TEST=event_vector_adapter_autotest /home-local/jenkins-local/jenkins-agent/workspace/Generic-Unit-Test-DPDK@4/dpdk/build/app/dpdk-test --no-huge -m 2048

 43/121 DPDK:fast-tests / eventdev_common_autotest       OK               0.56s
 44/121 DPDK:fast-tests / eventdev_selftest_sw           OK              51.70s
 45/121 DPDK:fast-tests / fbarray_autotest               OK               0.57s
 46/121 DPDK:fast-tests / fib_autotest                   OK               3.32s
 47/121 DPDK:fast-tests / fib6_autotest                  OK               2.34s
 48/121 DPDK:fast-tests / func_reentrancy_autotest       OK               3.83s
 49/121 DPDK:fast-tests / graph_autotest                 OK               0.78s
 50/121 DPDK:fast-tests / node_list_dump                 OK               0.60s
 51/121 DPDK:fast-tests / graph_feature_arc_autotest     OK               0.83s
 52/121 DPDK:fast-tests / hash_autotest                  OK               1.91s
 53/121 DPDK:fast-tests / hash_readwrite_func_autotest   OK              25.28s
 54/121 DPDK:fast-tests / interrupt_autotest             OK               1.78s
 55/121 DPDK:fast-tests / ipfrag_autotest                OK               0.40s
 56/121 DPDK:fast-tests / ipsec_autotest                 SKIP             0.69s   exit status 77
 57/121 DPDK:fast-tests / kvargs_autotest                OK               0.60s
 58/121 DPDK:fast-tests / latencystats_autotest          OK               0.62s
 59/121 DPDK:fast-tests / lcore_var_autotest             OK               2.00s
 60/121 DPDK:fast-tests / lcores_autotest                OK               7.33s
 61/121 DPDK:fast-tests / logs_autotest                  OK               0.43s
 62/121 DPDK:fast-tests / lpm_autotest                   OK               4.65s
 63/121 DPDK:fast-tests / lpm6_autotest                  OK              12.14s
 64/121 DPDK:fast-tests / malloc_autotest                OK               2.24s
 65/121 DPDK:fast-tests / mbuf_autotest                  OK               2.15s
 66/121 DPDK:fast-tests / mcslock_autotest               OK              74.18s
 67/121 DPDK:fast-tests / member_autotest                OK               4.05s
 68/121 DPDK:fast-tests / memcpy_autotest                OK              12.18s
 69/121 DPDK:fast-tests / memory_autotest                OK               0.29s
 70/121 DPDK:fast-tests / mempool_autotest               OK               1.46s
 71/121 DPDK:fast-tests / memzone_autotest               OK               0.41s
 72/121 DPDK:fast-tests / meter_autotest                 OK               0.63s
 73/121 DPDK:fast-tests / metrics_autotest               OK               0.71s
 74/121 DPDK:fast-tests / multiprocess_autotest          OK               1.30s
 75/121 DPDK:fast-tests / net_ether_autotest             OK               3.52s
 76/121 DPDK:fast-tests / net_ipv6_autotest              OK               0.61s
 77/121 DPDK:fast-tests / pcapng_autotest                OK               6.63s
 78/121 DPDK:fast-tests / pdcp_autotest                  SKIP             0.32s   exit status 77
 79/121 DPDK:fast-tests / pdump_autotest                 OK               1.44s
 80/121 DPDK:fast-tests / per_lcore_autotest             OK               0.94s
 81/121 DPDK:fast-tests / pflock_autotest                OK               4.24s
 82/121 DPDK:fast-tests / pie_autotest                   OK               0.56s
 83/121 DPDK:fast-tests / ring_pmd_autotest              OK               0.64s
 84/121 DPDK:fast-tests / power_autotest                 OK               0.47s
 85/121 DPDK:fast-tests / power_cpufreq_autotest         SKIP             0.42s   exit status 77
 86/121 DPDK:fast-tests / power_intel_uncore_autotest    SKIP             0.81s   exit status 77
 87/121 DPDK:fast-tests / power_kvm_vm_autotest          SKIP             0.40s   exit status 77
 88/121 DPDK:fast-tests / prefetch_autotest              OK               0.88s
 89/121 DPDK:fast-tests / ptr_compress_autotest          OK               0.67s
 90/121 DPDK:fast-tests / rawdev_autotest                OK               0.55s
 91/121 DPDK:fast-tests / rcu_qsbr_autotest              OK               4.09s
 92/121 DPDK:fast-tests / reorder_autotest               OK               1.47s
 93/121 DPDK:fast-tests / rib_autotest                   OK               9.57s
 94/121 DPDK:fast-tests / rib6_autotest                  OK               9.69s
 95/121 DPDK:fast-tests / ring_autotest                  OK               0.65s
 96/121 DPDK:fast-tests / rwlock_test1_autotest          OK               1.33s
 97/121 DPDK:fast-tests / rwlock_rda_autotest            OK               5.67s
 98/121 DPDK:fast-tests / rwlock_rds_wrm_autotest        OK               5.70s
 99/121 DPDK:fast-tests / rwlock_rde_wro_autotest        OK               5.76s
100/121 DPDK:fast-tests / sched_autotest                 OK               0.74s
101/121 DPDK:fast-tests / security_autotest              OK               0.36s
102/121 DPDK:fast-tests / seqlock_autotest               OK               2.80s
103/121 DPDK:fast-tests / service_autotest               OK               3.82s
104/121 DPDK:fast-tests / soring_autotest                OK               0.60s
105/121 DPDK:fast-tests / spinlock_autotest              OK               0.70s
106/121 DPDK:fast-tests / stack_autotest                 OK               0.74s
107/121 DPDK:fast-tests / stack_lf_autotest              OK               0.75s
108/121 DPDK:fast-tests / string_autotest                OK               0.58s
109/121 DPDK:fast-tests / table_autotest                 OK              16.40s
110/121 DPDK:fast-tests / tailq_autotest                 OK               0.43s
111/121 DPDK:fast-tests / telemetry_data_autotest        OK               0.75s
112/121 DPDK:fast-tests / telemetry_json_autotest        OK               0.70s
113/121 DPDK:fast-tests / thash_autotest                 OK               0.73s
114/121 DPDK:fast-tests / threads_autotest               OK               0.95s
115/121 DPDK:fast-tests / ticketlock_autotest            OK               1.61s
116/121 DPDK:fast-tests / timer_autotest                 OK               4.61s
117/121 DPDK:fast-tests / trace_autotest                 OK               0.85s
118/121 DPDK:fast-tests / trace_autotest_with_traces     OK               0.63s
119/121 DPDK:fast-tests / vdev_autotest                  OK               0.74s
120/121 DPDK:fast-tests / version_autotest               OK               0.55s
121/121 DPDK:fast-tests / telemetry_all                  SKIP             0.28s   exit status 77


Ok:                 113 
Expected Fail:      0   
Fail:               1   
Unexpected Pass:    0   
Skipped:            7   
Timeout:            0   

Full log written to /home-local/jenkins-local/jenkins-agent/workspace/Generic-Unit-Test-DPDK@4/dpdk/build/meson-logs/testlog.txt



Test log output from the failed test event_vector_adapter_autotest:

Sorry, we were not able to find the logs for this test.
Download the log output from the CI site for this test run.
==== End log output ====

Debian 12 (arm)
	Kernel: Depends on container host
	Compiler: gcc (Debian 12.2.0-14) 12.2.0

CentOS Stream 10
	Kernel: 5.4
	Compiler: gcc gcc (GCC) 14.2.1 20250110 (Red Hat 14.2.1-8)

CentOS Stream 9
	Kernel: 5.4
	Compiler: gcc gcc (GCC) 11.5.0 20240719 (Red Hat 11.5.0-7)

Debian GNU/Linux 12
	Kernel: 5.4
	Compiler: gcc gcc (Debian 12.2.0-14+deb12u1) 12.2.0

Fedora Linux 40
	Kernel: 5.4
	Compiler: gcc gcc (GCC) 14.2.1 20240912 (Red Hat 14.2.1-3)

Fedora Linux 41
	Kernel: 5.4
	Compiler: gcc gcc (GCC) 14.3.1 20250523 (Red Hat 14.3.1-1)

Ubuntu 22.04
	Kernel: 5.4
	Compiler: gcc gcc (Ubuntu 11.4.0-1ubuntu1~22.04) 11.4.0

Red Hat Enterprise Linux 9.5
	Kernel: 5.4
	Compiler: gcc gcc (GCC) 11.5.0 20240719 (Red Hat 11.5.0-2)

Ubuntu 20.04
	Kernel: 5.4
	Compiler: gcc gcc (Ubuntu 9.4.0-1ubuntu1~20.04.2) 9.4.0

Ubuntu 24.04
	Kernel: 5.4
	Compiler: gcc gcc (Ubuntu 13.3.0-6ubuntu2~24.04) 13.3.0

To view detailed results, visit:
https://lab.dpdk.org/results/dashboard/patchsets/33572/

UNH-IOL DPDK Community Lab

To manage your email subscriptions, visit: 
https://lab.dpdk.org/results/dashboard/preferences/subscriptions/

^ permalink raw reply	[flat|nested] 14+ messages in thread

end of thread, other threads:[~2025-07-03  0:12 UTC | newest]

Thread overview: 14+ messages (download: mbox.gz / follow: Atom feed)
-- links below jump to the message on this page --
     [not found] <20250702164204.607685-3-luca.vizzarro@arm.com>
2025-07-02 16:09 ` |SUCCESS| pw154974-154975 [PATCH 2/2] dts: add generic blocking app class qemudev
2025-07-02 16:14 ` qemudev
2025-07-02 16:43 ` |SUCCESS| pw154975 " checkpatch
2025-07-02 18:34 ` |SUCCESS| pw154974-154975 [PATCH] [2/2] dts: add generic blocking ap dpdklab
2025-07-02 18:44 ` |SUCCESS| pw154975 [PATCH 2/2] dts: add generic blocking app class 0-day Robot
2025-07-02 19:01 ` |SUCCESS| pw154974-154975 [PATCH] [2/2] dts: add generic blocking ap dpdklab
2025-07-02 19:02 ` dpdklab
2025-07-02 19:42 ` |PENDING| " dpdklab
2025-07-02 20:29 ` dpdklab
2025-07-02 20:31 ` dpdklab
2025-07-02 20:33 ` |SUCCESS| " dpdklab
2025-07-02 20:57 ` dpdklab
2025-07-02 21:57 ` dpdklab
2025-07-03  0:11 ` |FAILURE| " dpdklab

This is a public inbox, see mirroring instructions
for how to clone and mirror all data and code used for this inbox;
as well as URLs for NNTP newsgroup(s).