automatic DPDK test reports
 help / color / mirror / Atom feed
From: dpdklab@iol.unh.edu
To: Test Report <test-report@dpdk.org>
Cc: dpdk-test-reports@iol.unh.edu,
	Bruce Richardson <bruce.richardson@intel.com>
Subject: |FAILURE| pw154969 [PATCH] [v2] build/x86: fix support for older com
Date: Wed, 02 Jul 2025 12:04:39 -0700 (PDT)	[thread overview]
Message-ID: <686582c7.050a0220.dfff6.7b18SMTPIN_ADDED_MISSING@mx.google.com> (raw)
In-Reply-To: <20250702160138.3441279-1-bruce.richardson@intel.com>

Test-Label: iol-compile-amd64-testing
Test-Status: FAILURE
http://dpdk.org/patch/154969

_Testing issues_

Submitter: Bruce Richardson <bruce.richardson@intel.com>
Date: Wednesday, July 02 2025 16:00:45 
DPDK git baseline: Repo:dpdk
  Branch: master
  CommitID:bd546772e1449ccc0789db338cc398815fa2636d

154969 --> testing issues

Upstream job id: Generic-VM-DPDK-Compile-Meson#36884

Test environment and result as below:

+--------------+--------------------+
| Environment  | dpdk_meson_compile |
+==============+====================+
| Ubuntu 20.04 | FAIL               |
+--------------+--------------------+
| FreeBSD 14.2 | FAIL               |
+--------------+--------------------+

==== 20 line log output for FreeBSD 14.2 (dpdk_meson_compile): ====
Compiler for C supports arguments -Wold-style-definition: YES
Compiler for C supports arguments -Wpointer-arith: YES
Compiler for C supports arguments -Wsign-compare: YES
Compiler for C supports arguments -Wstrict-prototypes: YES
Compiler for C supports arguments -Wundef: YES
Compiler for C supports arguments -Wwrite-strings: YES
Compiler for C supports arguments -Wno-packed-not-aligned: NO
Compiler for C supports arguments -Wno-missing-field-initializers: YES
Compiler for C supports arguments -fzero-init-padding-bits=all: NO
Fetching value of define "__AVX2__" : 1
Fetching value of define "__znver1__" :
Fetching value of define "__znver2__" :
Fetching value of define "__znver3__" :
Fetching value of define "__znver4__" :
Fetching value of define "__znver5__" :
Compiler for C supports arguments -march=x86-64-v4: YES

config/x86/meson.build:76:6: ERROR: List item must be one of <class 'str'>, not <class 'list'>

A full log can be found at /home/jenkins/jenkins-agent/workspace/Generic-VM-DPDK-Compile-Meson/dpdk/build/meson-logs/meson-log.txt
==== End log output ====

Ubuntu 20.04
	Kernel: 4.19
	Compiler: gcc gcc (Ubuntu 9.4.0-1ubuntu1~20.04.2) 9.4.0

FreeBSD 14.2
	Kernel: 14.2-RELEASE
	Compiler: clang 18.1.6

To view detailed results, visit:
https://lab.dpdk.org/results/dashboard/patchsets/33570/

UNH-IOL DPDK Community Lab

To manage your email subscriptions, visit: 
https://lab.dpdk.org/results/dashboard/preferences/subscriptions/

  parent reply	other threads:[~2025-07-02 19:04 UTC|newest]

Thread overview: 18+ messages / expand[flat|nested]  mbox.gz  Atom feed  top
     [not found] <20250702160138.3441279-1-bruce.richardson@intel.com>
2025-07-02 15:27 ` |SUCCESS| pw154969 [PATCH v2] build/x86: fix support for older compilers qemudev
2025-07-02 15:31 ` qemudev
2025-07-02 16:00 ` |WARNING| " checkpatch
2025-07-02 17:05 ` |FAILURE| " 0-day Robot
2025-07-02 17:50 ` |SUCCESS| pw154969 [PATCH] [v2] build/x86: fix support for older com dpdklab
2025-07-02 18:03 ` dpdklab
2025-07-02 19:03 ` |FAILURE| " dpdklab
2025-07-02 19:04 ` dpdklab [this message]
2025-07-02 19:41 ` |PENDING| " dpdklab
2025-07-02 19:47 ` |SUCCESS| " dpdklab
2025-07-02 20:06 ` dpdklab
2025-07-02 20:16 ` |FAILURE| " dpdklab
2025-07-02 21:13 ` |WARNING| " dpdklab
2025-07-02 21:13 ` dpdklab
2025-07-02 21:13 ` dpdklab
2025-07-02 21:30 ` |SUCCESS| " dpdklab
2025-07-02 21:32 ` |FAILURE| " dpdklab
2025-07-03  0:25 ` dpdklab

Reply instructions:

You may reply publicly to this message via plain-text email
using any one of the following methods:

* Save the following mbox file, import it into your mail client,
  and reply-to-all from there: mbox

  Avoid top-posting and favor interleaved quoting:
  https://en.wikipedia.org/wiki/Posting_style#Interleaved_style

* Reply using the --to, --cc, and --in-reply-to
  switches of git-send-email(1):

  git send-email \
    --in-reply-to=686582c7.050a0220.dfff6.7b18SMTPIN_ADDED_MISSING@mx.google.com \
    --to=dpdklab@iol.unh.edu \
    --cc=bruce.richardson@intel.com \
    --cc=dpdk-test-reports@iol.unh.edu \
    --cc=test-report@dpdk.org \
    /path/to/YOUR_REPLY

  https://kernel.org/pub/software/scm/git/docs/git-send-email.html

* If your mail client supports setting the In-Reply-To header
  via mailto: links, try the mailto: link
Be sure your reply has a Subject: header at the top and a blank line before the message body.
This is a public inbox, see mirroring instructions
for how to clone and mirror all data and code used for this inbox;
as well as URLs for NNTP newsgroup(s).