From: dpdklab@iol.unh.edu
To: Test Report <test-report@dpdk.org>
Cc: dpdk-test-reports@iol.unh.edu
Subject: |SUCCESS| pw154974-154975 [PATCH] [2/2] dts: add generic blocking ap
Date: Wed, 02 Jul 2025 13:57:28 -0700 (PDT) [thread overview]
Message-ID: <68659d38.170a0220.38a666.820cSMTPIN_ADDED_MISSING@mx.google.com> (raw)
In-Reply-To: <20250702164204.607685-3-luca.vizzarro@arm.com>
Test-Label: iol-compile-amd64-testing
Test-Status: SUCCESS
http://dpdk.org/patch/154975
_Testing PASS_
Submitter: Luca Vizzarro <luca.vizzarro@arm.com>
Date: Wednesday, July 02 2025 16:42:04
DPDK git baseline: Repo:dpdk
Branch: master
CommitID:47b315bcb2778bcbd76c5764a5ed891b93b05814
154974-154975 --> testing pass
Upstream job id: Windows-Compile-DPDK-VS#6237
Test environment and result as below:
+---------------------+--------------------+-------------------+
| Environment | dpdk_meson_compile | dpdk_msvc_compile |
+=====================+====================+===================+
| FreeBSD 14.2 | PASS | SKIPPED |
+---------------------+--------------------+-------------------+
| Ubuntu 20.04 | PASS | SKIPPED |
+---------------------+--------------------+-------------------+
| Windows Server 2022 | SKIPPED | PASS |
+---------------------+--------------------+-------------------+
FreeBSD 14.2
Kernel: 14.2-RELEASE
Compiler: clang 18.1.6
Ubuntu 20.04
Kernel: 4.19
Compiler: gcc gcc (Ubuntu 9.4.0-1ubuntu1~20.04.2) 9.4.0
Windows Server 2022
Kernel: 10.0.20348.2031
Compiler: clang 15.0.7, gcc 14.1.0 (MinGW), and MSVC VS 19.39.33521
To view detailed results, visit:
https://lab.dpdk.org/results/dashboard/patchsets/33572/
UNH-IOL DPDK Community Lab
To manage your email subscriptions, visit:
https://lab.dpdk.org/results/dashboard/preferences/subscriptions/
next prev parent reply other threads:[~2025-07-02 20:57 UTC|newest]
Thread overview: 14+ messages / expand[flat|nested] mbox.gz Atom feed top
[not found] <20250702164204.607685-3-luca.vizzarro@arm.com>
2025-07-02 16:09 ` |SUCCESS| pw154974-154975 [PATCH 2/2] dts: add generic blocking app class qemudev
2025-07-02 16:14 ` qemudev
2025-07-02 16:43 ` |SUCCESS| pw154975 " checkpatch
2025-07-02 18:34 ` |SUCCESS| pw154974-154975 [PATCH] [2/2] dts: add generic blocking ap dpdklab
2025-07-02 18:44 ` |SUCCESS| pw154975 [PATCH 2/2] dts: add generic blocking app class 0-day Robot
2025-07-02 19:01 ` |SUCCESS| pw154974-154975 [PATCH] [2/2] dts: add generic blocking ap dpdklab
2025-07-02 19:02 ` dpdklab
2025-07-02 19:42 ` |PENDING| " dpdklab
2025-07-02 20:29 ` dpdklab
2025-07-02 20:31 ` dpdklab
2025-07-02 20:33 ` |SUCCESS| " dpdklab
2025-07-02 20:57 ` dpdklab [this message]
2025-07-02 21:57 ` dpdklab
2025-07-03 0:11 ` |FAILURE| " dpdklab
Reply instructions:
You may reply publicly to this message via plain-text email
using any one of the following methods:
* Save the following mbox file, import it into your mail client,
and reply-to-all from there: mbox
Avoid top-posting and favor interleaved quoting:
https://en.wikipedia.org/wiki/Posting_style#Interleaved_style
* Reply using the --to, --cc, and --in-reply-to
switches of git-send-email(1):
git send-email \
--in-reply-to=68659d38.170a0220.38a666.820cSMTPIN_ADDED_MISSING@mx.google.com \
--to=dpdklab@iol.unh.edu \
--cc=dpdk-test-reports@iol.unh.edu \
--cc=test-report@dpdk.org \
/path/to/YOUR_REPLY
https://kernel.org/pub/software/scm/git/docs/git-send-email.html
* If your mail client supports setting the In-Reply-To header
via mailto: links, try the mailto: link
Be sure your reply has a Subject: header at the top and a blank line
before the message body.
This is a public inbox, see mirroring instructions
for how to clone and mirror all data and code used for this inbox;
as well as URLs for NNTP newsgroup(s).