From: dpdklab@iol.unh.edu
To: Test Report <test-report@dpdk.org>
Cc: dpdk-test-reports@iol.unh.edu
Subject: |SUCCESS| pw154953-154957 [PATCH] [v8,5/5] net/dpaa2: enable softwar
Date: Wed, 02 Jul 2025 14:11:38 -0700 (PDT) [thread overview]
Message-ID: <6865a08a.170a0220.20f4cd.781bSMTPIN_ADDED_MISSING@mx.google.com> (raw)
In-Reply-To: <20250702095144.3087250-6-g.singh@nxp.com>
Test-Label: iol-abi-testing
Test-Status: SUCCESS
http://dpdk.org/patch/154957
_Testing PASS_
Submitter: Gagandeep Singh <g.singh@nxp.com>
Date: Wednesday, July 02 2025 09:51:44
DPDK git baseline: Repo:dpdk
Branch: master
CommitID:b18c543ec30729ccc7708a6e064a1f9db5d8c11f
154953-154957 --> testing pass
Upstream job id: Generic-DPDK-Compile-ABI#132712
Test environment and result as below:
+-------------------------------+----------+
| Environment | abi_test |
+===============================+==========+
| CentOS Stream 9 | PASS |
+-------------------------------+----------+
| Fedora Linux 40 | PASS |
+-------------------------------+----------+
| CentOS Stream 10 | PASS |
+-------------------------------+----------+
| Debian GNU/Linux 12 | PASS |
+-------------------------------+----------+
| Red Hat Enterprise Linux 9.5 | PASS |
+-------------------------------+----------+
| openSUSE Leap 15.6 | PASS |
+-------------------------------+----------+
| Fedora Linux 41 | PASS |
+-------------------------------+----------+
| Red Hat Enterprise Linux 8.10 | PASS |
+-------------------------------+----------+
| Ubuntu 22.04 | PASS |
+-------------------------------+----------+
| Ubuntu 24.04 | PASS |
+-------------------------------+----------+
CentOS Stream 9
Kernel: 5.15
Compiler: gcc gcc (GCC) 11.5.0 20240719 (Red Hat 11.5.0-7)
Fedora Linux 40
Kernel: 5.15
Compiler: clang gcc (GCC) 14.2.1 20240912 (Red Hat 14.2.1-3)
CentOS Stream 10
Kernel: 5.15
Compiler: gcc gcc (GCC) 14.2.1 20250110 (Red Hat 14.2.1-8)
Debian GNU/Linux 12
Kernel: 5.15
Compiler: gcc gcc (Debian 12.2.0-14+deb12u1) 12.2.0
Red Hat Enterprise Linux 9.5
Kernel: 5.15
Compiler: gcc gcc (GCC) 11.5.0 20240719 (Red Hat 11.5.0-2)
openSUSE Leap 15.6
Kernel: 5.15
Compiler: gcc gcc (SUSE Linux) 7.5.0
Fedora Linux 41
Kernel: 5.15
Compiler: clang gcc (GCC) 14.3.1 20250523 (Red Hat 14.3.1-1)
Red Hat Enterprise Linux 8.10
Kernel: 5.15
Compiler: gcc gcc (GCC) 8.5.0 20210514 (Red Hat 8.5.0-22)
Ubuntu 22.04
Kernel: 5.15
Compiler: gcc gcc (Ubuntu 11.4.0-1ubuntu1~22.04) 11.4.0
Ubuntu 24.04
Kernel: 5.15
Compiler: gcc gcc (Ubuntu 13.3.0-6ubuntu2~24.04) 13.3.0
To view detailed results, visit:
https://lab.dpdk.org/results/dashboard/patchsets/33565/
UNH-IOL DPDK Community Lab
To manage your email subscriptions, visit:
https://lab.dpdk.org/results/dashboard/preferences/subscriptions/
next prev parent reply other threads:[~2025-07-02 21:11 UTC|newest]
Thread overview: 26+ messages / expand[flat|nested] mbox.gz Atom feed top
[not found] <20250702095144.3087250-6-g.singh@nxp.com>
2025-07-02 9:35 ` |SUCCESS| pw154953-154957 [PATCH v8 5/5] net/dpaa2: enable software taildrop for ordered queues qemudev
2025-07-02 9:39 ` qemudev
2025-07-02 9:51 ` |SUCCESS| pw154957 " checkpatch
2025-07-02 11:03 ` 0-day Robot
2025-07-02 16:46 ` |SUCCESS| pw154953-154957 [PATCH] [v8,5/5] net/dpaa2: enable softwar dpdklab
2025-07-02 16:48 ` |PENDING| " dpdklab
2025-07-02 16:55 ` |SUCCESS| " dpdklab
2025-07-02 17:06 ` |PENDING| " dpdklab
2025-07-02 17:09 ` dpdklab
2025-07-02 17:16 ` dpdklab
2025-07-02 17:25 ` |SUCCESS| " dpdklab
2025-07-02 17:37 ` dpdklab
2025-07-02 18:05 ` dpdklab
2025-07-02 18:40 ` dpdklab
2025-07-02 18:40 ` dpdklab
2025-07-02 18:55 ` |FAILURE| " dpdklab
2025-07-02 19:00 ` dpdklab
2025-07-02 20:57 ` |PENDING| " dpdklab
2025-07-02 21:07 ` |SUCCESS| " dpdklab
2025-07-02 21:09 ` dpdklab
2025-07-02 21:09 ` dpdklab
2025-07-02 21:10 ` dpdklab
2025-07-02 21:10 ` dpdklab
2025-07-02 21:11 ` dpdklab [this message]
2025-07-02 21:19 ` |WARNING| " dpdklab
2025-07-02 21:41 ` dpdklab
Reply instructions:
You may reply publicly to this message via plain-text email
using any one of the following methods:
* Save the following mbox file, import it into your mail client,
and reply-to-all from there: mbox
Avoid top-posting and favor interleaved quoting:
https://en.wikipedia.org/wiki/Posting_style#Interleaved_style
* Reply using the --to, --cc, and --in-reply-to
switches of git-send-email(1):
git send-email \
--in-reply-to=6865a08a.170a0220.20f4cd.781bSMTPIN_ADDED_MISSING@mx.google.com \
--to=dpdklab@iol.unh.edu \
--cc=dpdk-test-reports@iol.unh.edu \
--cc=test-report@dpdk.org \
/path/to/YOUR_REPLY
https://kernel.org/pub/software/scm/git/docs/git-send-email.html
* If your mail client supports setting the In-Reply-To header
via mailto: links, try the mailto: link
Be sure your reply has a Subject: header at the top and a blank line
before the message body.
This is a public inbox, see mirroring instructions
for how to clone and mirror all data and code used for this inbox;
as well as URLs for NNTP newsgroup(s).