* |SUCCESS| pw154969 [PATCH v2] build/x86: fix support for older compilers
[not found] <20250702160138.3441279-1-bruce.richardson@intel.com>
@ 2025-07-02 15:27 ` qemudev
2025-07-02 15:31 ` qemudev
` (16 subsequent siblings)
17 siblings, 0 replies; 18+ messages in thread
From: qemudev @ 2025-07-02 15:27 UTC (permalink / raw)
To: test-report
Test-Label: loongarch-compilation
Test-Status: SUCCESS
http://dpdk.org/patch/154969
_Compilation OK_
Submitter: Bruce Richardson <bruce.richardson@intel.com>
Date: Wed, 2 Jul 2025 17:00:45 +0100
DPDK git baseline: Repo:dpdk
Branch: main
CommitID: bd546772e1449ccc0789db338cc398815fa2636d
154969 --> meson & ninja build successfully
Test environment and result as below:
+---------------------+----------------+
| Environment | compilation |
+---------------------+----------------+
| Loongnix-Server 8.3 | PASS |
+---------------------+----------------+
Loongnix-Server 8.3
Kernel: 4.19.190+
Compiler: gcc 8.3
^ permalink raw reply [flat|nested] 18+ messages in thread
* |SUCCESS| pw154969 [PATCH v2] build/x86: fix support for older compilers
[not found] <20250702160138.3441279-1-bruce.richardson@intel.com>
2025-07-02 15:27 ` |SUCCESS| pw154969 [PATCH v2] build/x86: fix support for older compilers qemudev
@ 2025-07-02 15:31 ` qemudev
2025-07-02 16:00 ` |WARNING| " checkpatch
` (15 subsequent siblings)
17 siblings, 0 replies; 18+ messages in thread
From: qemudev @ 2025-07-02 15:31 UTC (permalink / raw)
To: test-report
Test-Label: loongarch-unit-testing
Test-Status: SUCCESS
http://dpdk.org/patch/154969
_Unit Testing PASS_
Submitter: Bruce Richardson <bruce.richardson@intel.com>
Date: Wed, 2 Jul 2025 17:00:45 +0100
DPDK git baseline: Repo:dpdk
Branch: main
CommitID: bd546772e1449ccc0789db338cc398815fa2636d
154969 --> testing pass
Test environment and result as below:
+---------------------+----------------+
| Environment | dpdk_unit_test |
+---------------------+----------------+
| Loongnix-Server 8.3 | PASS |
+---------------------+----------------+
Loongnix-Server 8.3
Kernel: 4.19.190+
Compiler: gcc 8.3
Test result details:
1/120 DPDK:fast-tests / acl_autotest OK 3.10s
2/120 DPDK:fast-tests / alarm_autotest OK 1.42s
3/120 DPDK:fast-tests / argparse_autotest OK 0.42s
4/120 DPDK:fast-tests / atomic_autotest OK 7.23s
5/120 DPDK:fast-tests / bitcount_autotest OK 0.40s
6/120 DPDK:fast-tests / bitmap_autotest OK 0.40s
7/120 DPDK:fast-tests / bitops_autotest OK 1.90s
8/120 DPDK:fast-tests / bitratestats_autotest OK 0.40s
9/120 DPDK:fast-tests / bitset_autotest OK 3.15s
10/120 DPDK:fast-tests / bpf_autotest OK 0.40s
11/120 DPDK:fast-tests / bpf_convert_autotest OK 0.40s
12/120 DPDK:fast-tests / byteorder_autotest OK 0.40s
13/120 DPDK:fast-tests / cfgfile_autotest OK 0.40s
14/120 DPDK:fast-tests / cksum_autotest OK 0.40s
15/120 DPDK:fast-tests / cmdline_autotest OK 0.40s
16/120 DPDK:fast-tests / common_autotest OK 1.28s
17/120 DPDK:fast-tests / compressdev_autotest SKIP 0.07s exit status 77
18/120 DPDK:fast-tests / cpuflags_autotest OK 0.39s
19/120 DPDK:fast-tests / crc_autotest OK 0.40s
20/120 DPDK:fast-tests / user_delay_us OK 0.40s
21/120 DPDK:fast-tests / debug_autotest OK 16.31s
22/120 DPDK:fast-tests / devargs_autotest OK 0.39s
23/120 DPDK:fast-tests / dispatcher_autotest OK 2.49s
24/120 DPDK:fast-tests / distributor_autotest OK 1.20s
25/120 DPDK:fast-tests / eal_flags_c_opt_autotest OK 0.84s
26/120 DPDK:fast-tests / eal_flags_main_opt_autotest OK 0.23s
27/120 DPDK:fast-tests / eal_flags_n_opt_autotest OK 0.21s
28/120 DPDK:fast-tests / eal_flags_hpet_autotest OK 0.13s
29/120 DPDK:fast-tests / eal_flags_no_huge_autotest OK 0.23s
30/120 DPDK:fast-tests / eal_flags_a_opt_autotest OK 0.31s
31/120 DPDK:fast-tests / eal_flags_b_opt_autotest OK 0.26s
32/120 DPDK:fast-tests / eal_flags_vdev_opt_autotest OK 0.20s
33/120 DPDK:fast-tests / eal_flags_r_opt_autotest OK 0.19s
34/120 DPDK:fast-tests / eal_flags_mem_autotest OK 0.61s
35/120 DPDK:fast-tests / eal_flags_file_prefix_autotest OK 22.27s
36/120 DPDK:fast-tests / eal_flags_misc_autotest OK 1.09s
37/120 DPDK:fast-tests / eal_fs_autotest OK 0.39s
38/120 DPDK:fast-tests / errno_autotest OK 0.40s
39/120 DPDK:fast-tests / ethdev_link_status OK 0.40s
40/120 DPDK:fast-tests / event_eth_tx_adapter_autotest OK 1.68s
41/120 DPDK:fast-tests / event_ring_autotest OK 0.40s
42/120 DPDK:fast-tests / eventdev_common_autotest OK 0.40s
43/120 DPDK:fast-tests / eventdev_selftest_sw OK 7.21s
44/120 DPDK:fast-tests / fbarray_autotest OK 0.40s
45/120 DPDK:fast-tests / fib_autotest OK 1.24s
46/120 DPDK:fast-tests / fib6_autotest OK 1.03s
47/120 DPDK:fast-tests / func_reentrancy_autotest OK 2.27s
48/120 DPDK:fast-tests / graph_autotest OK 0.40s
49/120 DPDK:fast-tests / node_list_dump OK 0.40s
50/120 DPDK:fast-tests / graph_feature_arc_autotest OK 0.40s
51/120 DPDK:fast-tests / hash_autotest OK 1.02s
52/120 DPDK:fast-tests / hash_readwrite_func_autotest OK 6.39s
53/120 DPDK:fast-tests / interrupt_autotest OK 1.70s
54/120 DPDK:fast-tests / ipfrag_autotest OK 0.07s
55/120 DPDK:fast-tests / ipsec_autotest SKIP 0.40s exit status 77
56/120 DPDK:fast-tests / kvargs_autotest OK 0.40s
57/120 DPDK:fast-tests / latencystats_autotest OK 0.40s
58/120 DPDK:fast-tests / lcore_var_autotest OK 0.54s
59/120 DPDK:fast-tests / lcores_autotest OK 5.21s
60/120 DPDK:fast-tests / logs_autotest OK 0.40s
61/120 DPDK:fast-tests / lpm_autotest OK 2.45s
62/120 DPDK:fast-tests / lpm6_autotest OK 5.61s
63/120 DPDK:fast-tests / malloc_autotest OK 60.45s
64/120 DPDK:fast-tests / mbuf_autotest OK 4.86s
65/120 DPDK:fast-tests / mcslock_autotest OK 2.62s
66/120 DPDK:fast-tests / member_autotest OK 1.61s
67/120 DPDK:fast-tests / memcpy_autotest OK 7.11s
68/120 DPDK:fast-tests / memory_autotest OK 0.09s
69/120 DPDK:fast-tests / mempool_autotest OK 0.43s
70/120 DPDK:fast-tests / memzone_autotest OK 0.14s
71/120 DPDK:fast-tests / meter_autotest OK 0.39s
72/120 DPDK:fast-tests / metrics_autotest OK 0.40s
73/120 DPDK:fast-tests / multiprocess_autotest OK 0.20s
74/120 DPDK:fast-tests / net_ether_autotest OK 1.05s
75/120 DPDK:fast-tests / net_ipv6_autotest OK 0.40s
76/120 DPDK:fast-tests / pcapng_autotest OK 7.22s
77/120 DPDK:fast-tests / pdcp_autotest SKIP 0.07s exit status 77
78/120 DPDK:fast-tests / pdump_autotest OK 0.50s
79/120 DPDK:fast-tests / per_lcore_autotest OK 0.50s
80/120 DPDK:fast-tests / pflock_autotest OK 1.21s
81/120 DPDK:fast-tests / pie_autotest OK 0.40s
82/120 DPDK:fast-tests / ring_pmd_autotest OK 0.40s
83/120 DPDK:fast-tests / power_autotest OK 0.40s
84/120 DPDK:fast-tests / power_cpufreq_autotest SKIP 0.07s exit status 77
85/120 DPDK:fast-tests / power_intel_uncore_autotest SKIP 0.39s exit status 77
86/120 DPDK:fast-tests / power_kvm_vm_autotest SKIP 0.07s exit status 77
87/120 DPDK:fast-tests / prefetch_autotest OK 0.39s
88/120 DPDK:fast-tests / ptr_compress_autotest OK 0.40s
89/120 DPDK:fast-tests / rawdev_autotest OK 0.40s
90/120 DPDK:fast-tests / rcu_qsbr_autotest OK 0.92s
91/120 DPDK:fast-tests / reorder_autotest OK 0.45s
92/120 DPDK:fast-tests / rib_autotest OK 9.05s
93/120 DPDK:fast-tests / rib6_autotest OK 9.05s
94/120 DPDK:fast-tests / ring_autotest OK 0.43s
95/120 DPDK:fast-tests / rwlock_test1_autotest OK 1.14s
96/120 DPDK:fast-tests / rwlock_rda_autotest OK 5.40s
97/120 DPDK:fast-tests / rwlock_rds_wrm_autotest OK 5.40s
98/120 DPDK:fast-tests / rwlock_rde_wro_autotest OK 5.40s
99/120 DPDK:fast-tests / sched_autotest OK 0.40s
100/120 DPDK:fast-tests / security_autotest OK 0.07s
101/120 DPDK:fast-tests / seqlock_autotest OK 2.39s
102/120 DPDK:fast-tests / service_autotest OK 3.10s
103/120 DPDK:fast-tests / soring_autotest OK 0.40s
104/120 DPDK:fast-tests / spinlock_autotest OK 0.47s
105/120 DPDK:fast-tests / stack_autotest OK 0.87s
106/120 DPDK:fast-tests / stack_lf_autotest SKIP 0.06s exit status 77
107/120 DPDK:fast-tests / string_autotest OK 0.39s
108/120 DPDK:fast-tests / table_autotest OK 7.60s
109/120 DPDK:fast-tests / tailq_autotest OK 0.39s
110/120 DPDK:fast-tests / telemetry_data_autotest OK 0.40s
111/120 DPDK:fast-tests / telemetry_json_autotest OK 0.39s
112/120 DPDK:fast-tests / thash_autotest OK 0.41s
113/120 DPDK:fast-tests / threads_autotest OK 0.58s
114/120 DPDK:fast-tests / ticketlock_autotest OK 0.55s
115/120 DPDK:fast-tests / timer_autotest OK 3.87s
116/120 DPDK:fast-tests / trace_autotest OK 0.39s
117/120 DPDK:fast-tests / trace_autotest_with_traces OK 0.40s
118/120 DPDK:fast-tests / vdev_autotest OK 0.39s
119/120 DPDK:fast-tests / version_autotest OK 0.40s
120/120 DPDK:fast-tests / telemetry_all OK 1.36s
Ok: 113
Expected Fail: 0
Fail: 0
Unexpected Pass: 0
Skipped: 7
Timeout: 0
^ permalink raw reply [flat|nested] 18+ messages in thread
* |WARNING| pw154969 [PATCH v2] build/x86: fix support for older compilers
[not found] <20250702160138.3441279-1-bruce.richardson@intel.com>
2025-07-02 15:27 ` |SUCCESS| pw154969 [PATCH v2] build/x86: fix support for older compilers qemudev
2025-07-02 15:31 ` qemudev
@ 2025-07-02 16:00 ` checkpatch
2025-07-02 17:05 ` |FAILURE| " 0-day Robot
` (14 subsequent siblings)
17 siblings, 0 replies; 18+ messages in thread
From: checkpatch @ 2025-07-02 16:00 UTC (permalink / raw)
To: test-report; +Cc: Bruce Richardson
Test-Label: checkpatch
Test-Status: WARNING
http://dpdk.org/patch/154969
_coding style issues_
WARNING:COMMIT_LOG_LONG_LINE: Possible unwrapped commit description (prefer a maximum 75 chars per line)
#79:
gcc -march=native -march=skylake-avx512 -dM -E - < /dev/null | grep AVX512 | wc -l
total: 0 errors, 1 warnings, 14 lines checked
^ permalink raw reply [flat|nested] 18+ messages in thread
* |FAILURE| pw154969 [PATCH v2] build/x86: fix support for older compilers
[not found] <20250702160138.3441279-1-bruce.richardson@intel.com>
` (2 preceding siblings ...)
2025-07-02 16:00 ` |WARNING| " checkpatch
@ 2025-07-02 17:05 ` 0-day Robot
2025-07-02 17:50 ` |SUCCESS| pw154969 [PATCH] [v2] build/x86: fix support for older com dpdklab
` (13 subsequent siblings)
17 siblings, 0 replies; 18+ messages in thread
From: 0-day Robot @ 2025-07-02 17:05 UTC (permalink / raw)
To: test-report; +Cc: bruce.richardson, robot
From: robot@bytheb.org
Test-Label: github-robot: build
Test-Status: FAILURE
http://patchwork.dpdk.org/patch/154969/
_github build: failed_
Build URL: https://github.com/ovsrobot/dpdk/actions/runs/16030557352
Build Logs:
-----------------------Summary of failed steps-----------------------
"ubuntu-22.04-clang-asan+doc+tests" failed at step Build and test
"ubuntu-22.04-gcc-abi+debug+doc+examples+tests" failed at step Build and test
"ubuntu-22.04-gcc-mini" failed at step Build and test
"ubuntu-22.04-gcc-stdatomic" failed at step Build and test
"ubuntu-22.04-gcc-static-mingw" failed at step Build and test
"ubuntu-22.04-clang-stdatomic" failed at step Build and test
"ubuntu-22.04-gcc-static-i386" failed at step Build and test
"fedora:39-clang" failed at step Build
"fedora:39-gcc" failed at step Build
----------------------End summary of failed steps--------------------
-------------------------------BEGIN LOGS----------------------------
####################################################################################
#### [Begin job log] "ubuntu-22.04-clang-asan+doc+tests" at step Build and test
####################################################################################
Compiler for C supports arguments -Wcast-qual: YES
Compiler for C supports arguments -Wdeprecated: YES
Compiler for C supports arguments -Wformat: YES
Compiler for C supports arguments -Wformat-nonliteral: YES
Compiler for C supports arguments -Wformat-security: YES
Compiler for C supports arguments -Wmissing-declarations: YES
Compiler for C supports arguments -Wmissing-prototypes: YES
Compiler for C supports arguments -Wnested-externs: YES
Compiler for C supports arguments -Wold-style-definition: YES
Compiler for C supports arguments -Wpointer-arith: YES
Compiler for C supports arguments -Wsign-compare: YES
Compiler for C supports arguments -Wstrict-prototypes: YES
Compiler for C supports arguments -Wundef: YES
Compiler for C supports arguments -Wwrite-strings: YES
Compiler for C supports arguments -Wno-packed-not-aligned: NO
Compiler for C supports arguments -Wno-missing-field-initializers: YES
Compiler for C supports arguments -fzero-init-padding-bits=all: NO
Fetching value of define "__AVX2__" :
Program objdump found: YES (/usr/bin/objdump)
Compiler for C supports arguments -march=x86-64-v4: YES
config/x86/meson.build:76:6: ERROR: List item must be one of <class 'str'>, not <class 'list'>
A full log can be found at /home/runner/work/dpdk/dpdk/build/meson-logs/meson-log.txt
##[error]Process completed with exit code 1.
####################################################################################
#### [End job log] "ubuntu-22.04-clang-asan+doc+tests" at step Build and test
####################################################################################
####################################################################################
#### [Begin job log] "ubuntu-22.04-gcc-abi+debug+doc+examples+tests" at step Build and test
####################################################################################
Compiler for C supports arguments -Wcast-qual: YES
Compiler for C supports arguments -Wdeprecated: YES
Compiler for C supports arguments -Wformat: YES
Compiler for C supports arguments -Wformat-nonliteral: YES
Compiler for C supports arguments -Wformat-security: YES
Compiler for C supports arguments -Wmissing-declarations: YES
Compiler for C supports arguments -Wmissing-prototypes: YES
Compiler for C supports arguments -Wnested-externs: YES
Compiler for C supports arguments -Wold-style-definition: YES
Compiler for C supports arguments -Wpointer-arith: YES
Compiler for C supports arguments -Wsign-compare: YES
Compiler for C supports arguments -Wstrict-prototypes: YES
Compiler for C supports arguments -Wundef: YES
Compiler for C supports arguments -Wwrite-strings: YES
Compiler for C supports arguments -Wno-packed-not-aligned: YES
Compiler for C supports arguments -Wno-missing-field-initializers: YES
Compiler for C supports arguments -fzero-init-padding-bits=all: NO
Fetching value of define "__AVX2__" :
Program objdump found: YES (/usr/bin/objdump)
Compiler for C supports arguments -march=x86-64-v4: YES
config/x86/meson.build:76:6: ERROR: List item must be one of <class 'str'>, not <class 'list'>
A full log can be found at /home/runner/work/dpdk/dpdk/build/meson-logs/meson-log.txt
##[error]Process completed with exit code 1.
####################################################################################
#### [End job log] "ubuntu-22.04-gcc-abi+debug+doc+examples+tests" at step Build and test
####################################################################################
####################################################################################
#### [Begin job log] "ubuntu-22.04-gcc-mini" at step Build and test
####################################################################################
Compiler for C supports arguments -Wcast-qual: YES
Compiler for C supports arguments -Wdeprecated: YES
Compiler for C supports arguments -Wformat: YES
Compiler for C supports arguments -Wformat-nonliteral: YES
Compiler for C supports arguments -Wformat-security: YES
Compiler for C supports arguments -Wmissing-declarations: YES
Compiler for C supports arguments -Wmissing-prototypes: YES
Compiler for C supports arguments -Wnested-externs: YES
Compiler for C supports arguments -Wold-style-definition: YES
Compiler for C supports arguments -Wpointer-arith: YES
Compiler for C supports arguments -Wsign-compare: YES
Compiler for C supports arguments -Wstrict-prototypes: YES
Compiler for C supports arguments -Wundef: YES
Compiler for C supports arguments -Wwrite-strings: YES
Compiler for C supports arguments -Wno-packed-not-aligned: YES
Compiler for C supports arguments -Wno-missing-field-initializers: YES
Compiler for C supports arguments -fzero-init-padding-bits=all: NO
Fetching value of define "__AVX2__" :
Program objdump found: YES (/usr/bin/objdump)
Compiler for C supports arguments -march=x86-64-v4: YES
config/x86/meson.build:76:6: ERROR: List item must be one of <class 'str'>, not <class 'list'>
A full log can be found at /home/runner/work/dpdk/dpdk/build/meson-logs/meson-log.txt
##[error]Process completed with exit code 1.
####################################################################################
#### [End job log] "ubuntu-22.04-gcc-mini" at step Build and test
####################################################################################
####################################################################################
#### [Begin job log] "ubuntu-22.04-gcc-stdatomic" at step Build and test
####################################################################################
Compiler for C supports arguments -Wcast-qual: YES
Compiler for C supports arguments -Wdeprecated: YES
Compiler for C supports arguments -Wformat: YES
Compiler for C supports arguments -Wformat-nonliteral: YES
Compiler for C supports arguments -Wformat-security: YES
Compiler for C supports arguments -Wmissing-declarations: YES
Compiler for C supports arguments -Wmissing-prototypes: YES
Compiler for C supports arguments -Wnested-externs: YES
Compiler for C supports arguments -Wold-style-definition: YES
Compiler for C supports arguments -Wpointer-arith: YES
Compiler for C supports arguments -Wsign-compare: YES
Compiler for C supports arguments -Wstrict-prototypes: YES
Compiler for C supports arguments -Wundef: YES
Compiler for C supports arguments -Wwrite-strings: YES
Compiler for C supports arguments -Wno-packed-not-aligned: YES
Compiler for C supports arguments -Wno-missing-field-initializers: YES
Compiler for C supports arguments -fzero-init-padding-bits=all: NO
Fetching value of define "__AVX2__" :
Program objdump found: YES (/usr/bin/objdump)
Compiler for C supports arguments -march=x86-64-v4: YES
config/x86/meson.build:76:6: ERROR: List item must be one of <class 'str'>, not <class 'list'>
A full log can be found at /home/runner/work/dpdk/dpdk/build/meson-logs/meson-log.txt
##[error]Process completed with exit code 1.
####################################################################################
#### [End job log] "ubuntu-22.04-gcc-stdatomic" at step Build and test
####################################################################################
####################################################################################
#### [Begin job log] "ubuntu-22.04-gcc-static-mingw" at step Build and test
####################################################################################
Compiler for C supports arguments -Wformat: YES
Compiler for C supports arguments -Wformat-nonliteral: YES
Compiler for C supports arguments -Wformat-security: YES
Compiler for C supports arguments -Wmissing-declarations: YES
Compiler for C supports arguments -Wmissing-prototypes: YES
Compiler for C supports arguments -Wnested-externs: YES
Compiler for C supports arguments -Wold-style-definition: YES
Compiler for C supports arguments -Wpointer-arith: YES
Compiler for C supports arguments -Wsign-compare: YES
Compiler for C supports arguments -Wstrict-prototypes: YES
Compiler for C supports arguments -Wundef: YES
Compiler for C supports arguments -Wwrite-strings: YES
Compiler for C supports arguments -Wno-packed-not-aligned: YES
Compiler for C supports arguments -Wno-missing-field-initializers: YES
Compiler for C supports arguments -fzero-init-padding-bits=all: NO
Fetching value of define "__AVX2__" : 1
Fetching value of define "__znver1__" :
Fetching value of define "__znver2__" : 1
Program x86_64-w64-mingw32-objdump found: YES
Compiler for C supports arguments -march=x86-64-v4: YES
config/x86/meson.build:76:6: ERROR: List item must be one of <class 'str'>, not <class 'list'>
A full log can be found at /home/runner/work/dpdk/dpdk/build/meson-logs/meson-log.txt
##[error]Process completed with exit code 1.
####################################################################################
#### [End job log] "ubuntu-22.04-gcc-static-mingw" at step Build and test
####################################################################################
####################################################################################
#### [Begin job log] "ubuntu-22.04-clang-stdatomic" at step Build and test
####################################################################################
Compiler for C supports arguments -Wcast-qual: YES
Compiler for C supports arguments -Wdeprecated: YES
Compiler for C supports arguments -Wformat: YES
Compiler for C supports arguments -Wformat-nonliteral: YES
Compiler for C supports arguments -Wformat-security: YES
Compiler for C supports arguments -Wmissing-declarations: YES
Compiler for C supports arguments -Wmissing-prototypes: YES
Compiler for C supports arguments -Wnested-externs: YES
Compiler for C supports arguments -Wold-style-definition: YES
Compiler for C supports arguments -Wpointer-arith: YES
Compiler for C supports arguments -Wsign-compare: YES
Compiler for C supports arguments -Wstrict-prototypes: YES
Compiler for C supports arguments -Wundef: YES
Compiler for C supports arguments -Wwrite-strings: YES
Compiler for C supports arguments -Wno-packed-not-aligned: NO
Compiler for C supports arguments -Wno-missing-field-initializers: YES
Compiler for C supports arguments -fzero-init-padding-bits=all: NO
Fetching value of define "__AVX2__" :
Program objdump found: YES (/usr/bin/objdump)
Compiler for C supports arguments -march=x86-64-v4: YES
config/x86/meson.build:76:6: ERROR: List item must be one of <class 'str'>, not <class 'list'>
A full log can be found at /home/runner/work/dpdk/dpdk/build/meson-logs/meson-log.txt
##[error]Process completed with exit code 1.
####################################################################################
#### [End job log] "ubuntu-22.04-clang-stdatomic" at step Build and test
####################################################################################
####################################################################################
#### [Begin job log] "ubuntu-22.04-gcc-static-i386" at step Build and test
####################################################################################
Compiler for C supports arguments -Wdeprecated: YES
Compiler for C supports arguments -Wformat: YES
Compiler for C supports arguments -Wformat-nonliteral: YES
Compiler for C supports arguments -Wformat-security: YES
Compiler for C supports arguments -Wmissing-declarations: YES
Compiler for C supports arguments -Wmissing-prototypes: YES
Compiler for C supports arguments -Wnested-externs: YES
Compiler for C supports arguments -Wold-style-definition: YES
Compiler for C supports arguments -Wpointer-arith: YES
Compiler for C supports arguments -Wsign-compare: YES
Compiler for C supports arguments -Wstrict-prototypes: YES
Compiler for C supports arguments -Wundef: YES
Compiler for C supports arguments -Wwrite-strings: YES
Compiler for C supports arguments -Wno-packed-not-aligned: YES
Compiler for C supports arguments -Wno-missing-field-initializers: YES
Compiler for C supports arguments -fzero-init-padding-bits=all: NO
Compiler for C supports arguments -Wno-pointer-to-int-cast: YES
Fetching value of define "__AVX2__" :
Program objdump found: YES (/usr/bin/objdump)
Compiler for C supports arguments -march=x86-64-v4: YES
config/x86/meson.build:76:6: ERROR: List item must be one of <class 'str'>, not <class 'list'>
A full log can be found at /home/runner/work/dpdk/dpdk/build/meson-logs/meson-log.txt
##[error]Process completed with exit code 1.
####################################################################################
#### [End job log] "ubuntu-22.04-gcc-static-i386" at step Build and test
####################################################################################
####################################################################################
#### [Begin job log] "fedora:39-clang" at step Build
####################################################################################
####################################################################################
#### [End job log] "fedora:39-clang" at step Build
####################################################################################
####################################################################################
#### [Begin job log] "fedora:39-gcc" at step Build
####################################################################################
####################################################################################
#### [End job log] "fedora:39-gcc" at step Build
####################################################################################
--------------------------------END LOGS-----------------------------
^ permalink raw reply [flat|nested] 18+ messages in thread
* |SUCCESS| pw154969 [PATCH] [v2] build/x86: fix support for older com
[not found] <20250702160138.3441279-1-bruce.richardson@intel.com>
` (3 preceding siblings ...)
2025-07-02 17:05 ` |FAILURE| " 0-day Robot
@ 2025-07-02 17:50 ` dpdklab
2025-07-02 18:03 ` dpdklab
` (12 subsequent siblings)
17 siblings, 0 replies; 18+ messages in thread
From: dpdklab @ 2025-07-02 17:50 UTC (permalink / raw)
To: Test Report; +Cc: dpdk-test-reports
Test-Label: iol-sample-apps-testing
Test-Status: SUCCESS
http://dpdk.org/patch/154969
_Testing PASS_
Submitter: Bruce Richardson <bruce.richardson@intel.com>
Date: Wednesday, July 02 2025 16:00:45
DPDK git baseline: Repo:dpdk
Branch: master
CommitID:bd546772e1449ccc0789db338cc398815fa2636d
154969 --> testing pass
Upstream job id: Template-DTS-Pipeline#234613
Test environment and result as below:
+--------------+----------------------+
| Environment | compressdev_zlib_pmd |
+==============+======================+
| Ubuntu 22.04 | PASS |
+--------------+----------------------+
Ubuntu 22.04
Kernel: 5.15
Compiler: gcc gcc (Ubuntu 11.4.0-1ubuntu1~22.04) 11.4.0
To view detailed results, visit:
https://lab.dpdk.org/results/dashboard/patchsets/33570/
UNH-IOL DPDK Community Lab
To manage your email subscriptions, visit:
https://lab.dpdk.org/results/dashboard/preferences/subscriptions/
^ permalink raw reply [flat|nested] 18+ messages in thread
* |SUCCESS| pw154969 [PATCH] [v2] build/x86: fix support for older com
[not found] <20250702160138.3441279-1-bruce.richardson@intel.com>
` (4 preceding siblings ...)
2025-07-02 17:50 ` |SUCCESS| pw154969 [PATCH] [v2] build/x86: fix support for older com dpdklab
@ 2025-07-02 18:03 ` dpdklab
2025-07-02 19:03 ` |FAILURE| " dpdklab
` (11 subsequent siblings)
17 siblings, 0 replies; 18+ messages in thread
From: dpdklab @ 2025-07-02 18:03 UTC (permalink / raw)
To: Ali Alnubani, Test Report; +Cc: dpdk-test-reports
Test-Label: iol-mellanox-Performance
Test-Status: SUCCESS
http://dpdk.org/patch/154969
_Performance Testing PASS_
Submitter: Bruce Richardson <bruce.richardson@intel.com>
Date: Wednesday, July 02 2025 16:00:45
DPDK git baseline: Repo:dpdk
Branch: master
CommitID:bd546772e1449ccc0789db338cc398815fa2636d
154969 --> performance testing pass
Upstream job id: Template-DTS-Pipeline#234600
Test environment and result as below:
Ubuntu 24.04
Kernel: 6.8
Compiler: gcc gcc (Ubuntu 13.3.0-6ubuntu2~24.04) 13.3.0
NIC: NVIDIA Mellanox ConnectX-7 100000 Mbps
Fail/Total: 0/6
Detail performance results:
+------------+---------+----------+-------------+------------------------------+
| frame_size | txd/rxd | num_cpus | num_threads | throughput difference from |
| | | | | expected |
+============+=========+==========+=============+==============================+
| 64 | 1024 | 1 | 1 | -0.2% |
+------------+---------+----------+-------------+------------------------------+
| 128 | 1024 | 1 | 1 | -0.2% |
+------------+---------+----------+-------------+------------------------------+
| 256 | 1024 | 1 | 1 | 1.0% |
+------------+---------+----------+-------------+------------------------------+
| 512 | 1024 | 1 | 1 | -0.1% |
+------------+---------+----------+-------------+------------------------------+
| 1024 | 1024 | 1 | 1 | -0.2% |
+------------+---------+----------+-------------+------------------------------+
| 1518 | 1024 | 1 | 1 | -0.1% |
+------------+---------+----------+-------------+------------------------------+
Ubuntu 24.04
Kernel: 6.8
Compiler: gcc gcc (Ubuntu 13.3.0-6ubuntu2~24.04) 13.3.0
NIC: Mellanox ConnectX-6 Lx 25000 Mbps
Fail/Total: 0/6
Detail performance results:
+------------+---------+----------+-------------+------------------------------+
| frame_size | txd/rxd | num_cpus | num_threads | throughput difference from |
| | | | | expected |
+============+=========+==========+=============+==============================+
| 64 | 1024 | 1 | 1 | -0.0% |
+------------+---------+----------+-------------+------------------------------+
| 128 | 1024 | 1 | 1 | 0.0% |
+------------+---------+----------+-------------+------------------------------+
| 256 | 1024 | 1 | 1 | -0.1% |
+------------+---------+----------+-------------+------------------------------+
| 512 | 1024 | 1 | 1 | 0.1% |
+------------+---------+----------+-------------+------------------------------+
| 1024 | 1024 | 1 | 1 | 0.1% |
+------------+---------+----------+-------------+------------------------------+
| 1518 | 1024 | 1 | 1 | 0.0% |
+------------+---------+----------+-------------+------------------------------+
To view detailed results, visit:
https://lab.dpdk.org/results/dashboard/patchsets/33570/
UNH-IOL DPDK Community Lab
To manage your email subscriptions, visit:
https://lab.dpdk.org/results/dashboard/preferences/subscriptions/
^ permalink raw reply [flat|nested] 18+ messages in thread
* |FAILURE| pw154969 [PATCH] [v2] build/x86: fix support for older com
[not found] <20250702160138.3441279-1-bruce.richardson@intel.com>
` (5 preceding siblings ...)
2025-07-02 18:03 ` dpdklab
@ 2025-07-02 19:03 ` dpdklab
2025-07-02 19:04 ` dpdklab
` (10 subsequent siblings)
17 siblings, 0 replies; 18+ messages in thread
From: dpdklab @ 2025-07-02 19:03 UTC (permalink / raw)
To: Test Report; +Cc: dpdk-test-reports, Bruce Richardson
Test-Label: iol-compile-amd64-testing
Test-Status: FAILURE
http://dpdk.org/patch/154969
_Testing issues_
Submitter: Bruce Richardson <bruce.richardson@intel.com>
Date: Wednesday, July 02 2025 16:00:45
DPDK git baseline: Repo:dpdk
Branch: master
CommitID:bd546772e1449ccc0789db338cc398815fa2636d
154969 --> testing issues
Upstream job id: Generic-VM-DPDK-Compile-Meson#36883
Test environment and result as below:
+--------------+--------------------+
| Environment | dpdk_meson_compile |
+==============+====================+
| Ubuntu 20.04 | FAIL |
+--------------+--------------------+
| FreeBSD 14.2 | FAIL |
+--------------+--------------------+
==== 20 line log output for FreeBSD 14.2 (dpdk_meson_compile): ====
Compiler for C supports arguments -Wold-style-definition: YES
Compiler for C supports arguments -Wpointer-arith: YES
Compiler for C supports arguments -Wsign-compare: YES
Compiler for C supports arguments -Wstrict-prototypes: YES
Compiler for C supports arguments -Wundef: YES
Compiler for C supports arguments -Wwrite-strings: YES
Compiler for C supports arguments -Wno-packed-not-aligned: NO
Compiler for C supports arguments -Wno-missing-field-initializers: YES
Compiler for C supports arguments -fzero-init-padding-bits=all: NO
Fetching value of define "__AVX2__" : 1
Fetching value of define "__znver1__" :
Fetching value of define "__znver2__" :
Fetching value of define "__znver3__" :
Fetching value of define "__znver4__" :
Fetching value of define "__znver5__" :
Compiler for C supports arguments -march=x86-64-v4: YES
config/x86/meson.build:76:6: ERROR: List item must be one of <class 'str'>, not <class 'list'>
A full log can be found at /home/jenkins/jenkins-agent/workspace/Generic-VM-DPDK-Compile-Meson/dpdk/build/meson-logs/meson-log.txt
==== End log output ====
Ubuntu 20.04
Kernel: 4.19
Compiler: gcc gcc (Ubuntu 9.4.0-1ubuntu1~20.04.2) 9.4.0
FreeBSD 14.2
Kernel: 14.2-RELEASE
Compiler: clang 18.1.6
To view detailed results, visit:
https://lab.dpdk.org/results/dashboard/patchsets/33570/
UNH-IOL DPDK Community Lab
To manage your email subscriptions, visit:
https://lab.dpdk.org/results/dashboard/preferences/subscriptions/
^ permalink raw reply [flat|nested] 18+ messages in thread
* |FAILURE| pw154969 [PATCH] [v2] build/x86: fix support for older com
[not found] <20250702160138.3441279-1-bruce.richardson@intel.com>
` (6 preceding siblings ...)
2025-07-02 19:03 ` |FAILURE| " dpdklab
@ 2025-07-02 19:04 ` dpdklab
2025-07-02 19:41 ` |PENDING| " dpdklab
` (9 subsequent siblings)
17 siblings, 0 replies; 18+ messages in thread
From: dpdklab @ 2025-07-02 19:04 UTC (permalink / raw)
To: Test Report; +Cc: dpdk-test-reports, Bruce Richardson
Test-Label: iol-compile-amd64-testing
Test-Status: FAILURE
http://dpdk.org/patch/154969
_Testing issues_
Submitter: Bruce Richardson <bruce.richardson@intel.com>
Date: Wednesday, July 02 2025 16:00:45
DPDK git baseline: Repo:dpdk
Branch: master
CommitID:bd546772e1449ccc0789db338cc398815fa2636d
154969 --> testing issues
Upstream job id: Generic-VM-DPDK-Compile-Meson#36884
Test environment and result as below:
+--------------+--------------------+
| Environment | dpdk_meson_compile |
+==============+====================+
| Ubuntu 20.04 | FAIL |
+--------------+--------------------+
| FreeBSD 14.2 | FAIL |
+--------------+--------------------+
==== 20 line log output for FreeBSD 14.2 (dpdk_meson_compile): ====
Compiler for C supports arguments -Wold-style-definition: YES
Compiler for C supports arguments -Wpointer-arith: YES
Compiler for C supports arguments -Wsign-compare: YES
Compiler for C supports arguments -Wstrict-prototypes: YES
Compiler for C supports arguments -Wundef: YES
Compiler for C supports arguments -Wwrite-strings: YES
Compiler for C supports arguments -Wno-packed-not-aligned: NO
Compiler for C supports arguments -Wno-missing-field-initializers: YES
Compiler for C supports arguments -fzero-init-padding-bits=all: NO
Fetching value of define "__AVX2__" : 1
Fetching value of define "__znver1__" :
Fetching value of define "__znver2__" :
Fetching value of define "__znver3__" :
Fetching value of define "__znver4__" :
Fetching value of define "__znver5__" :
Compiler for C supports arguments -march=x86-64-v4: YES
config/x86/meson.build:76:6: ERROR: List item must be one of <class 'str'>, not <class 'list'>
A full log can be found at /home/jenkins/jenkins-agent/workspace/Generic-VM-DPDK-Compile-Meson/dpdk/build/meson-logs/meson-log.txt
==== End log output ====
Ubuntu 20.04
Kernel: 4.19
Compiler: gcc gcc (Ubuntu 9.4.0-1ubuntu1~20.04.2) 9.4.0
FreeBSD 14.2
Kernel: 14.2-RELEASE
Compiler: clang 18.1.6
To view detailed results, visit:
https://lab.dpdk.org/results/dashboard/patchsets/33570/
UNH-IOL DPDK Community Lab
To manage your email subscriptions, visit:
https://lab.dpdk.org/results/dashboard/preferences/subscriptions/
^ permalink raw reply [flat|nested] 18+ messages in thread
* |PENDING| pw154969 [PATCH] [v2] build/x86: fix support for older com
[not found] <20250702160138.3441279-1-bruce.richardson@intel.com>
` (7 preceding siblings ...)
2025-07-02 19:04 ` dpdklab
@ 2025-07-02 19:41 ` dpdklab
2025-07-02 19:47 ` |SUCCESS| " dpdklab
` (8 subsequent siblings)
17 siblings, 0 replies; 18+ messages in thread
From: dpdklab @ 2025-07-02 19:41 UTC (permalink / raw)
To: Test Report; +Cc: dpdk-test-reports
Test-Label: iol-unit-arm64-testing
Test-Status: PENDING
http://dpdk.org/patch/154969
_Testing pending_
Submitter: Bruce Richardson <bruce.richardson@intel.com>
Date: Wednesday, July 02 2025 16:00:45
DPDK git baseline: Repo:dpdk
Branch: master
CommitID:bd546772e1449ccc0789db338cc398815fa2636d
154969 --> testing pending
Upstream job id: Aarch32-Unit-Test#6785
Test environment and result as below:
+------------------------------+----------------+------------------------------+---------------------------+--------------+
| Environment | dpdk_unit_test | cryptodev_sw_snow3g_autotest | cryptodev_sw_zuc_autotest | lpm_autotest |
+==============================+================+==============================+===========================+==============+
| CentOS Stream 9 | PEND | SKIPPED | SKIPPED | SKIPPED |
+------------------------------+----------------+------------------------------+---------------------------+--------------+
| CentOS Stream 10 | PEND | SKIPPED | SKIPPED | SKIPPED |
+------------------------------+----------------+------------------------------+---------------------------+--------------+
| Debian GNU/Linux 12 | PEND | SKIPPED | SKIPPED | SKIPPED |
+------------------------------+----------------+------------------------------+---------------------------+--------------+
| Fedora Linux 40 | PEND | SKIPPED | SKIPPED | SKIPPED |
+------------------------------+----------------+------------------------------+---------------------------+--------------+
| Fedora Linux 41 | PEND | SKIPPED | SKIPPED | SKIPPED |
+------------------------------+----------------+------------------------------+---------------------------+--------------+
| Red Hat Enterprise Linux 9.5 | PEND | SKIPPED | SKIPPED | SKIPPED |
+------------------------------+----------------+------------------------------+---------------------------+--------------+
| Ubuntu 24.04 | PEND | SKIPPED | SKIPPED | SKIPPED |
+------------------------------+----------------+------------------------------+---------------------------+--------------+
| Ubuntu 22.04 | PASS | SKIPPED | SKIPPED | SKIPPED |
+------------------------------+----------------+------------------------------+---------------------------+--------------+
| Ubuntu 20.04 | PEND | SKIPPED | SKIPPED | PEND |
+------------------------------+----------------+------------------------------+---------------------------+--------------+
| Debian 12 (arm) | SKIPPED | PEND | PEND | SKIPPED |
+------------------------------+----------------+------------------------------+---------------------------+--------------+
CentOS Stream 9
Kernel: 5.4
Compiler: gcc gcc (GCC) 11.5.0 20240719 (Red Hat 11.5.0-7)
CentOS Stream 10
Kernel: 5.4
Compiler: gcc gcc (GCC) 14.2.1 20250110 (Red Hat 14.2.1-8)
Debian GNU/Linux 12
Kernel: 5.4
Compiler: gcc gcc (Debian 12.2.0-14+deb12u1) 12.2.0
Fedora Linux 40
Kernel: 5.4
Compiler: clang gcc (GCC) 14.2.1 20240912 (Red Hat 14.2.1-3)
Fedora Linux 41
Kernel: 5.4
Compiler: gcc gcc (GCC) 14.3.1 20250523 (Red Hat 14.3.1-1)
Red Hat Enterprise Linux 9.5
Kernel: 5.4
Compiler: gcc gcc (GCC) 11.5.0 20240719 (Red Hat 11.5.0-2)
Ubuntu 24.04
Kernel: 5.4
Compiler: gcc gcc (Ubuntu 13.3.0-6ubuntu2~24.04) 13.3.0
Ubuntu 22.04
Kernel: 5.4
Compiler: gcc gcc (Ubuntu 11.4.0-1ubuntu1~22.04) 11.4.0
Ubuntu 20.04
Kernel: 5.4
Compiler: gcc gcc (Ubuntu 9.4.0-1ubuntu1~20.04.2) 9.4.0
Debian 12 (arm)
Kernel: Depends on container host
Compiler: gcc (Debian 12.2.0-14) 12.2.0
To view detailed results, visit:
https://lab.dpdk.org/results/dashboard/patchsets/33570/
UNH-IOL DPDK Community Lab
To manage your email subscriptions, visit:
https://lab.dpdk.org/results/dashboard/preferences/subscriptions/
^ permalink raw reply [flat|nested] 18+ messages in thread
* |SUCCESS| pw154969 [PATCH] [v2] build/x86: fix support for older com
[not found] <20250702160138.3441279-1-bruce.richardson@intel.com>
` (8 preceding siblings ...)
2025-07-02 19:41 ` |PENDING| " dpdklab
@ 2025-07-02 19:47 ` dpdklab
2025-07-02 20:06 ` dpdklab
` (7 subsequent siblings)
17 siblings, 0 replies; 18+ messages in thread
From: dpdklab @ 2025-07-02 19:47 UTC (permalink / raw)
To: Test Report; +Cc: dpdk-test-reports
Test-Label: iol-sample-apps-testing
Test-Status: SUCCESS
http://dpdk.org/patch/154969
_Testing PASS_
Submitter: Bruce Richardson <bruce.richardson@intel.com>
Date: Wednesday, July 02 2025 16:00:45
DPDK git baseline: Repo:dpdk
Branch: master
CommitID:bd546772e1449ccc0789db338cc398815fa2636d
154969 --> testing pass
Upstream job id: Template-DTS-Pipeline#234612
Test environment and result as below:
+--------------+----------------------+
| Environment | compressdev_zlib_pmd |
+==============+======================+
| Ubuntu 22.04 | PASS |
+--------------+----------------------+
Ubuntu 22.04
Kernel: 5.15
Compiler: gcc gcc (Ubuntu 11.4.0-1ubuntu1~22.04) 11.4.0
To view detailed results, visit:
https://lab.dpdk.org/results/dashboard/patchsets/33570/
UNH-IOL DPDK Community Lab
To manage your email subscriptions, visit:
https://lab.dpdk.org/results/dashboard/preferences/subscriptions/
^ permalink raw reply [flat|nested] 18+ messages in thread
* |SUCCESS| pw154969 [PATCH] [v2] build/x86: fix support for older com
[not found] <20250702160138.3441279-1-bruce.richardson@intel.com>
` (9 preceding siblings ...)
2025-07-02 19:47 ` |SUCCESS| " dpdklab
@ 2025-07-02 20:06 ` dpdklab
2025-07-02 20:16 ` |FAILURE| " dpdklab
` (6 subsequent siblings)
17 siblings, 0 replies; 18+ messages in thread
From: dpdklab @ 2025-07-02 20:06 UTC (permalink / raw)
To: Test Report; +Cc: dpdk-test-reports
Test-Label: iol-broadcom-Performance
Test-Status: SUCCESS
http://dpdk.org/patch/154969
_Performance Testing PASS_
Submitter: Bruce Richardson <bruce.richardson@intel.com>
Date: Wednesday, July 02 2025 16:00:45
DPDK git baseline: Repo:dpdk
Branch: master
CommitID:bd546772e1449ccc0789db338cc398815fa2636d
154969 --> performance testing pass
Upstream job id: Template-DTS-Pipeline#234605
Test environment and result as below:
Ubuntu 22.04
Kernel: 5.15
Compiler: gcc gcc (Ubuntu 11.4.0-1ubuntu1~22.04) 11.4.0
NIC: Broadcom Inc. and subsidiaries BCM57414 NetXtreme-E 10Gb/25Gb RDMA Ethernet Controller 16d7 25 Mbps
Fail/Total: 0/3
Detail performance results:
+------------+---------+----------+-------------+------------------------------+
| frame_size | txd/rxd | num_cpus | num_threads | throughput difference from |
| | | | | expected |
+============+=========+==========+=============+==============================+
| 64 | 128 | 1 | 1 | 0.3% |
+------------+---------+----------+-------------+------------------------------+
| 64 | 512 | 1 | 1 | -0.4% |
+------------+---------+----------+-------------+------------------------------+
| 64 | 2048 | 1 | 1 | -0.1% |
+------------+---------+----------+-------------+------------------------------+
Ubuntu 22.04
Kernel: 5.15
Compiler: gcc gcc (Ubuntu 11.4.0-1ubuntu1~22.04) 11.4.0
NIC: Arm Broadcom Inc. brcm_57414 25000 Mbps
Fail/Total: 0/2
Detail performance results:
+------------+---------+----------+-------------+------------------------------+
| frame_size | txd/rxd | num_cpus | num_threads | throughput difference from |
| | | | | expected |
+============+=========+==========+=============+==============================+
| 64 | 512 | 1 | 1 | -0.0% |
+------------+---------+----------+-------------+------------------------------+
| 64 | 2048 | 1 | 1 | -0.0% |
+------------+---------+----------+-------------+------------------------------+
To view detailed results, visit:
https://lab.dpdk.org/results/dashboard/patchsets/33570/
UNH-IOL DPDK Community Lab
To manage your email subscriptions, visit:
https://lab.dpdk.org/results/dashboard/preferences/subscriptions/
^ permalink raw reply [flat|nested] 18+ messages in thread
* |FAILURE| pw154969 [PATCH] [v2] build/x86: fix support for older com
[not found] <20250702160138.3441279-1-bruce.richardson@intel.com>
` (10 preceding siblings ...)
2025-07-02 20:06 ` dpdklab
@ 2025-07-02 20:16 ` dpdklab
2025-07-02 21:13 ` |WARNING| " dpdklab
` (5 subsequent siblings)
17 siblings, 0 replies; 18+ messages in thread
From: dpdklab @ 2025-07-02 20:16 UTC (permalink / raw)
To: Test Report; +Cc: dpdk-test-reports, Bruce Richardson
Test-Label: iol-compile-amd64-testing
Test-Status: FAILURE
http://dpdk.org/patch/154969
_Testing issues_
Submitter: Bruce Richardson <bruce.richardson@intel.com>
Date: Wednesday, July 02 2025 16:00:45
DPDK git baseline: Repo:dpdk
Branch: master
CommitID:bd546772e1449ccc0789db338cc398815fa2636d
154969 --> testing issues
Upstream job id: Windows-Compile-DPDK-VS#6236
Test environment and result as below:
+---------------------+--------------------+-------------------+
| Environment | dpdk_meson_compile | dpdk_msvc_compile |
+=====================+====================+===================+
| Ubuntu 20.04 | FAIL | SKIPPED |
+---------------------+--------------------+-------------------+
| FreeBSD 14.2 | FAIL | SKIPPED |
+---------------------+--------------------+-------------------+
| Windows Server 2022 | SKIPPED | PASS |
+---------------------+--------------------+-------------------+
==== 20 line log output for FreeBSD 14.2 (dpdk_meson_compile): ====
Compiler for C supports arguments -Wold-style-definition: YES
Compiler for C supports arguments -Wpointer-arith: YES
Compiler for C supports arguments -Wsign-compare: YES
Compiler for C supports arguments -Wstrict-prototypes: YES
Compiler for C supports arguments -Wundef: YES
Compiler for C supports arguments -Wwrite-strings: YES
Compiler for C supports arguments -Wno-packed-not-aligned: NO
Compiler for C supports arguments -Wno-missing-field-initializers: YES
Compiler for C supports arguments -fzero-init-padding-bits=all: NO
Fetching value of define "__AVX2__" : 1
Fetching value of define "__znver1__" :
Fetching value of define "__znver2__" :
Fetching value of define "__znver3__" :
Fetching value of define "__znver4__" :
Fetching value of define "__znver5__" :
Compiler for C supports arguments -march=x86-64-v4: YES
config/x86/meson.build:76:6: ERROR: List item must be one of <class 'str'>, not <class 'list'>
A full log can be found at /home/jenkins/jenkins-agent/workspace/Generic-VM-DPDK-Compile-Meson/dpdk/build/meson-logs/meson-log.txt
==== End log output ====
Ubuntu 20.04
Kernel: 4.19
Compiler: gcc gcc (Ubuntu 9.4.0-1ubuntu1~20.04.2) 9.4.0
FreeBSD 14.2
Kernel: 14.2-RELEASE
Compiler: clang 18.1.6
Windows Server 2022
Kernel: 10.0.20348.2031
Compiler: clang 15.0.7, gcc 14.1.0 (MinGW), and MSVC VS 19.39.33521
To view detailed results, visit:
https://lab.dpdk.org/results/dashboard/patchsets/33570/
UNH-IOL DPDK Community Lab
To manage your email subscriptions, visit:
https://lab.dpdk.org/results/dashboard/preferences/subscriptions/
^ permalink raw reply [flat|nested] 18+ messages in thread
* |WARNING| pw154969 [PATCH] [v2] build/x86: fix support for older com
[not found] <20250702160138.3441279-1-bruce.richardson@intel.com>
` (11 preceding siblings ...)
2025-07-02 20:16 ` |FAILURE| " dpdklab
@ 2025-07-02 21:13 ` dpdklab
2025-07-02 21:13 ` dpdklab
` (4 subsequent siblings)
17 siblings, 0 replies; 18+ messages in thread
From: dpdklab @ 2025-07-02 21:13 UTC (permalink / raw)
To: Test Report; +Cc: dpdk-test-reports
Test-Label: iol-unit-amd64-testing
Test-Status: WARNING
http://dpdk.org/patch/154969
_Testing issues_
Submitter: Bruce Richardson <bruce.richardson@intel.com>
Date: Wednesday, July 02 2025 16:00:45
DPDK git baseline: Repo:dpdk
Branch: master
CommitID:bd546772e1449ccc0789db338cc398815fa2636d
154969 --> testing issues
Upstream job id: Generic-Unit-Test-DPDK#351904
Test environment and result as below:
+-------------------------------+----------------+
| Environment | dpdk_unit_test |
+===============================+================+
| CentOS Stream 10 | WARN |
+-------------------------------+----------------+
| CentOS Stream 9 | WARN |
+-------------------------------+----------------+
| Fedora Linux 40 | WARN |
+-------------------------------+----------------+
| Fedora Linux 41 | WARN |
+-------------------------------+----------------+
| Debian GNU/Linux 12 | WARN |
+-------------------------------+----------------+
| Red Hat Enterprise Linux 9.5 | WARN |
+-------------------------------+----------------+
| Ubuntu 24.04 | WARN |
+-------------------------------+----------------+
| Ubuntu 20.04 | WARN |
+-------------------------------+----------------+
| Red Hat Enterprise Linux 8.10 | WARN |
+-------------------------------+----------------+
| Ubuntu 22.04 | WARN |
+-------------------------------+----------------+
==== 20 line log output for Ubuntu 22.04 (dpdk_unit_test): ====
Compiler for C supports arguments -Wpointer-arith: YES
Compiler for C supports arguments -Wsign-compare: YES
Compiler for C supports arguments -Wstrict-prototypes: YES
Compiler for C supports arguments -Wundef: YES
Compiler for C supports arguments -Wwrite-strings: YES
Compiler for C supports arguments -Wno-packed-not-aligned: YES
Compiler for C supports arguments -Wno-missing-field-initializers: YES
Compiler for C supports arguments -fzero-init-padding-bits=all: NO
Fetching value of define "__AVX2__" : 1
Fetching value of define "__znver1__" :
Fetching value of define "__znver2__" :
Fetching value of define "__znver3__" :
Fetching value of define "__znver4__" :
Fetching value of define "__znver5__" :
Program objdump found: YES (/usr/bin/objdump)
Compiler for C supports arguments -march=x86-64-v4: YES
config/x86/meson.build:76:6: ERROR: List item must be one of <class 'str'>, not <class 'list'>
A full log can be found at /root/workspace/Generic-Unit-Test-DPDK/dpdk/build/meson-logs/meson-log.txt
==== End log output ====
CentOS Stream 10
Kernel: 5.15
Compiler: gcc gcc (GCC) 14.2.1 20250110 (Red Hat 14.2.1-8)
CentOS Stream 9
Kernel: 5.15
Compiler: gcc gcc (GCC) 11.5.0 20240719 (Red Hat 11.5.0-7)
Fedora Linux 40
Kernel: 5.15
Compiler: clang gcc (GCC) 14.2.1 20240912 (Red Hat 14.2.1-3)
Fedora Linux 41
Kernel: 5.15
Compiler: gcc gcc (GCC) 14.3.1 20250523 (Red Hat 14.3.1-1)
Debian GNU/Linux 12
Kernel: 5.15
Compiler: gcc gcc (Debian 12.2.0-14+deb12u1) 12.2.0
Red Hat Enterprise Linux 9.5
Kernel: 5.15
Compiler: gcc gcc (GCC) 11.5.0 20240719 (Red Hat 11.5.0-2)
Ubuntu 24.04
Kernel: 5.15
Compiler: gcc gcc (Ubuntu 13.3.0-6ubuntu2~24.04) 13.3.0
Ubuntu 20.04
Kernel: 5.15
Compiler: gcc gcc (Ubuntu 9.4.0-1ubuntu1~20.04.2) 9.4.0
Red Hat Enterprise Linux 8.10
Kernel: 5.15
Compiler: gcc gcc (GCC) 8.5.0 20210514 (Red Hat 8.5.0-22)
Ubuntu 22.04
Kernel: 5.15
Compiler: gcc gcc (Ubuntu 11.4.0-1ubuntu1~22.04) 11.4.0
To view detailed results, visit:
https://lab.dpdk.org/results/dashboard/patchsets/33570/
UNH-IOL DPDK Community Lab
To manage your email subscriptions, visit:
https://lab.dpdk.org/results/dashboard/preferences/subscriptions/
^ permalink raw reply [flat|nested] 18+ messages in thread
* |WARNING| pw154969 [PATCH] [v2] build/x86: fix support for older com
[not found] <20250702160138.3441279-1-bruce.richardson@intel.com>
` (12 preceding siblings ...)
2025-07-02 21:13 ` |WARNING| " dpdklab
@ 2025-07-02 21:13 ` dpdklab
2025-07-02 21:13 ` dpdklab
` (3 subsequent siblings)
17 siblings, 0 replies; 18+ messages in thread
From: dpdklab @ 2025-07-02 21:13 UTC (permalink / raw)
To: Test Report; +Cc: dpdk-test-reports
Test-Label: iol-unit-amd64-testing
Test-Status: WARNING
http://dpdk.org/patch/154969
_Testing issues_
Submitter: Bruce Richardson <bruce.richardson@intel.com>
Date: Wednesday, July 02 2025 16:00:45
DPDK git baseline: Repo:dpdk
Branch: master
CommitID:bd546772e1449ccc0789db338cc398815fa2636d
154969 --> testing issues
Upstream job id: Generic-Unit-Test-DPDK#351897
Test environment and result as below:
+-------------------------------+----------------+
| Environment | dpdk_unit_test |
+===============================+================+
| CentOS Stream 10 | WARN |
+-------------------------------+----------------+
| CentOS Stream 9 | WARN |
+-------------------------------+----------------+
| Fedora Linux 40 | WARN |
+-------------------------------+----------------+
| Fedora Linux 41 | WARN |
+-------------------------------+----------------+
| Debian GNU/Linux 12 | WARN |
+-------------------------------+----------------+
| Red Hat Enterprise Linux 9.5 | WARN |
+-------------------------------+----------------+
| Ubuntu 24.04 | WARN |
+-------------------------------+----------------+
| Ubuntu 20.04 | WARN |
+-------------------------------+----------------+
| Red Hat Enterprise Linux 8.10 | WARN |
+-------------------------------+----------------+
| Ubuntu 22.04 | WARN |
+-------------------------------+----------------+
==== 20 line log output for Ubuntu 22.04 (dpdk_unit_test): ====
Compiler for C supports arguments -Wpointer-arith: YES
Compiler for C supports arguments -Wsign-compare: YES
Compiler for C supports arguments -Wstrict-prototypes: YES
Compiler for C supports arguments -Wundef: YES
Compiler for C supports arguments -Wwrite-strings: YES
Compiler for C supports arguments -Wno-packed-not-aligned: YES
Compiler for C supports arguments -Wno-missing-field-initializers: YES
Compiler for C supports arguments -fzero-init-padding-bits=all: NO
Fetching value of define "__AVX2__" : 1
Fetching value of define "__znver1__" :
Fetching value of define "__znver2__" :
Fetching value of define "__znver3__" :
Fetching value of define "__znver4__" :
Fetching value of define "__znver5__" :
Program objdump found: YES (/usr/bin/objdump)
Compiler for C supports arguments -march=x86-64-v4: YES
config/x86/meson.build:76:6: ERROR: List item must be one of <class 'str'>, not <class 'list'>
A full log can be found at /root/workspace/Generic-Unit-Test-DPDK/dpdk/build/meson-logs/meson-log.txt
==== End log output ====
CentOS Stream 10
Kernel: 5.15
Compiler: gcc gcc (GCC) 14.2.1 20250110 (Red Hat 14.2.1-8)
CentOS Stream 9
Kernel: 5.15
Compiler: gcc gcc (GCC) 11.5.0 20240719 (Red Hat 11.5.0-7)
Fedora Linux 40
Kernel: 5.15
Compiler: clang gcc (GCC) 14.2.1 20240912 (Red Hat 14.2.1-3)
Fedora Linux 41
Kernel: 5.15
Compiler: gcc gcc (GCC) 14.3.1 20250523 (Red Hat 14.3.1-1)
Debian GNU/Linux 12
Kernel: 5.15
Compiler: gcc gcc (Debian 12.2.0-14+deb12u1) 12.2.0
Red Hat Enterprise Linux 9.5
Kernel: 5.15
Compiler: gcc gcc (GCC) 11.5.0 20240719 (Red Hat 11.5.0-2)
Ubuntu 24.04
Kernel: 5.15
Compiler: gcc gcc (Ubuntu 13.3.0-6ubuntu2~24.04) 13.3.0
Ubuntu 20.04
Kernel: 5.15
Compiler: gcc gcc (Ubuntu 9.4.0-1ubuntu1~20.04.2) 9.4.0
Red Hat Enterprise Linux 8.10
Kernel: 5.15
Compiler: gcc gcc (GCC) 8.5.0 20210514 (Red Hat 8.5.0-22)
Ubuntu 22.04
Kernel: 5.15
Compiler: gcc gcc (Ubuntu 11.4.0-1ubuntu1~22.04) 11.4.0
To view detailed results, visit:
https://lab.dpdk.org/results/dashboard/patchsets/33570/
UNH-IOL DPDK Community Lab
To manage your email subscriptions, visit:
https://lab.dpdk.org/results/dashboard/preferences/subscriptions/
^ permalink raw reply [flat|nested] 18+ messages in thread
* |WARNING| pw154969 [PATCH] [v2] build/x86: fix support for older com
[not found] <20250702160138.3441279-1-bruce.richardson@intel.com>
` (13 preceding siblings ...)
2025-07-02 21:13 ` dpdklab
@ 2025-07-02 21:13 ` dpdklab
2025-07-02 21:30 ` |SUCCESS| " dpdklab
` (2 subsequent siblings)
17 siblings, 0 replies; 18+ messages in thread
From: dpdklab @ 2025-07-02 21:13 UTC (permalink / raw)
To: Test Report; +Cc: dpdk-test-reports
Test-Label: iol-unit-amd64-testing
Test-Status: WARNING
http://dpdk.org/patch/154969
_Testing issues_
Submitter: Bruce Richardson <bruce.richardson@intel.com>
Date: Wednesday, July 02 2025 16:00:45
DPDK git baseline: Repo:dpdk
Branch: master
CommitID:bd546772e1449ccc0789db338cc398815fa2636d
154969 --> testing issues
Upstream job id: Generic-Unit-Test-DPDK#351902
Test environment and result as below:
+-------------------------------+----------------+
| Environment | dpdk_unit_test |
+===============================+================+
| CentOS Stream 10 | WARN |
+-------------------------------+----------------+
| CentOS Stream 9 | WARN |
+-------------------------------+----------------+
| Fedora Linux 40 | WARN |
+-------------------------------+----------------+
| Fedora Linux 41 | WARN |
+-------------------------------+----------------+
| Debian GNU/Linux 12 | WARN |
+-------------------------------+----------------+
| Red Hat Enterprise Linux 9.5 | WARN |
+-------------------------------+----------------+
| Ubuntu 24.04 | WARN |
+-------------------------------+----------------+
| Ubuntu 20.04 | WARN |
+-------------------------------+----------------+
| Red Hat Enterprise Linux 8.10 | WARN |
+-------------------------------+----------------+
| Ubuntu 22.04 | WARN |
+-------------------------------+----------------+
==== 20 line log output for Ubuntu 22.04 (dpdk_unit_test): ====
Compiler for C supports arguments -Wpointer-arith: YES
Compiler for C supports arguments -Wsign-compare: YES
Compiler for C supports arguments -Wstrict-prototypes: YES
Compiler for C supports arguments -Wundef: YES
Compiler for C supports arguments -Wwrite-strings: YES
Compiler for C supports arguments -Wno-packed-not-aligned: YES
Compiler for C supports arguments -Wno-missing-field-initializers: YES
Compiler for C supports arguments -fzero-init-padding-bits=all: NO
Fetching value of define "__AVX2__" : 1
Fetching value of define "__znver1__" :
Fetching value of define "__znver2__" :
Fetching value of define "__znver3__" :
Fetching value of define "__znver4__" :
Fetching value of define "__znver5__" :
Program objdump found: YES (/usr/bin/objdump)
Compiler for C supports arguments -march=x86-64-v4: YES
config/x86/meson.build:76:6: ERROR: List item must be one of <class 'str'>, not <class 'list'>
A full log can be found at /root/workspace/Generic-Unit-Test-DPDK/dpdk/build/meson-logs/meson-log.txt
==== End log output ====
CentOS Stream 10
Kernel: 5.15
Compiler: gcc gcc (GCC) 14.2.1 20250110 (Red Hat 14.2.1-8)
CentOS Stream 9
Kernel: 5.15
Compiler: gcc gcc (GCC) 11.5.0 20240719 (Red Hat 11.5.0-7)
Fedora Linux 40
Kernel: 5.15
Compiler: clang gcc (GCC) 14.2.1 20240912 (Red Hat 14.2.1-3)
Fedora Linux 41
Kernel: 5.15
Compiler: gcc gcc (GCC) 14.3.1 20250523 (Red Hat 14.3.1-1)
Debian GNU/Linux 12
Kernel: 5.15
Compiler: gcc gcc (Debian 12.2.0-14+deb12u1) 12.2.0
Red Hat Enterprise Linux 9.5
Kernel: 5.15
Compiler: gcc gcc (GCC) 11.5.0 20240719 (Red Hat 11.5.0-2)
Ubuntu 24.04
Kernel: 5.15
Compiler: gcc gcc (Ubuntu 13.3.0-6ubuntu2~24.04) 13.3.0
Ubuntu 20.04
Kernel: 5.15
Compiler: gcc gcc (Ubuntu 9.4.0-1ubuntu1~20.04.2) 9.4.0
Red Hat Enterprise Linux 8.10
Kernel: 5.15
Compiler: gcc gcc (GCC) 8.5.0 20210514 (Red Hat 8.5.0-22)
Ubuntu 22.04
Kernel: 5.15
Compiler: gcc gcc (Ubuntu 11.4.0-1ubuntu1~22.04) 11.4.0
To view detailed results, visit:
https://lab.dpdk.org/results/dashboard/patchsets/33570/
UNH-IOL DPDK Community Lab
To manage your email subscriptions, visit:
https://lab.dpdk.org/results/dashboard/preferences/subscriptions/
^ permalink raw reply [flat|nested] 18+ messages in thread
* |SUCCESS| pw154969 [PATCH] [v2] build/x86: fix support for older com
[not found] <20250702160138.3441279-1-bruce.richardson@intel.com>
` (14 preceding siblings ...)
2025-07-02 21:13 ` dpdklab
@ 2025-07-02 21:30 ` dpdklab
2025-07-02 21:32 ` |FAILURE| " dpdklab
2025-07-03 0:25 ` dpdklab
17 siblings, 0 replies; 18+ messages in thread
From: dpdklab @ 2025-07-02 21:30 UTC (permalink / raw)
To: Test Report; +Cc: dpdk-test-reports
Test-Label: iol-intel-Functional
Test-Status: SUCCESS
http://dpdk.org/patch/154969
_Functional Testing PASS_
Submitter: Bruce Richardson <bruce.richardson@intel.com>
Date: Wednesday, July 02 2025 16:00:45
DPDK git baseline: Repo:dpdk
Branch: master
CommitID:bd546772e1449ccc0789db338cc398815fa2636d
154969 --> functional testing pass
Upstream job id: Template-DTS-Pipeline#234610
Test environment and result as below:
Ubuntu 22.04
Kernel: 5.15
Compiler: gcc gcc (Ubuntu 11.4.0-1ubuntu1~22.04) 11.4.0
NIC: Intel Corporation QAT 8970 0 Mbps
Aggregate Results by Test Suite
+----------------------------+--------+
| Test Suite | Result |
+============================+========+
| crypto_perf_cryptodev_perf | PASS |
+----------------------------+--------+
To view detailed results, visit:
https://lab.dpdk.org/results/dashboard/patchsets/33570/
UNH-IOL DPDK Community Lab
To manage your email subscriptions, visit:
https://lab.dpdk.org/results/dashboard/preferences/subscriptions/
^ permalink raw reply [flat|nested] 18+ messages in thread
* |FAILURE| pw154969 [PATCH] [v2] build/x86: fix support for older com
[not found] <20250702160138.3441279-1-bruce.richardson@intel.com>
` (15 preceding siblings ...)
2025-07-02 21:30 ` |SUCCESS| " dpdklab
@ 2025-07-02 21:32 ` dpdklab
2025-07-03 0:25 ` dpdklab
17 siblings, 0 replies; 18+ messages in thread
From: dpdklab @ 2025-07-02 21:32 UTC (permalink / raw)
To: Test Report; +Cc: dpdk-test-reports, Bruce Richardson
Test-Label: iol-compile-amd64-testing
Test-Status: FAILURE
http://dpdk.org/patch/154969
_Testing issues_
Submitter: Bruce Richardson <bruce.richardson@intel.com>
Date: Wednesday, July 02 2025 16:00:45
DPDK git baseline: Repo:dpdk
Branch: master
CommitID:bd546772e1449ccc0789db338cc398815fa2636d
154969 --> testing issues
Upstream job id: Windows-Compile-DPDK-Native#29514
Test environment and result as below:
+---------------------+--------------------+-------------------+----------------------+
| Environment | dpdk_meson_compile | dpdk_msvc_compile | dpdk_mingw64_compile |
+=====================+====================+===================+======================+
| Ubuntu 20.04 | FAIL | SKIPPED | SKIPPED |
+---------------------+--------------------+-------------------+----------------------+
| FreeBSD 14.2 | FAIL | SKIPPED | SKIPPED |
+---------------------+--------------------+-------------------+----------------------+
| Windows Server 2022 | SKIPPED | PASS | PASS |
+---------------------+--------------------+-------------------+----------------------+
==== 20 line log output for FreeBSD 14.2 (dpdk_meson_compile): ====
Compiler for C supports arguments -Wold-style-definition: YES
Compiler for C supports arguments -Wpointer-arith: YES
Compiler for C supports arguments -Wsign-compare: YES
Compiler for C supports arguments -Wstrict-prototypes: YES
Compiler for C supports arguments -Wundef: YES
Compiler for C supports arguments -Wwrite-strings: YES
Compiler for C supports arguments -Wno-packed-not-aligned: NO
Compiler for C supports arguments -Wno-missing-field-initializers: YES
Compiler for C supports arguments -fzero-init-padding-bits=all: NO
Fetching value of define "__AVX2__" : 1
Fetching value of define "__znver1__" :
Fetching value of define "__znver2__" :
Fetching value of define "__znver3__" :
Fetching value of define "__znver4__" :
Fetching value of define "__znver5__" :
Compiler for C supports arguments -march=x86-64-v4: YES
config/x86/meson.build:76:6: ERROR: List item must be one of <class 'str'>, not <class 'list'>
A full log can be found at /home/jenkins/jenkins-agent/workspace/Generic-VM-DPDK-Compile-Meson/dpdk/build/meson-logs/meson-log.txt
==== End log output ====
Ubuntu 20.04
Kernel: 4.19
Compiler: gcc gcc (Ubuntu 9.4.0-1ubuntu1~20.04.2) 9.4.0
FreeBSD 14.2
Kernel: 14.2-RELEASE
Compiler: clang 18.1.6
Windows Server 2022
Kernel: 10.0.20348.2031
Compiler: clang 15.0.7, gcc 14.1.0 (MinGW), and MSVC VS 19.39.33521
To view detailed results, visit:
https://lab.dpdk.org/results/dashboard/patchsets/33570/
UNH-IOL DPDK Community Lab
To manage your email subscriptions, visit:
https://lab.dpdk.org/results/dashboard/preferences/subscriptions/
^ permalink raw reply [flat|nested] 18+ messages in thread
* |FAILURE| pw154969 [PATCH] [v2] build/x86: fix support for older com
[not found] <20250702160138.3441279-1-bruce.richardson@intel.com>
` (16 preceding siblings ...)
2025-07-02 21:32 ` |FAILURE| " dpdklab
@ 2025-07-03 0:25 ` dpdklab
17 siblings, 0 replies; 18+ messages in thread
From: dpdklab @ 2025-07-03 0:25 UTC (permalink / raw)
To: Test Report; +Cc: dpdk-test-reports, Bruce Richardson
Test-Label: iol-unit-amd64-testing
Test-Status: FAILURE
http://dpdk.org/patch/154969
_Testing issues_
Submitter: Bruce Richardson <bruce.richardson@intel.com>
Date: Wednesday, July 02 2025 16:00:45
DPDK git baseline: Repo:dpdk
Branch: master
CommitID:bd546772e1449ccc0789db338cc398815fa2636d
154969 --> testing issues
Upstream job id: Generic-VM-Unit-Test-DPDK#29661
Test environment and result as below:
+-------------------------------+----------------+
| Environment | dpdk_unit_test |
+===============================+================+
| CentOS Stream 10 | WARN |
+-------------------------------+----------------+
| CentOS Stream 9 | WARN |
+-------------------------------+----------------+
| Fedora Linux 40 | WARN |
+-------------------------------+----------------+
| Fedora Linux 41 | WARN |
+-------------------------------+----------------+
| Debian GNU/Linux 12 | WARN |
+-------------------------------+----------------+
| Red Hat Enterprise Linux 9.5 | WARN |
+-------------------------------+----------------+
| Ubuntu 24.04 | WARN |
+-------------------------------+----------------+
| Ubuntu 20.04 | FAIL |
+-------------------------------+----------------+
| Red Hat Enterprise Linux 8.10 | WARN |
+-------------------------------+----------------+
| Ubuntu 22.04 | WARN |
+-------------------------------+----------------+
==== 20 line log output for Ubuntu 22.04 (dpdk_unit_test): ====
Compiler for C supports arguments -Wpointer-arith: YES
Compiler for C supports arguments -Wsign-compare: YES
Compiler for C supports arguments -Wstrict-prototypes: YES
Compiler for C supports arguments -Wundef: YES
Compiler for C supports arguments -Wwrite-strings: YES
Compiler for C supports arguments -Wno-packed-not-aligned: YES
Compiler for C supports arguments -Wno-missing-field-initializers: YES
Compiler for C supports arguments -fzero-init-padding-bits=all: NO
Fetching value of define "__AVX2__" : 1
Fetching value of define "__znver1__" :
Fetching value of define "__znver2__" :
Fetching value of define "__znver3__" :
Fetching value of define "__znver4__" :
Fetching value of define "__znver5__" :
Program objdump found: YES (/usr/bin/objdump)
Compiler for C supports arguments -march=x86-64-v4: YES
config/x86/meson.build:76:6: ERROR: List item must be one of <class 'str'>, not <class 'list'>
A full log can be found at /root/workspace/Generic-Unit-Test-DPDK/dpdk/build/meson-logs/meson-log.txt
==== End log output ====
CentOS Stream 10
Kernel: 5.15
Compiler: gcc gcc (GCC) 14.2.1 20250110 (Red Hat 14.2.1-8)
CentOS Stream 9
Kernel: 5.15
Compiler: gcc gcc (GCC) 11.5.0 20240719 (Red Hat 11.5.0-7)
Fedora Linux 40
Kernel: 5.15
Compiler: clang gcc (GCC) 14.2.1 20240912 (Red Hat 14.2.1-3)
Fedora Linux 41
Kernel: 5.15
Compiler: gcc gcc (GCC) 14.3.1 20250523 (Red Hat 14.3.1-1)
Debian GNU/Linux 12
Kernel: 5.15
Compiler: gcc gcc (Debian 12.2.0-14+deb12u1) 12.2.0
Red Hat Enterprise Linux 9.5
Kernel: 5.15
Compiler: gcc gcc (GCC) 11.5.0 20240719 (Red Hat 11.5.0-2)
Ubuntu 24.04
Kernel: 5.15
Compiler: gcc gcc (Ubuntu 13.3.0-6ubuntu2~24.04) 13.3.0
Ubuntu 20.04
Kernel: 5.15
Compiler: gcc gcc (Ubuntu 9.4.0-1ubuntu1~20.04.2) 9.4.0
Red Hat Enterprise Linux 8.10
Kernel: 5.15
Compiler: gcc gcc (GCC) 8.5.0 20210514 (Red Hat 8.5.0-22)
Ubuntu 22.04
Kernel: 5.15
Compiler: gcc gcc (Ubuntu 11.4.0-1ubuntu1~22.04) 11.4.0
To view detailed results, visit:
https://lab.dpdk.org/results/dashboard/patchsets/33570/
UNH-IOL DPDK Community Lab
To manage your email subscriptions, visit:
https://lab.dpdk.org/results/dashboard/preferences/subscriptions/
^ permalink raw reply [flat|nested] 18+ messages in thread