From: dpdklab@iol.unh.edu
To: Test Report <test-report@dpdk.org>
Cc: dpdk-test-reports@iol.unh.edu
Subject: |WARNING| pw154969 [PATCH] [v2] build/x86: fix support for older com
Date: Wed, 02 Jul 2025 14:13:34 -0700 (PDT) [thread overview]
Message-ID: <6865a0fe.170a0220.1cc4d3.19c1SMTPIN_ADDED_MISSING@mx.google.com> (raw)
In-Reply-To: <20250702160138.3441279-1-bruce.richardson@intel.com>
Test-Label: iol-unit-amd64-testing
Test-Status: WARNING
http://dpdk.org/patch/154969
_Testing issues_
Submitter: Bruce Richardson <bruce.richardson@intel.com>
Date: Wednesday, July 02 2025 16:00:45
DPDK git baseline: Repo:dpdk
Branch: master
CommitID:bd546772e1449ccc0789db338cc398815fa2636d
154969 --> testing issues
Upstream job id: Generic-Unit-Test-DPDK#351897
Test environment and result as below:
+-------------------------------+----------------+
| Environment | dpdk_unit_test |
+===============================+================+
| CentOS Stream 10 | WARN |
+-------------------------------+----------------+
| CentOS Stream 9 | WARN |
+-------------------------------+----------------+
| Fedora Linux 40 | WARN |
+-------------------------------+----------------+
| Fedora Linux 41 | WARN |
+-------------------------------+----------------+
| Debian GNU/Linux 12 | WARN |
+-------------------------------+----------------+
| Red Hat Enterprise Linux 9.5 | WARN |
+-------------------------------+----------------+
| Ubuntu 24.04 | WARN |
+-------------------------------+----------------+
| Ubuntu 20.04 | WARN |
+-------------------------------+----------------+
| Red Hat Enterprise Linux 8.10 | WARN |
+-------------------------------+----------------+
| Ubuntu 22.04 | WARN |
+-------------------------------+----------------+
==== 20 line log output for Ubuntu 22.04 (dpdk_unit_test): ====
Compiler for C supports arguments -Wpointer-arith: YES
Compiler for C supports arguments -Wsign-compare: YES
Compiler for C supports arguments -Wstrict-prototypes: YES
Compiler for C supports arguments -Wundef: YES
Compiler for C supports arguments -Wwrite-strings: YES
Compiler for C supports arguments -Wno-packed-not-aligned: YES
Compiler for C supports arguments -Wno-missing-field-initializers: YES
Compiler for C supports arguments -fzero-init-padding-bits=all: NO
Fetching value of define "__AVX2__" : 1
Fetching value of define "__znver1__" :
Fetching value of define "__znver2__" :
Fetching value of define "__znver3__" :
Fetching value of define "__znver4__" :
Fetching value of define "__znver5__" :
Program objdump found: YES (/usr/bin/objdump)
Compiler for C supports arguments -march=x86-64-v4: YES
config/x86/meson.build:76:6: ERROR: List item must be one of <class 'str'>, not <class 'list'>
A full log can be found at /root/workspace/Generic-Unit-Test-DPDK/dpdk/build/meson-logs/meson-log.txt
==== End log output ====
CentOS Stream 10
Kernel: 5.15
Compiler: gcc gcc (GCC) 14.2.1 20250110 (Red Hat 14.2.1-8)
CentOS Stream 9
Kernel: 5.15
Compiler: gcc gcc (GCC) 11.5.0 20240719 (Red Hat 11.5.0-7)
Fedora Linux 40
Kernel: 5.15
Compiler: clang gcc (GCC) 14.2.1 20240912 (Red Hat 14.2.1-3)
Fedora Linux 41
Kernel: 5.15
Compiler: gcc gcc (GCC) 14.3.1 20250523 (Red Hat 14.3.1-1)
Debian GNU/Linux 12
Kernel: 5.15
Compiler: gcc gcc (Debian 12.2.0-14+deb12u1) 12.2.0
Red Hat Enterprise Linux 9.5
Kernel: 5.15
Compiler: gcc gcc (GCC) 11.5.0 20240719 (Red Hat 11.5.0-2)
Ubuntu 24.04
Kernel: 5.15
Compiler: gcc gcc (Ubuntu 13.3.0-6ubuntu2~24.04) 13.3.0
Ubuntu 20.04
Kernel: 5.15
Compiler: gcc gcc (Ubuntu 9.4.0-1ubuntu1~20.04.2) 9.4.0
Red Hat Enterprise Linux 8.10
Kernel: 5.15
Compiler: gcc gcc (GCC) 8.5.0 20210514 (Red Hat 8.5.0-22)
Ubuntu 22.04
Kernel: 5.15
Compiler: gcc gcc (Ubuntu 11.4.0-1ubuntu1~22.04) 11.4.0
To view detailed results, visit:
https://lab.dpdk.org/results/dashboard/patchsets/33570/
UNH-IOL DPDK Community Lab
To manage your email subscriptions, visit:
https://lab.dpdk.org/results/dashboard/preferences/subscriptions/
next prev parent reply other threads:[~2025-07-02 21:13 UTC|newest]
Thread overview: 18+ messages / expand[flat|nested] mbox.gz Atom feed top
[not found] <20250702160138.3441279-1-bruce.richardson@intel.com>
2025-07-02 15:27 ` |SUCCESS| pw154969 [PATCH v2] build/x86: fix support for older compilers qemudev
2025-07-02 15:31 ` qemudev
2025-07-02 16:00 ` |WARNING| " checkpatch
2025-07-02 17:05 ` |FAILURE| " 0-day Robot
2025-07-02 17:50 ` |SUCCESS| pw154969 [PATCH] [v2] build/x86: fix support for older com dpdklab
2025-07-02 18:03 ` dpdklab
2025-07-02 19:03 ` |FAILURE| " dpdklab
2025-07-02 19:04 ` dpdklab
2025-07-02 19:41 ` |PENDING| " dpdklab
2025-07-02 19:47 ` |SUCCESS| " dpdklab
2025-07-02 20:06 ` dpdklab
2025-07-02 20:16 ` |FAILURE| " dpdklab
2025-07-02 21:13 ` |WARNING| " dpdklab
2025-07-02 21:13 ` dpdklab [this message]
2025-07-02 21:13 ` dpdklab
2025-07-02 21:30 ` |SUCCESS| " dpdklab
2025-07-02 21:32 ` |FAILURE| " dpdklab
2025-07-03 0:25 ` dpdklab
Reply instructions:
You may reply publicly to this message via plain-text email
using any one of the following methods:
* Save the following mbox file, import it into your mail client,
and reply-to-all from there: mbox
Avoid top-posting and favor interleaved quoting:
https://en.wikipedia.org/wiki/Posting_style#Interleaved_style
* Reply using the --to, --cc, and --in-reply-to
switches of git-send-email(1):
git send-email \
--in-reply-to=6865a0fe.170a0220.1cc4d3.19c1SMTPIN_ADDED_MISSING@mx.google.com \
--to=dpdklab@iol.unh.edu \
--cc=dpdk-test-reports@iol.unh.edu \
--cc=test-report@dpdk.org \
/path/to/YOUR_REPLY
https://kernel.org/pub/software/scm/git/docs/git-send-email.html
* If your mail client supports setting the In-Reply-To header
via mailto: links, try the mailto: link
Be sure your reply has a Subject: header at the top and a blank line
before the message body.
This is a public inbox, see mirroring instructions
for how to clone and mirror all data and code used for this inbox;
as well as URLs for NNTP newsgroup(s).