From: dpdklab@iol.unh.edu
To: Test Report <test-report@dpdk.org>
Cc: dpdk-test-reports@iol.unh.edu
Subject: |SUCCESS| pw154914 [PATCH] [v3] test/argparse: change initialization
Date: Wed, 02 Jul 2025 14:38:34 -0700 (PDT) [thread overview]
Message-ID: <6865a6da.630a0220.2443d9.3d76SMTPIN_ADDED_MISSING@mx.google.com> (raw)
In-Reply-To: <20250701154202.237442-1-stephen@networkplumber.org>
Test-Label: iol-sample-apps-testing
Test-Status: SUCCESS
http://dpdk.org/patch/154914
_Testing PASS_
Submitter: Stephen Hemminger <stephen@networkplumber.org>
Date: Tuesday, July 01 2025 15:41:46
DPDK git baseline: Repo:dpdk
Branch: master
CommitID:bd546772e1449ccc0789db338cc398815fa2636d
154914 --> testing pass
Upstream job id: Template-DTS-Pipeline#234725
Test environment and result as below:
+--------------+----------------------+
| Environment | compressdev_zlib_pmd |
+==============+======================+
| Ubuntu 22.04 | PASS |
+--------------+----------------------+
Ubuntu 22.04
Kernel: 5.15
Compiler: gcc gcc (Ubuntu 11.4.0-1ubuntu1~22.04) 11.4.0
To view detailed results, visit:
https://lab.dpdk.org/results/dashboard/patchsets/33557/
UNH-IOL DPDK Community Lab
To manage your email subscriptions, visit:
https://lab.dpdk.org/results/dashboard/preferences/subscriptions/
next prev parent reply other threads:[~2025-07-02 21:38 UTC|newest]
Thread overview: 16+ messages / expand[flat|nested] mbox.gz Atom feed top
[not found] <20250701154202.237442-1-stephen@networkplumber.org>
2025-07-01 15:13 ` |SUCCESS| pw154914 [PATCH v3] test/argparse: change initialization to workaround LTO qemudev
2025-07-01 15:17 ` qemudev
2025-07-01 15:40 ` |WARNING| " checkpatch
2025-07-01 17:03 ` |SUCCESS| " 0-day Robot
2025-07-02 21:38 ` dpdklab [this message]
2025-07-02 22:07 ` |SUCCESS| pw154914 [PATCH] [v3] test/argparse: change initialization dpdklab
2025-07-03 0:07 ` |PENDING| " dpdklab
2025-07-03 0:17 ` |SUCCESS| " dpdklab
2025-07-03 0:24 ` |PENDING| " dpdklab
2025-07-03 0:29 ` dpdklab
2025-07-03 2:03 ` |SUCCESS| " dpdklab
2025-07-03 2:24 ` |PENDING| " dpdklab
2025-07-03 3:50 ` dpdklab
2025-07-03 4:11 ` dpdklab
2025-07-03 4:15 ` |FAILURE| " dpdklab
2025-07-03 4:15 ` dpdklab
Reply instructions:
You may reply publicly to this message via plain-text email
using any one of the following methods:
* Save the following mbox file, import it into your mail client,
and reply-to-all from there: mbox
Avoid top-posting and favor interleaved quoting:
https://en.wikipedia.org/wiki/Posting_style#Interleaved_style
* Reply using the --to, --cc, and --in-reply-to
switches of git-send-email(1):
git send-email \
--in-reply-to=6865a6da.630a0220.2443d9.3d76SMTPIN_ADDED_MISSING@mx.google.com \
--to=dpdklab@iol.unh.edu \
--cc=dpdk-test-reports@iol.unh.edu \
--cc=test-report@dpdk.org \
/path/to/YOUR_REPLY
https://kernel.org/pub/software/scm/git/docs/git-send-email.html
* If your mail client supports setting the In-Reply-To header
via mailto: links, try the mailto: link
Be sure your reply has a Subject: header at the top and a blank line
before the message body.
This is a public inbox, see mirroring instructions
for how to clone and mirror all data and code used for this inbox;
as well as URLs for NNTP newsgroup(s).