automatic DPDK test reports
 help / color / mirror / Atom feed
From: dpdklab@iol.unh.edu
To: Test Report <test-report@dpdk.org>
Cc: dpdk-test-reports@iol.unh.edu, Luca Vizzarro <luca.vizzarro@arm.com>
Subject: |FAILURE| pw154974-154975 [PATCH] [2/2] dts: add generic blocking ap
Date: Wed, 02 Jul 2025 17:11:58 -0700 (PDT)	[thread overview]
Message-ID: <6865cace.d40a0220.253f09.c8b0SMTPIN_ADDED_MISSING@mx.google.com> (raw)
In-Reply-To: <20250702164204.607685-3-luca.vizzarro@arm.com>

Test-Label: iol-unit-arm64-testing
Test-Status: FAILURE
http://dpdk.org/patch/154975

_Testing issues_

Submitter: Luca Vizzarro <luca.vizzarro@arm.com>
Date: Wednesday, July 02 2025 16:42:04 
DPDK git baseline: Repo:dpdk
  Branch: master
  CommitID:47b315bcb2778bcbd76c5764a5ed891b93b05814

154974-154975 --> testing issues

Upstream job id: Generic-Unit-Test-DPDK#351928

Test environment and result as below:

+------------------------------+---------------------------+----------------+--------------+------------------------------+
|         Environment          | cryptodev_sw_zuc_autotest | dpdk_unit_test | lpm_autotest | cryptodev_sw_snow3g_autotest |
+==============================+===========================+================+==============+==============================+
| Debian 12 (arm)              | PASS                      | SKIPPED        | SKIPPED      | PASS                         |
+------------------------------+---------------------------+----------------+--------------+------------------------------+
| CentOS Stream 10             | SKIPPED                   | PEND           | SKIPPED      | SKIPPED                      |
+------------------------------+---------------------------+----------------+--------------+------------------------------+
| CentOS Stream 9              | SKIPPED                   | PEND           | SKIPPED      | SKIPPED                      |
+------------------------------+---------------------------+----------------+--------------+------------------------------+
| Debian GNU/Linux 12          | SKIPPED                   | PEND           | SKIPPED      | SKIPPED                      |
+------------------------------+---------------------------+----------------+--------------+------------------------------+
| Fedora Linux 40              | SKIPPED                   | PEND           | SKIPPED      | SKIPPED                      |
+------------------------------+---------------------------+----------------+--------------+------------------------------+
| Fedora Linux 41              | SKIPPED                   | PEND           | SKIPPED      | SKIPPED                      |
+------------------------------+---------------------------+----------------+--------------+------------------------------+
| Ubuntu 22.04                 | SKIPPED                   | PASS           | SKIPPED      | SKIPPED                      |
+------------------------------+---------------------------+----------------+--------------+------------------------------+
| Red Hat Enterprise Linux 9.5 | SKIPPED                   | FAIL           | SKIPPED      | SKIPPED                      |
+------------------------------+---------------------------+----------------+--------------+------------------------------+
| Ubuntu 20.04                 | SKIPPED                   | PEND           | PASS         | SKIPPED                      |
+------------------------------+---------------------------+----------------+--------------+------------------------------+
| Ubuntu 24.04                 | SKIPPED                   | PASS           | SKIPPED      | SKIPPED                      |
+------------------------------+---------------------------+----------------+--------------+------------------------------+

==== Unit test summary for Red Hat Enterprise Linux 9.5 (dpdk_unit_test): ====
ninja: Entering directory `/home-local/jenkins-local/jenkins-agent/workspace/Generic-Unit-Test-DPDK@4/dpdk/build'
ninja: no work to do.
  1/121 DPDK:fast-tests / acl_autotest                   OK              11.39s
  2/121 DPDK:fast-tests / alarm_autotest                 OK               1.45s
  3/121 DPDK:fast-tests / argparse_autotest              OK               0.50s
  4/121 DPDK:fast-tests / atomic_autotest                OK               7.41s
  5/121 DPDK:fast-tests / bitcount_autotest              OK               0.58s
  6/121 DPDK:fast-tests / bitmap_autotest                OK               0.53s
  7/121 DPDK:fast-tests / bitops_autotest                OK               2.09s
  8/121 DPDK:fast-tests / bitratestats_autotest          OK               0.46s
  9/121 DPDK:fast-tests / bitset_autotest                OK               5.92s
 10/121 DPDK:fast-tests / bpf_autotest                   OK               0.35s
 11/121 DPDK:fast-tests / bpf_convert_autotest           OK               0.61s
 12/121 DPDK:fast-tests / byteorder_autotest             OK               0.95s
 13/121 DPDK:fast-tests / cfgfile_autotest               OK               0.54s
 14/121 DPDK:fast-tests / cksum_autotest                 OK               0.56s
 15/121 DPDK:fast-tests / cmdline_autotest               OK               0.60s
 16/121 DPDK:fast-tests / common_autotest                OK               3.38s
 17/121 DPDK:fast-tests / compressdev_autotest           SKIP             0.39s   exit status 77
 18/121 DPDK:fast-tests / cpuflags_autotest              OK               0.92s
 19/121 DPDK:fast-tests / crc_autotest                   OK               0.57s
 20/121 DPDK:fast-tests / user_delay_us                  OK               0.66s
 21/121 DPDK:fast-tests / debug_autotest                 OK               3.58s
 22/121 DPDK:fast-tests / devargs_autotest               OK               0.81s
 23/121 DPDK:fast-tests / dispatcher_autotest            OK              75.76s
 24/121 DPDK:fast-tests / distributor_autotest           OK              13.17s
 25/121 DPDK:fast-tests / eal_flags_c_opt_autotest       OK               5.13s
 26/121 DPDK:fast-tests / eal_flags_main_opt_autotest    OK               1.34s
 27/121 DPDK:fast-tests / eal_flags_n_opt_autotest       OK               1.62s
 28/121 DPDK:fast-tests / eal_flags_hpet_autotest        OK               0.75s
 29/121 DPDK:fast-tests / eal_flags_no_huge_autotest     OK               1.50s
 30/121 DPDK:fast-tests / eal_flags_a_opt_autotest       OK               2.04s
 31/121 DPDK:fast-tests / eal_flags_b_opt_autotest       OK               1.89s
 32/121 DPDK:fast-tests / eal_flags_vdev_opt_autotest    OK               1.45s
 33/121 DPDK:fast-tests / eal_flags_r_opt_autotest       OK               1.37s
 34/121 DPDK:fast-tests / eal_flags_mem_autotest         OK               1.60s
 35/121 DPDK:fast-tests / eal_flags_file_prefix_autotest OK               4.51s
 36/121 DPDK:fast-tests / eal_flags_misc_autotest        OK               5.94s
 37/121 DPDK:fast-tests / eal_fs_autotest                OK               0.98s
 38/121 DPDK:fast-tests / errno_autotest                 OK               0.68s
 39/121 DPDK:fast-tests / ethdev_link_status             OK               0.70s
 40/121 DPDK:fast-tests / event_eth_tx_adapter_autotest  OK               3.43s
 41/121 DPDK:fast-tests / event_ring_autotest            OK               0.80s
 42/121 DPDK:fast-tests / event_vector_adapter_autotest  FAIL             2.86s   (exit status 255 or signal 127 SIGinvalid)
>>> MALLOC_PERTURB_=79 DPDK_TEST=event_vector_adapter_autotest /home-local/jenkins-local/jenkins-agent/workspace/Generic-Unit-Test-DPDK@4/dpdk/build/app/dpdk-test --no-huge -m 2048

 43/121 DPDK:fast-tests / eventdev_common_autotest       OK               0.56s
 44/121 DPDK:fast-tests / eventdev_selftest_sw           OK              51.70s
 45/121 DPDK:fast-tests / fbarray_autotest               OK               0.57s
 46/121 DPDK:fast-tests / fib_autotest                   OK               3.32s
 47/121 DPDK:fast-tests / fib6_autotest                  OK               2.34s
 48/121 DPDK:fast-tests / func_reentrancy_autotest       OK               3.83s
 49/121 DPDK:fast-tests / graph_autotest                 OK               0.78s
 50/121 DPDK:fast-tests / node_list_dump                 OK               0.60s
 51/121 DPDK:fast-tests / graph_feature_arc_autotest     OK               0.83s
 52/121 DPDK:fast-tests / hash_autotest                  OK               1.91s
 53/121 DPDK:fast-tests / hash_readwrite_func_autotest   OK              25.28s
 54/121 DPDK:fast-tests / interrupt_autotest             OK               1.78s
 55/121 DPDK:fast-tests / ipfrag_autotest                OK               0.40s
 56/121 DPDK:fast-tests / ipsec_autotest                 SKIP             0.69s   exit status 77
 57/121 DPDK:fast-tests / kvargs_autotest                OK               0.60s
 58/121 DPDK:fast-tests / latencystats_autotest          OK               0.62s
 59/121 DPDK:fast-tests / lcore_var_autotest             OK               2.00s
 60/121 DPDK:fast-tests / lcores_autotest                OK               7.33s
 61/121 DPDK:fast-tests / logs_autotest                  OK               0.43s
 62/121 DPDK:fast-tests / lpm_autotest                   OK               4.65s
 63/121 DPDK:fast-tests / lpm6_autotest                  OK              12.14s
 64/121 DPDK:fast-tests / malloc_autotest                OK               2.24s
 65/121 DPDK:fast-tests / mbuf_autotest                  OK               2.15s
 66/121 DPDK:fast-tests / mcslock_autotest               OK              74.18s
 67/121 DPDK:fast-tests / member_autotest                OK               4.05s
 68/121 DPDK:fast-tests / memcpy_autotest                OK              12.18s
 69/121 DPDK:fast-tests / memory_autotest                OK               0.29s
 70/121 DPDK:fast-tests / mempool_autotest               OK               1.46s
 71/121 DPDK:fast-tests / memzone_autotest               OK               0.41s
 72/121 DPDK:fast-tests / meter_autotest                 OK               0.63s
 73/121 DPDK:fast-tests / metrics_autotest               OK               0.71s
 74/121 DPDK:fast-tests / multiprocess_autotest          OK               1.30s
 75/121 DPDK:fast-tests / net_ether_autotest             OK               3.52s
 76/121 DPDK:fast-tests / net_ipv6_autotest              OK               0.61s
 77/121 DPDK:fast-tests / pcapng_autotest                OK               6.63s
 78/121 DPDK:fast-tests / pdcp_autotest                  SKIP             0.32s   exit status 77
 79/121 DPDK:fast-tests / pdump_autotest                 OK               1.44s
 80/121 DPDK:fast-tests / per_lcore_autotest             OK               0.94s
 81/121 DPDK:fast-tests / pflock_autotest                OK               4.24s
 82/121 DPDK:fast-tests / pie_autotest                   OK               0.56s
 83/121 DPDK:fast-tests / ring_pmd_autotest              OK               0.64s
 84/121 DPDK:fast-tests / power_autotest                 OK               0.47s
 85/121 DPDK:fast-tests / power_cpufreq_autotest         SKIP             0.42s   exit status 77
 86/121 DPDK:fast-tests / power_intel_uncore_autotest    SKIP             0.81s   exit status 77
 87/121 DPDK:fast-tests / power_kvm_vm_autotest          SKIP             0.40s   exit status 77
 88/121 DPDK:fast-tests / prefetch_autotest              OK               0.88s
 89/121 DPDK:fast-tests / ptr_compress_autotest          OK               0.67s
 90/121 DPDK:fast-tests / rawdev_autotest                OK               0.55s
 91/121 DPDK:fast-tests / rcu_qsbr_autotest              OK               4.09s
 92/121 DPDK:fast-tests / reorder_autotest               OK               1.47s
 93/121 DPDK:fast-tests / rib_autotest                   OK               9.57s
 94/121 DPDK:fast-tests / rib6_autotest                  OK               9.69s
 95/121 DPDK:fast-tests / ring_autotest                  OK               0.65s
 96/121 DPDK:fast-tests / rwlock_test1_autotest          OK               1.33s
 97/121 DPDK:fast-tests / rwlock_rda_autotest            OK               5.67s
 98/121 DPDK:fast-tests / rwlock_rds_wrm_autotest        OK               5.70s
 99/121 DPDK:fast-tests / rwlock_rde_wro_autotest        OK               5.76s
100/121 DPDK:fast-tests / sched_autotest                 OK               0.74s
101/121 DPDK:fast-tests / security_autotest              OK               0.36s
102/121 DPDK:fast-tests / seqlock_autotest               OK               2.80s
103/121 DPDK:fast-tests / service_autotest               OK               3.82s
104/121 DPDK:fast-tests / soring_autotest                OK               0.60s
105/121 DPDK:fast-tests / spinlock_autotest              OK               0.70s
106/121 DPDK:fast-tests / stack_autotest                 OK               0.74s
107/121 DPDK:fast-tests / stack_lf_autotest              OK               0.75s
108/121 DPDK:fast-tests / string_autotest                OK               0.58s
109/121 DPDK:fast-tests / table_autotest                 OK              16.40s
110/121 DPDK:fast-tests / tailq_autotest                 OK               0.43s
111/121 DPDK:fast-tests / telemetry_data_autotest        OK               0.75s
112/121 DPDK:fast-tests / telemetry_json_autotest        OK               0.70s
113/121 DPDK:fast-tests / thash_autotest                 OK               0.73s
114/121 DPDK:fast-tests / threads_autotest               OK               0.95s
115/121 DPDK:fast-tests / ticketlock_autotest            OK               1.61s
116/121 DPDK:fast-tests / timer_autotest                 OK               4.61s
117/121 DPDK:fast-tests / trace_autotest                 OK               0.85s
118/121 DPDK:fast-tests / trace_autotest_with_traces     OK               0.63s
119/121 DPDK:fast-tests / vdev_autotest                  OK               0.74s
120/121 DPDK:fast-tests / version_autotest               OK               0.55s
121/121 DPDK:fast-tests / telemetry_all                  SKIP             0.28s   exit status 77


Ok:                 113 
Expected Fail:      0   
Fail:               1   
Unexpected Pass:    0   
Skipped:            7   
Timeout:            0   

Full log written to /home-local/jenkins-local/jenkins-agent/workspace/Generic-Unit-Test-DPDK@4/dpdk/build/meson-logs/testlog.txt



Test log output from the failed test event_vector_adapter_autotest:

Sorry, we were not able to find the logs for this test.
Download the log output from the CI site for this test run.
==== End log output ====

Debian 12 (arm)
	Kernel: Depends on container host
	Compiler: gcc (Debian 12.2.0-14) 12.2.0

CentOS Stream 10
	Kernel: 5.4
	Compiler: gcc gcc (GCC) 14.2.1 20250110 (Red Hat 14.2.1-8)

CentOS Stream 9
	Kernel: 5.4
	Compiler: gcc gcc (GCC) 11.5.0 20240719 (Red Hat 11.5.0-7)

Debian GNU/Linux 12
	Kernel: 5.4
	Compiler: gcc gcc (Debian 12.2.0-14+deb12u1) 12.2.0

Fedora Linux 40
	Kernel: 5.4
	Compiler: gcc gcc (GCC) 14.2.1 20240912 (Red Hat 14.2.1-3)

Fedora Linux 41
	Kernel: 5.4
	Compiler: gcc gcc (GCC) 14.3.1 20250523 (Red Hat 14.3.1-1)

Ubuntu 22.04
	Kernel: 5.4
	Compiler: gcc gcc (Ubuntu 11.4.0-1ubuntu1~22.04) 11.4.0

Red Hat Enterprise Linux 9.5
	Kernel: 5.4
	Compiler: gcc gcc (GCC) 11.5.0 20240719 (Red Hat 11.5.0-2)

Ubuntu 20.04
	Kernel: 5.4
	Compiler: gcc gcc (Ubuntu 9.4.0-1ubuntu1~20.04.2) 9.4.0

Ubuntu 24.04
	Kernel: 5.4
	Compiler: gcc gcc (Ubuntu 13.3.0-6ubuntu2~24.04) 13.3.0

To view detailed results, visit:
https://lab.dpdk.org/results/dashboard/patchsets/33572/

UNH-IOL DPDK Community Lab

To manage your email subscriptions, visit: 
https://lab.dpdk.org/results/dashboard/preferences/subscriptions/

      parent reply	other threads:[~2025-07-03  0:12 UTC|newest]

Thread overview: 14+ messages / expand[flat|nested]  mbox.gz  Atom feed  top
     [not found] <20250702164204.607685-3-luca.vizzarro@arm.com>
2025-07-02 16:09 ` |SUCCESS| pw154974-154975 [PATCH 2/2] dts: add generic blocking app class qemudev
2025-07-02 16:14 ` qemudev
2025-07-02 16:43 ` |SUCCESS| pw154975 " checkpatch
2025-07-02 18:34 ` |SUCCESS| pw154974-154975 [PATCH] [2/2] dts: add generic blocking ap dpdklab
2025-07-02 18:44 ` |SUCCESS| pw154975 [PATCH 2/2] dts: add generic blocking app class 0-day Robot
2025-07-02 19:01 ` |SUCCESS| pw154974-154975 [PATCH] [2/2] dts: add generic blocking ap dpdklab
2025-07-02 19:02 ` dpdklab
2025-07-02 19:42 ` |PENDING| " dpdklab
2025-07-02 20:29 ` dpdklab
2025-07-02 20:31 ` dpdklab
2025-07-02 20:33 ` |SUCCESS| " dpdklab
2025-07-02 20:57 ` dpdklab
2025-07-02 21:57 ` dpdklab
2025-07-03  0:11 ` dpdklab [this message]

Reply instructions:

You may reply publicly to this message via plain-text email
using any one of the following methods:

* Save the following mbox file, import it into your mail client,
  and reply-to-all from there: mbox

  Avoid top-posting and favor interleaved quoting:
  https://en.wikipedia.org/wiki/Posting_style#Interleaved_style

* Reply using the --to, --cc, and --in-reply-to
  switches of git-send-email(1):

  git send-email \
    --in-reply-to=6865cace.d40a0220.253f09.c8b0SMTPIN_ADDED_MISSING@mx.google.com \
    --to=dpdklab@iol.unh.edu \
    --cc=dpdk-test-reports@iol.unh.edu \
    --cc=luca.vizzarro@arm.com \
    --cc=test-report@dpdk.org \
    /path/to/YOUR_REPLY

  https://kernel.org/pub/software/scm/git/docs/git-send-email.html

* If your mail client supports setting the In-Reply-To header
  via mailto: links, try the mailto: link
Be sure your reply has a Subject: header at the top and a blank line before the message body.
This is a public inbox, see mirroring instructions
for how to clone and mirror all data and code used for this inbox;
as well as URLs for NNTP newsgroup(s).