automatic DPDK test reports
 help / color / mirror / Atom feed
From: dpdklab@iol.unh.edu
To: Test Report <test-report@dpdk.org>
Cc: dpdk-test-reports@iol.unh.edu
Subject: |SUCCESS| pw154914 [PATCH] [v3] test/argparse: change initialization
Date: Wed, 02 Jul 2025 17:17:25 -0700 (PDT)	[thread overview]
Message-ID: <6865cc15.050a0220.11f2e9.803fSMTPIN_ADDED_MISSING@mx.google.com> (raw)
In-Reply-To: <20250701154202.237442-1-stephen@networkplumber.org>

Test-Label: iol-compile-amd64-testing
Test-Status: SUCCESS
http://dpdk.org/patch/154914

_Testing PASS_

Submitter: Stephen Hemminger <stephen@networkplumber.org>
Date: Tuesday, July 01 2025 15:41:46 
DPDK git baseline: Repo:dpdk
  Branch: master
  CommitID:bd546772e1449ccc0789db338cc398815fa2636d

154914 --> testing pass

Upstream job id: Windows-Compile-DPDK-VS#6240

Test environment and result as below:

+---------------------+-------------------------+-------------------+
|     Environment     | dpdk_llvm_clang_compile | dpdk_msvc_compile |
+=====================+=========================+===================+
| Windows Server 2022 | PASS                    | PASS              |
+---------------------+-------------------------+-------------------+


Windows Server 2022
	Kernel: 10.0.20348.2031
	Compiler: clang 15.0.7, gcc 14.1.0 (MinGW), and MSVC VS 19.39.33521

To view detailed results, visit:
https://lab.dpdk.org/results/dashboard/patchsets/33557/

UNH-IOL DPDK Community Lab

To manage your email subscriptions, visit: 
https://lab.dpdk.org/results/dashboard/preferences/subscriptions/

  parent reply	other threads:[~2025-07-03  0:17 UTC|newest]

Thread overview: 16+ messages / expand[flat|nested]  mbox.gz  Atom feed  top
     [not found] <20250701154202.237442-1-stephen@networkplumber.org>
2025-07-01 15:13 ` |SUCCESS| pw154914 [PATCH v3] test/argparse: change initialization to workaround LTO qemudev
2025-07-01 15:17 ` qemudev
2025-07-01 15:40 ` |WARNING| " checkpatch
2025-07-01 17:03 ` |SUCCESS| " 0-day Robot
2025-07-02 21:38 ` |SUCCESS| pw154914 [PATCH] [v3] test/argparse: change initialization dpdklab
2025-07-02 22:07 ` dpdklab
2025-07-03  0:07 ` |PENDING| " dpdklab
2025-07-03  0:17 ` dpdklab [this message]
2025-07-03  0:24 ` dpdklab
2025-07-03  0:29 ` dpdklab
2025-07-03  2:03 ` |SUCCESS| " dpdklab
2025-07-03  2:24 ` |PENDING| " dpdklab
2025-07-03  3:50 ` dpdklab
2025-07-03  4:11 ` dpdklab
2025-07-03  4:15 ` |FAILURE| " dpdklab
2025-07-03  4:15 ` dpdklab

Reply instructions:

You may reply publicly to this message via plain-text email
using any one of the following methods:

* Save the following mbox file, import it into your mail client,
  and reply-to-all from there: mbox

  Avoid top-posting and favor interleaved quoting:
  https://en.wikipedia.org/wiki/Posting_style#Interleaved_style

* Reply using the --to, --cc, and --in-reply-to
  switches of git-send-email(1):

  git send-email \
    --in-reply-to=6865cc15.050a0220.11f2e9.803fSMTPIN_ADDED_MISSING@mx.google.com \
    --to=dpdklab@iol.unh.edu \
    --cc=dpdk-test-reports@iol.unh.edu \
    --cc=test-report@dpdk.org \
    /path/to/YOUR_REPLY

  https://kernel.org/pub/software/scm/git/docs/git-send-email.html

* If your mail client supports setting the In-Reply-To header
  via mailto: links, try the mailto: link
Be sure your reply has a Subject: header at the top and a blank line before the message body.
This is a public inbox, see mirroring instructions
for how to clone and mirror all data and code used for this inbox;
as well as URLs for NNTP newsgroup(s).