From mboxrd@z Thu Jan 1 00:00:00 1970 Return-Path: Received: from mails.dpdk.org (mails.dpdk.org [217.70.189.124]) by inbox.dpdk.org (Postfix) with ESMTP id BF8E046ADC for ; Thu, 3 Jul 2025 02:25:22 +0200 (CEST) Received: from mails.dpdk.org (localhost [127.0.0.1]) by mails.dpdk.org (Postfix) with ESMTP id B0BB840285; Thu, 3 Jul 2025 02:25:22 +0200 (CEST) Received: from mail-yw1-f227.google.com (mail-yw1-f227.google.com [209.85.128.227]) by mails.dpdk.org (Postfix) with ESMTP id 066164003C for ; Thu, 3 Jul 2025 02:25:21 +0200 (CEST) Received: by mail-yw1-f227.google.com with SMTP id 00721157ae682-710fe491842so71029357b3.0 for ; Wed, 02 Jul 2025 17:25:20 -0700 (PDT) DKIM-Signature: v=1; a=rsa-sha256; c=relaxed/relaxed; d=iol.unh.edu; s=unh-iol; t=1751502320; x=1752107120; darn=dpdk.org; h=references:in-reply-to:cc:to:from:subject:message-id:date:from:to :cc:subject:date:message-id:reply-to; bh=9igkIedlVNGWbV7rqKZrobzX0m+VVVFFF7kbfiGW2ig=; b=JRHWPHJOBNxUpvhFRVYJKhNJH+u7oxe9Nyc/1VyevVtfglWkQ2u1PZAQQ6uVtP2MKz wcE3ZyAVZQ+DGi5hwN7eJrlz3POc8N+DOCwYIpVAZ46puTAuM2FYRWvBgzQW/d3uZ0Bu aRtGoBnT1De5pYK8Jr5nBQKq0cfl8pIFF3+FQ= X-Google-DKIM-Signature: v=1; a=rsa-sha256; c=relaxed/relaxed; d=1e100.net; s=20230601; t=1751502320; x=1752107120; h=references:in-reply-to:cc:to:from:subject:message-id:date :x-gm-message-state:from:to:cc:subject:date:message-id:reply-to; bh=9igkIedlVNGWbV7rqKZrobzX0m+VVVFFF7kbfiGW2ig=; b=AAgKfzNBMiweKuOLVyzW+/NTxChfPGxkHEu2vIjarMcQhNuoIwLXsu34xQAI5NxJLr IgSeLFS52XcP0pAfg2q/Q9UGRzwXcR4m1L3t/wodvtHrFYL/kVpx3OFBjbG7E9TyeD/Y E4dRe0q+eAhiLjuv3/PQroUfKYmaWmvydetX8e5zepO5YoFgqKEA53L4YDMbMzhzj/Dd M8JdaCB5IVGlF1pDgV20A8opSQO1YP2LJ0J+UCWoWk2Yxl909M0e1T/ai/auFiUX2McP DE/Cc4QHEPc8MEjmQwfU+eP8YfI2/t8mhZFvlzhEFPHQCdEVYrAXhTltYuUOtKiWGXfk FFaA== X-Gm-Message-State: AOJu0YwcMVKZ3kt8NckAKBB57FZh9V7c96ErSvHzw/xs3h4wP24T09f6 edkv8dlAimTCFd7/vCzcyB8XxZJrCkIVc7CP39ChG0mGWGHOMefZfBRBnIUwd/03jsbHOSHJyVp myAmjuWy1YAIuPw9Po6KU/o6arz6FfngZIpISigm0l63X X-Gm-Gg: ASbGncuXLhtfeKo4rjLoc8hCnMwXXsd/9MFCUJAIcUNm07RmpMAnR8H0w9hSXyXZaDA +jI+oFwgIj2VorNyTkHe8atKrKHN/jESYgKVjhNjPf85truc0DHVyIgwUb1Shm+Nkd+Sh/cZSdy kuGP8FwlPNgLQwbyGG+7YoOQs40FeGeQorV8l0B7r9pz4bd2EqsgUvHCd1D3VcUDI57lqSPphnc 9wF35PeNfof91gbP8ezwwFj71UuYwYCRreKyv5aBWZWVGGxPPSZ2XI0U2Qhr4s4fbxKKohM5oQU IcSaw96Ol7M8R3pXVAggfeR+EfQhvTfm8tO5cKnyBGLTnCvwMO8Ab5lDBvg901/KDsMXEw== X-Google-Smtp-Source: AGHT+IE8g06Elq+KpvAJvoWzm4NYbr8OLNqYzqBZS2kh7m+0qhNUVICVzvaGW8TEk52etB7m4/b3XBAabNCN X-Received: by 2002:a05:690c:c8b:b0:70a:192d:103 with SMTP id 00721157ae682-7165a3df0b5mr15311157b3.28.1751502320367; Wed, 02 Jul 2025 17:25:20 -0700 (PDT) Received: from postal.iol.unh.edu (postal.iol.unh.edu. [132.177.123.84]) by smtp-relay.gmail.com with ESMTPS id 00721157ae682-71515cd17d9sm4205917b3.46.2025.07.02.17.25.20 (version=TLS1_2 cipher=ECDHE-ECDSA-AES128-GCM-SHA256 bits=128/128); Wed, 02 Jul 2025 17:25:20 -0700 (PDT) X-Relaying-Domain: iol.unh.edu Date: Wed, 02 Jul 2025 17:25:20 -0700 (PDT) Message-ID: <6865cdf0.050a0220.151941.645fSMTPIN_ADDED_MISSING@mx.google.com> Received: from [172.21.0.5] (unknown [172.18.0.240]) by postal.iol.unh.edu (Postfix) with ESMTP id 0970D6051830; Wed, 2 Jul 2025 20:25:20 -0400 (EDT) Subject: |FAILURE| pw154969 [PATCH] [v2] build/x86: fix support for older com From: dpdklab@iol.unh.edu To: Test Report Cc: dpdk-test-reports@iol.unh.edu, Bruce Richardson In-Reply-To: <20250702160138.3441279-1-bruce.richardson@intel.com> References: <20250702160138.3441279-1-bruce.richardson@intel.com> Content-Type: text/plain X-BeenThere: test-report@dpdk.org X-Mailman-Version: 2.1.29 Precedence: list List-Id: automatic DPDK test reports List-Unsubscribe: , List-Archive: List-Post: List-Help: List-Subscribe: , Errors-To: test-report-bounces@dpdk.org Test-Label: iol-unit-amd64-testing Test-Status: FAILURE http://dpdk.org/patch/154969 _Testing issues_ Submitter: Bruce Richardson Date: Wednesday, July 02 2025 16:00:45 DPDK git baseline: Repo:dpdk Branch: master CommitID:bd546772e1449ccc0789db338cc398815fa2636d 154969 --> testing issues Upstream job id: Generic-VM-Unit-Test-DPDK#29661 Test environment and result as below: +-------------------------------+----------------+ | Environment | dpdk_unit_test | +===============================+================+ | CentOS Stream 10 | WARN | +-------------------------------+----------------+ | CentOS Stream 9 | WARN | +-------------------------------+----------------+ | Fedora Linux 40 | WARN | +-------------------------------+----------------+ | Fedora Linux 41 | WARN | +-------------------------------+----------------+ | Debian GNU/Linux 12 | WARN | +-------------------------------+----------------+ | Red Hat Enterprise Linux 9.5 | WARN | +-------------------------------+----------------+ | Ubuntu 24.04 | WARN | +-------------------------------+----------------+ | Ubuntu 20.04 | FAIL | +-------------------------------+----------------+ | Red Hat Enterprise Linux 8.10 | WARN | +-------------------------------+----------------+ | Ubuntu 22.04 | WARN | +-------------------------------+----------------+ ==== 20 line log output for Ubuntu 22.04 (dpdk_unit_test): ==== Compiler for C supports arguments -Wpointer-arith: YES Compiler for C supports arguments -Wsign-compare: YES Compiler for C supports arguments -Wstrict-prototypes: YES Compiler for C supports arguments -Wundef: YES Compiler for C supports arguments -Wwrite-strings: YES Compiler for C supports arguments -Wno-packed-not-aligned: YES Compiler for C supports arguments -Wno-missing-field-initializers: YES Compiler for C supports arguments -fzero-init-padding-bits=all: NO Fetching value of define "__AVX2__" : 1 Fetching value of define "__znver1__" : Fetching value of define "__znver2__" : Fetching value of define "__znver3__" : Fetching value of define "__znver4__" : Fetching value of define "__znver5__" : Program objdump found: YES (/usr/bin/objdump) Compiler for C supports arguments -march=x86-64-v4: YES config/x86/meson.build:76:6: ERROR: List item must be one of , not A full log can be found at /root/workspace/Generic-Unit-Test-DPDK/dpdk/build/meson-logs/meson-log.txt ==== End log output ==== CentOS Stream 10 Kernel: 5.15 Compiler: gcc gcc (GCC) 14.2.1 20250110 (Red Hat 14.2.1-8) CentOS Stream 9 Kernel: 5.15 Compiler: gcc gcc (GCC) 11.5.0 20240719 (Red Hat 11.5.0-7) Fedora Linux 40 Kernel: 5.15 Compiler: clang gcc (GCC) 14.2.1 20240912 (Red Hat 14.2.1-3) Fedora Linux 41 Kernel: 5.15 Compiler: gcc gcc (GCC) 14.3.1 20250523 (Red Hat 14.3.1-1) Debian GNU/Linux 12 Kernel: 5.15 Compiler: gcc gcc (Debian 12.2.0-14+deb12u1) 12.2.0 Red Hat Enterprise Linux 9.5 Kernel: 5.15 Compiler: gcc gcc (GCC) 11.5.0 20240719 (Red Hat 11.5.0-2) Ubuntu 24.04 Kernel: 5.15 Compiler: gcc gcc (Ubuntu 13.3.0-6ubuntu2~24.04) 13.3.0 Ubuntu 20.04 Kernel: 5.15 Compiler: gcc gcc (Ubuntu 9.4.0-1ubuntu1~20.04.2) 9.4.0 Red Hat Enterprise Linux 8.10 Kernel: 5.15 Compiler: gcc gcc (GCC) 8.5.0 20210514 (Red Hat 8.5.0-22) Ubuntu 22.04 Kernel: 5.15 Compiler: gcc gcc (Ubuntu 11.4.0-1ubuntu1~22.04) 11.4.0 To view detailed results, visit: https://lab.dpdk.org/results/dashboard/patchsets/33570/ UNH-IOL DPDK Community Lab To manage your email subscriptions, visit: https://lab.dpdk.org/results/dashboard/preferences/subscriptions/