From mboxrd@z Thu Jan 1 00:00:00 1970 Return-Path: Received: from mails.dpdk.org (mails.dpdk.org [217.70.189.124]) by inbox.dpdk.org (Postfix) with ESMTP id D52F946ADE for ; Thu, 3 Jul 2025 02:34:41 +0200 (CEST) Received: from mails.dpdk.org (localhost [127.0.0.1]) by mails.dpdk.org (Postfix) with ESMTP id B64EE4003C; Thu, 3 Jul 2025 02:34:41 +0200 (CEST) Received: from mail-qv1-f97.google.com (mail-qv1-f97.google.com [209.85.219.97]) by mails.dpdk.org (Postfix) with ESMTP id 984AB4003C for ; Thu, 3 Jul 2025 02:34:39 +0200 (CEST) Received: by mail-qv1-f97.google.com with SMTP id 6a1803df08f44-6fad4e6d949so35256916d6.0 for ; Wed, 02 Jul 2025 17:34:39 -0700 (PDT) DKIM-Signature: v=1; a=rsa-sha256; c=relaxed/relaxed; d=iol.unh.edu; s=unh-iol; t=1751502879; x=1752107679; darn=dpdk.org; h=references:in-reply-to:cc:to:from:subject:message-id:date:from:to :cc:subject:date:message-id:reply-to; bh=EEs3zxiZ8OjM5UzDGD5aVEXrnQG/ILAPQoQM49vnIm4=; b=ZnjXFy8bx3IAV5S8tRmytczMB1D/n5HKoogPUT9m2g2GLiKML3f3A8h9NCSbI5xnTh 683QEGICGualaGZPVFa7niVk91RO1qrXPWfFvVDxvPNiR5LCAoDaYHwuEM7b3Z+ovC6q uZbWvtRI9UO0skU5+LBnfdDOX6BNGa9CpMoq4= X-Google-DKIM-Signature: v=1; a=rsa-sha256; c=relaxed/relaxed; d=1e100.net; s=20230601; t=1751502879; x=1752107679; h=references:in-reply-to:cc:to:from:subject:message-id:date :x-gm-message-state:from:to:cc:subject:date:message-id:reply-to; bh=EEs3zxiZ8OjM5UzDGD5aVEXrnQG/ILAPQoQM49vnIm4=; b=fLUYjjYfajkldwwrhy3oTnNuijcMjVzC7jjHmCVvjGsw91jfOLGCP7y72HK8DSN/o5 pEDvyd96KOzp5mviyLiTpCMZZPEn7+wSCS52JWb9nxEqHeqsk61y9ljp15UByX5R7AaA NBh2eXABdfeC6cqtgC2XIoS20ijefzn9iq6snANO7MvYH9H0nIO49s8Ei0SAdZQaoUd1 DqPMHHvwHgZ+1uw0e3fZxjCUbBNmBXKmFQi2v5UFFFwEpbYqcnKYhpkagXsy6cl2XP2+ m6RCmVGarC7aAF7EGPYIJe5ba8qdp3zN//evIloR/Fl2n9SEh1Wy1wSlWaSgn4KlHkRG Aapg== X-Gm-Message-State: AOJu0YyQViag01D4TOg2Ls7/tNIlJYSChVqfqZyLWMvPtl9SXB2UQDvd ludpkqDxiaF3ujWj7Fj7MS5nYZyPDnOOXSeFHV1fmZ1dSgq8u6Fawjk9bCoQsi+eqsofF7cxphb DCWNqRLwHBzS8nYW+fH9GsmBUK1+b4JComA+HVCUb/LRBU5/GS9gIdoX9FPVA X-Gm-Gg: ASbGncvNg89ejcTakh039Y9ivXCQ1JJISg1sha0iEvQditY9a3Tn7fe5M3Quvjq0s2+ XyClZAHI/2FIc66gPo7dBGXSVSJYSE6zif1+oQ0xLQrN9XsMU+Tvp/QYbTff+bKd80kWZ0/m8W/ x7YVbsZzYcYEONj7huxKMLEPJ3HosdRc17XbhZRwiorS+XhnDhoD2bkIaVY+PGXuecTdkk/+gfT pOJUhaSG9cmrV/M6Lc3CwRFxhzxYgaGQRfSDyYp3fdz//MOBUnPH35u70gDgF1RDrHCojcbfzEK HQF7wjw2eUPpJKw1S6AnD4D2TtsBQnEW3H1mTUQB8TKaG40= X-Google-Smtp-Source: AGHT+IGLqyp76mxGI9pwtinSSpaio4bodiWZ9CfM9EJJUa6CMf9LsxWZicILtkPxt4sVGsWMb85WxNDpE/J5 X-Received: by 2002:a05:6214:20e7:b0:6fa:c8c7:82f7 with SMTP id 6a1803df08f44-702b1aecf8dmr82102826d6.20.1751502878866; Wed, 02 Jul 2025 17:34:38 -0700 (PDT) Received: from postal.iol.unh.edu (postal.iol.unh.edu. [2606:4100:3880:1234::84]) by smtp-relay.gmail.com with ESMTPS id 6a1803df08f44-6fd771a6fd8sm7923666d6.20.2025.07.02.17.34.38 (version=TLS1_2 cipher=ECDHE-ECDSA-AES128-GCM-SHA256 bits=128/128); Wed, 02 Jul 2025 17:34:38 -0700 (PDT) X-Relaying-Domain: iol.unh.edu Date: Wed, 02 Jul 2025 17:34:38 -0700 (PDT) Message-ID: <6865d01e.050a0220.2532ee.b1b1SMTPIN_ADDED_MISSING@mx.google.com> Received: from [172.21.0.5] (unknown [172.18.0.240]) by postal.iol.unh.edu (Postfix) with ESMTP id 947856051830; Wed, 2 Jul 2025 20:34:38 -0400 (EDT) Subject: |FAILURE| pw154970-154973 [PATCH] [v3,4/4] dts: add sr-iov section t From: dpdklab@iol.unh.edu To: Test Report Cc: dpdk-test-reports@iol.unh.edu, Dean Marx In-Reply-To: <20250702162331.352313-4-dmarx@iol.unh.edu> References: <20250702162331.352313-4-dmarx@iol.unh.edu> Content-Type: text/plain X-BeenThere: test-report@dpdk.org X-Mailman-Version: 2.1.29 Precedence: list List-Id: automatic DPDK test reports List-Unsubscribe: , List-Archive: List-Post: List-Help: List-Subscribe: , Errors-To: test-report-bounces@dpdk.org Test-Label: iol-unit-arm64-testing Test-Status: FAILURE http://dpdk.org/patch/154973 _Testing issues_ Submitter: Dean Marx Date: Wednesday, July 02 2025 16:23:31 DPDK git baseline: Repo:dpdk Branch: master CommitID:47b315bcb2778bcbd76c5764a5ed891b93b05814 154970-154973 --> testing issues Upstream job id: Generic-Unit-Test-DPDK#351943 Test environment and result as below: +------------------------------+------------------------------+--------------+---------------------------+----------------+ | Environment | cryptodev_sw_snow3g_autotest | lpm_autotest | cryptodev_sw_zuc_autotest | dpdk_unit_test | +==============================+==============================+==============+===========================+================+ | Debian 12 (arm) | PASS | SKIPPED | PASS | SKIPPED | +------------------------------+------------------------------+--------------+---------------------------+----------------+ | Ubuntu 20.04 | SKIPPED | PEND | SKIPPED | PEND | +------------------------------+------------------------------+--------------+---------------------------+----------------+ | CentOS Stream 10 | SKIPPED | SKIPPED | SKIPPED | PEND | +------------------------------+------------------------------+--------------+---------------------------+----------------+ | CentOS Stream 9 | SKIPPED | SKIPPED | SKIPPED | PASS | +------------------------------+------------------------------+--------------+---------------------------+----------------+ | Debian GNU/Linux 12 | SKIPPED | SKIPPED | SKIPPED | FAIL | +------------------------------+------------------------------+--------------+---------------------------+----------------+ | Red Hat Enterprise Linux 9.5 | SKIPPED | SKIPPED | SKIPPED | PEND | +------------------------------+------------------------------+--------------+---------------------------+----------------+ | Fedora Linux 40 | SKIPPED | SKIPPED | SKIPPED | PEND | +------------------------------+------------------------------+--------------+---------------------------+----------------+ | Fedora Linux 41 | SKIPPED | SKIPPED | SKIPPED | PEND | +------------------------------+------------------------------+--------------+---------------------------+----------------+ | Ubuntu 24.04 | SKIPPED | SKIPPED | SKIPPED | PEND | +------------------------------+------------------------------+--------------+---------------------------+----------------+ | Ubuntu 22.04 | SKIPPED | SKIPPED | SKIPPED | PASS | +------------------------------+------------------------------+--------------+---------------------------+----------------+ ==== Unit test summary for Debian GNU/Linux 12 (dpdk_unit_test): ==== ninja: Entering directory `/home-local/jenkins-local/jenkins-agent/workspace/Generic-Unit-Test-DPDK@2/dpdk/build' ninja: no work to do. 1/121 DPDK:fast-tests / acl_autotest OK 12.75s 2/121 DPDK:fast-tests / alarm_autotest OK 1.50s 3/121 DPDK:fast-tests / argparse_autotest OK 0.67s 4/121 DPDK:fast-tests / atomic_autotest OK 9.17s 5/121 DPDK:fast-tests / bitcount_autotest OK 0.63s 6/121 DPDK:fast-tests / bitmap_autotest OK 0.53s 7/121 DPDK:fast-tests / bitops_autotest OK 2.41s 8/121 DPDK:fast-tests / bitratestats_autotest OK 1.01s 9/121 DPDK:fast-tests / bitset_autotest OK 10.65s 10/121 DPDK:fast-tests / bpf_autotest OK 1.03s 11/121 DPDK:fast-tests / bpf_convert_autotest OK 1.16s 12/121 DPDK:fast-tests / byteorder_autotest OK 1.55s 13/121 DPDK:fast-tests / cfgfile_autotest OK 1.40s 14/121 DPDK:fast-tests / cksum_autotest OK 1.13s 15/121 DPDK:fast-tests / cmdline_autotest OK 0.56s 16/121 DPDK:fast-tests / common_autotest OK 3.15s 17/121 DPDK:fast-tests / compressdev_autotest SKIP 0.31s exit status 77 18/121 DPDK:fast-tests / cpuflags_autotest OK 0.67s 19/121 DPDK:fast-tests / crc_autotest OK 0.63s 20/121 DPDK:fast-tests / user_delay_us OK 0.56s 21/121 DPDK:fast-tests / debug_autotest OK 2.91s 22/121 DPDK:fast-tests / devargs_autotest OK 0.72s 23/121 DPDK:fast-tests / dispatcher_autotest OK 126.91s 24/121 DPDK:fast-tests / distributor_autotest OK 11.16s 25/121 DPDK:fast-tests / eal_flags_c_opt_autotest OK 6.14s 26/121 DPDK:fast-tests / eal_flags_main_opt_autotest OK 1.64s 27/121 DPDK:fast-tests / eal_flags_n_opt_autotest OK 1.78s 28/121 DPDK:fast-tests / eal_flags_hpet_autotest OK 1.09s 29/121 DPDK:fast-tests / eal_flags_no_huge_autotest OK 2.05s 30/121 DPDK:fast-tests / eal_flags_a_opt_autotest OK 2.16s 31/121 DPDK:fast-tests / eal_flags_b_opt_autotest OK 2.04s 32/121 DPDK:fast-tests / eal_flags_vdev_opt_autotest OK 1.65s 33/121 DPDK:fast-tests / eal_flags_r_opt_autotest OK 1.65s 34/121 DPDK:fast-tests / eal_flags_mem_autotest OK 2.03s 35/121 DPDK:fast-tests / eal_flags_file_prefix_autotest OK 5.76s 36/121 DPDK:fast-tests / eal_flags_misc_autotest OK 7.19s 37/121 DPDK:fast-tests / eal_fs_autotest OK 0.57s 38/121 DPDK:fast-tests / errno_autotest OK 0.51s 39/121 DPDK:fast-tests / ethdev_link_status OK 0.53s 40/121 DPDK:fast-tests / event_eth_tx_adapter_autotest OK 3.37s 41/121 DPDK:fast-tests / event_ring_autotest OK 0.66s 42/121 DPDK:fast-tests / event_vector_adapter_autotest FAIL 1.92s (exit status 255 or signal 127 SIGinvalid) >>> DPDK_TEST=event_vector_adapter_autotest MALLOC_PERTURB_=160 /home-local/jenkins-local/jenkins-agent/workspace/Generic-Unit-Test-DPDK@2/dpdk/build/app/dpdk-test --no-huge -m 2048 43/121 DPDK:fast-tests / eventdev_common_autotest OK 0.68s 44/121 DPDK:fast-tests / eventdev_selftest_sw OK 90.12s 45/121 DPDK:fast-tests / fbarray_autotest OK 0.59s 46/121 DPDK:fast-tests / fib_autotest OK 3.13s 47/121 DPDK:fast-tests / fib6_autotest OK 2.35s 48/121 DPDK:fast-tests / func_reentrancy_autotest OK 4.28s 49/121 DPDK:fast-tests / graph_autotest OK 0.91s 50/121 DPDK:fast-tests / node_list_dump OK 0.55s 51/121 DPDK:fast-tests / graph_feature_arc_autotest OK 0.53s 52/121 DPDK:fast-tests / hash_autotest OK 2.01s 53/121 DPDK:fast-tests / hash_readwrite_func_autotest OK 27.27s 54/121 DPDK:fast-tests / interrupt_autotest OK 1.60s 55/121 DPDK:fast-tests / ipfrag_autotest OK 0.35s 56/121 DPDK:fast-tests / ipsec_autotest SKIP 0.72s exit status 77 57/121 DPDK:fast-tests / kvargs_autotest OK 0.76s 58/121 DPDK:fast-tests / latencystats_autotest OK 0.80s 59/121 DPDK:fast-tests / lcore_var_autotest OK 2.30s 60/121 DPDK:fast-tests / lcores_autotest OK 7.30s 61/121 DPDK:fast-tests / logs_autotest OK 0.52s 62/121 DPDK:fast-tests / lpm_autotest OK 4.38s 63/121 DPDK:fast-tests / lpm6_autotest OK 12.84s 64/121 DPDK:fast-tests / malloc_autotest OK 2.05s 65/121 DPDK:fast-tests / mbuf_autotest OK 2.42s 66/121 DPDK:fast-tests / mcslock_autotest OK 64.72s 67/121 DPDK:fast-tests / member_autotest OK 3.37s 68/121 DPDK:fast-tests / memcpy_autotest OK 14.19s 69/121 DPDK:fast-tests / memory_autotest OK 0.28s 70/121 DPDK:fast-tests / mempool_autotest OK 1.22s 71/121 DPDK:fast-tests / memzone_autotest OK 0.41s 72/121 DPDK:fast-tests / meter_autotest OK 0.73s 73/121 DPDK:fast-tests / metrics_autotest OK 0.58s 74/121 DPDK:fast-tests / multiprocess_autotest OK 1.36s 75/121 DPDK:fast-tests / net_ether_autotest OK 3.03s 76/121 DPDK:fast-tests / net_ipv6_autotest OK 0.65s 77/121 DPDK:fast-tests / pcapng_autotest OK 7.03s 78/121 DPDK:fast-tests / pdcp_autotest SKIP 0.37s exit status 77 79/121 DPDK:fast-tests / pdump_autotest OK 1.89s 80/121 DPDK:fast-tests / per_lcore_autotest OK 0.78s 81/121 DPDK:fast-tests / pflock_autotest OK 3.82s 82/121 DPDK:fast-tests / pie_autotest OK 0.66s 83/121 DPDK:fast-tests / ring_pmd_autotest OK 0.68s 84/121 DPDK:fast-tests / power_autotest OK 0.49s 85/121 DPDK:fast-tests / power_cpufreq_autotest SKIP 0.30s exit status 77 86/121 DPDK:fast-tests / power_intel_uncore_autotest SKIP 0.74s exit status 77 87/121 DPDK:fast-tests / power_kvm_vm_autotest SKIP 0.31s exit status 77 88/121 DPDK:fast-tests / prefetch_autotest OK 0.57s 89/121 DPDK:fast-tests / ptr_compress_autotest OK 0.52s 90/121 DPDK:fast-tests / rawdev_autotest OK 0.50s 91/121 DPDK:fast-tests / rcu_qsbr_autotest OK 3.76s 92/121 DPDK:fast-tests / reorder_autotest OK 1.50s 93/121 DPDK:fast-tests / rib_autotest OK 9.68s 94/121 DPDK:fast-tests / rib6_autotest OK 9.20s 95/121 DPDK:fast-tests / ring_autotest OK 0.63s 96/121 DPDK:fast-tests / rwlock_test1_autotest OK 1.17s 97/121 DPDK:fast-tests / rwlock_rda_autotest OK 5.66s 98/121 DPDK:fast-tests / rwlock_rds_wrm_autotest OK 5.60s 99/121 DPDK:fast-tests / rwlock_rde_wro_autotest OK 5.58s 100/121 DPDK:fast-tests / sched_autotest OK 0.77s 101/121 DPDK:fast-tests / security_autotest OK 0.38s 102/121 DPDK:fast-tests / seqlock_autotest OK 2.73s 103/121 DPDK:fast-tests / service_autotest OK 3.60s 104/121 DPDK:fast-tests / soring_autotest OK 0.54s 105/121 DPDK:fast-tests / spinlock_autotest OK 0.70s 106/121 DPDK:fast-tests / stack_autotest OK 0.81s 107/121 DPDK:fast-tests / stack_lf_autotest OK 0.76s 108/121 DPDK:fast-tests / string_autotest OK 0.85s 109/121 DPDK:fast-tests / table_autotest OK 17.67s 110/121 DPDK:fast-tests / tailq_autotest OK 0.51s 111/121 DPDK:fast-tests / telemetry_data_autotest OK 0.47s 112/121 DPDK:fast-tests / telemetry_json_autotest OK 0.65s 113/121 DPDK:fast-tests / thash_autotest OK 0.62s 114/121 DPDK:fast-tests / threads_autotest OK 0.66s 115/121 DPDK:fast-tests / ticketlock_autotest OK 1.70s 116/121 DPDK:fast-tests / timer_autotest OK 5.08s 117/121 DPDK:fast-tests / trace_autotest OK 0.86s 118/121 DPDK:fast-tests / trace_autotest_with_traces OK 0.90s 119/121 DPDK:fast-tests / vdev_autotest OK 0.63s 120/121 DPDK:fast-tests / version_autotest OK 0.62s 121/121 DPDK:fast-tests / telemetry_all SKIP 0.04s exit status 77 Ok: 113 Expected Fail: 0 Fail: 1 Unexpected Pass: 0 Skipped: 7 Timeout: 0 Full log written to /home-local/jenkins-local/jenkins-agent/workspace/Generic-Unit-Test-DPDK@2/dpdk/build/meson-logs/testlog.txt Test log output from the failed test event_vector_adapter_autotest: Sorry, we were not able to find the logs for this test. Download the log output from the CI site for this test run. ==== End log output ==== Debian 12 (arm) Kernel: Depends on container host Compiler: gcc (Debian 12.2.0-14) 12.2.0 Ubuntu 20.04 Kernel: 5.4 Compiler: gcc gcc (Ubuntu 9.4.0-1ubuntu1~20.04.2) 9.4.0 CentOS Stream 10 Kernel: 5.4 Compiler: gcc gcc (GCC) 14.2.1 20250110 (Red Hat 14.2.1-8) CentOS Stream 9 Kernel: 5.4 Compiler: gcc gcc (GCC) 11.5.0 20240719 (Red Hat 11.5.0-7) Debian GNU/Linux 12 Kernel: 5.4 Compiler: gcc gcc (Debian 12.2.0-14+deb12u1) 12.2.0 Red Hat Enterprise Linux 9.5 Kernel: 5.4 Compiler: gcc gcc (GCC) 11.5.0 20240719 (Red Hat 11.5.0-2) Fedora Linux 40 Kernel: 5.4 Compiler: clang gcc (GCC) 14.2.1 20240912 (Red Hat 14.2.1-3) Fedora Linux 41 Kernel: 5.4 Compiler: gcc gcc (GCC) 14.3.1 20250523 (Red Hat 14.3.1-1) Ubuntu 24.04 Kernel: 5.4 Compiler: gcc gcc (Ubuntu 13.3.0-6ubuntu2~24.04) 13.3.0 Ubuntu 22.04 Kernel: 5.4 Compiler: gcc gcc (Ubuntu 11.4.0-1ubuntu1~22.04) 11.4.0 To view detailed results, visit: https://lab.dpdk.org/results/dashboard/patchsets/33571/ UNH-IOL DPDK Community Lab To manage your email subscriptions, visit: https://lab.dpdk.org/results/dashboard/preferences/subscriptions/