From mboxrd@z Thu Jan 1 00:00:00 1970 Return-Path: Received: from mails.dpdk.org (mails.dpdk.org [217.70.189.124]) by inbox.dpdk.org (Postfix) with ESMTP id 97B5246ADE for ; Thu, 3 Jul 2025 06:15:13 +0200 (CEST) Received: from mails.dpdk.org (localhost [127.0.0.1]) by mails.dpdk.org (Postfix) with ESMTP id 71AD840285; Thu, 3 Jul 2025 06:15:13 +0200 (CEST) Received: from mail-io1-f98.google.com (mail-io1-f98.google.com [209.85.166.98]) by mails.dpdk.org (Postfix) with ESMTP id 2E85540285 for ; Thu, 3 Jul 2025 06:15:12 +0200 (CEST) Received: by mail-io1-f98.google.com with SMTP id ca18e2360f4ac-875f28fde67so636455839f.1 for ; Wed, 02 Jul 2025 21:15:12 -0700 (PDT) DKIM-Signature: v=1; a=rsa-sha256; c=relaxed/relaxed; d=iol.unh.edu; s=unh-iol; t=1751516111; x=1752120911; darn=dpdk.org; h=references:in-reply-to:cc:to:from:subject:message-id:date:from:to :cc:subject:date:message-id:reply-to; bh=6aEtG1RbHl4DAcqDMb/fHKBVcOkYp4fXAbPVR1NwgvU=; b=IbsonBvfN9IkNhML4h0erjeiWX2NV4a8yPPxiRC2HpXLpaam8t8IlxBExxGqcw35ru iEV5r4r8YqaCX1XnibBkPK2Dwd2DA9LnNyH2tbjeFpgz1Yaf3nI/ngj078gFKIJEZFBD kLJgh8IWe+rLhUJezhYiIXtPr1JvxRYYvuUg0= X-Google-DKIM-Signature: v=1; a=rsa-sha256; c=relaxed/relaxed; d=1e100.net; s=20230601; t=1751516111; x=1752120911; h=references:in-reply-to:cc:to:from:subject:message-id:date :x-gm-message-state:from:to:cc:subject:date:message-id:reply-to; bh=6aEtG1RbHl4DAcqDMb/fHKBVcOkYp4fXAbPVR1NwgvU=; b=frNA6ZOoEMwWnjmL9ydQJg39u62jmVPeTzUvpHspZgwJqcRl17BFQ4s5rcEjnVkHWo inKznW6ip5uIb4Xd8o5/+Qkx8AJ8D4/ayRBudx5ehEVHUODgpz72Fi6mCBDbq8syEB1r RbZMGpZ4nS+cGyruscUtcCVFrUeM7UzxgZUHIXAjpLQcNBMLIdskpO7ZI4b3RU1gOmQa /bmHuCDPEEMnrNaWRqK8mojLccDR0jakyKbXC5M62PK0UCuzNAP+dPNyQu1dQCPwzzUg cEfWbDRGtCuLtfgo/Q+QKpXL0paxZ6ycHWB8UjKfHHIft0i3B0BLxCZ+RYgXLLDBlzrK 6Eog== X-Gm-Message-State: AOJu0YyyvpO6hkudif/ZmOiSx8U2MyDBU/yg3QmQ2tnep4RpPeznuM8f sipKERkuKDVry9KXIZvlDglG1im8+WziRTbzzeYtGZsMzDdwLi4DgX9GovSIY3iv56ewlhaBR06 j/S/I1Uue7oGdshPRQ5U5Agijz8HgxVip5BADyGJb0+zAMXnyuJrkG9YPncyv X-Gm-Gg: ASbGncshZgkV7aFPf17UBUyTQCu0YqedNsfmvowk43jJYZw3iH7TC6X6DFAnUt/5htO tIygR1gA72bvERsR3m8OQxABwFQldSXi8mXam2sx+NoWQ2bus8UqrPOWaltcOatnnqnV23RVM3O uw4jin05DUjun4do7oFrmud4Riksi52cmr3q6a3w6Wx2PmWRExhhyubO1YEnG6ZQdcx3VWZPzfv +MHYhxFTVXZz/VAK7n1AUFo8bU1ifmEq91pqm/WvQI20ScorSISvtURVwEr59Vu5OyK0uQvWL4A 2XTFGY5rqMi9RO6bqAxAwVqUx/qku1JTkAxniyz2bQqdKMM= X-Google-Smtp-Source: AGHT+IHz8ki7tGH+57/+R6KZco18lil57qRNTd/FHN7Dy/ZDF+93m6zVf5rCmpaGmuNlBLUSQLBeA9GeEx/Z X-Received: by 2002:a05:6602:2d93:b0:86d:5f:aef4 with SMTP id ca18e2360f4ac-876d32b9611mr216395839f.0.1751516111373; Wed, 02 Jul 2025 21:15:11 -0700 (PDT) Received: from postal.iol.unh.edu (postal.iol.unh.edu. [2606:4100:3880:1234::84]) by smtp-relay.gmail.com with ESMTPS id 8926c6da1cb9f-50204857606sm549117173.2.2025.07.02.21.15.11 (version=TLS1_2 cipher=ECDHE-ECDSA-AES128-GCM-SHA256 bits=128/128); Wed, 02 Jul 2025 21:15:11 -0700 (PDT) X-Relaying-Domain: iol.unh.edu Date: Wed, 02 Jul 2025 21:15:11 -0700 (PDT) Message-ID: <686603cf.050a0220.25dcd1.d9a6SMTPIN_ADDED_MISSING@mx.google.com> Received: from [172.21.0.5] (unknown [172.18.0.240]) by postal.iol.unh.edu (Postfix) with ESMTP id D5E1E6051830; Thu, 3 Jul 2025 00:15:10 -0400 (EDT) Subject: |FAILURE| pw154914 [PATCH] [v3] test/argparse: change initialization From: dpdklab@iol.unh.edu To: Test Report Cc: dpdk-test-reports@iol.unh.edu, Stephen Hemminger In-Reply-To: <20250701154202.237442-1-stephen@networkplumber.org> References: <20250701154202.237442-1-stephen@networkplumber.org> Content-Type: text/plain X-BeenThere: test-report@dpdk.org X-Mailman-Version: 2.1.29 Precedence: list List-Id: automatic DPDK test reports List-Unsubscribe: , List-Archive: List-Post: List-Help: List-Subscribe: , Errors-To: test-report-bounces@dpdk.org Test-Label: iol-unit-arm64-testing Test-Status: FAILURE http://dpdk.org/patch/154914 _Testing issues_ Submitter: Stephen Hemminger Date: Tuesday, July 01 2025 15:41:46 DPDK git baseline: Repo:dpdk Branch: master CommitID:bd546772e1449ccc0789db338cc398815fa2636d 154914 --> testing issues Upstream job id: Generic-Unit-Test-DPDK#352114 Test environment and result as below: +------------------------------+----------------+---------------------------+--------------+------------------------------+ | Environment | dpdk_unit_test | cryptodev_sw_zuc_autotest | lpm_autotest | cryptodev_sw_snow3g_autotest | +==============================+================+===========================+==============+==============================+ | CentOS Stream 9 | PEND | SKIPPED | SKIPPED | SKIPPED | +------------------------------+----------------+---------------------------+--------------+------------------------------+ | Fedora Linux 40 | PEND | SKIPPED | SKIPPED | SKIPPED | +------------------------------+----------------+---------------------------+--------------+------------------------------+ | Fedora Linux 41 | PEND | SKIPPED | SKIPPED | SKIPPED | +------------------------------+----------------+---------------------------+--------------+------------------------------+ | CentOS Stream 10 | PASS | SKIPPED | SKIPPED | SKIPPED | +------------------------------+----------------+---------------------------+--------------+------------------------------+ | Debian GNU/Linux 12 | PEND | SKIPPED | SKIPPED | SKIPPED | +------------------------------+----------------+---------------------------+--------------+------------------------------+ | Red Hat Enterprise Linux 9.5 | PASS | SKIPPED | SKIPPED | SKIPPED | +------------------------------+----------------+---------------------------+--------------+------------------------------+ | Ubuntu 20.04 | PASS | SKIPPED | PEND | SKIPPED | +------------------------------+----------------+---------------------------+--------------+------------------------------+ | Ubuntu 24.04 | FAIL | SKIPPED | SKIPPED | SKIPPED | +------------------------------+----------------+---------------------------+--------------+------------------------------+ | Ubuntu 22.04 | PEND | SKIPPED | SKIPPED | SKIPPED | +------------------------------+----------------+---------------------------+--------------+------------------------------+ | Debian 12 (arm) | SKIPPED | PASS | SKIPPED | PASS | +------------------------------+----------------+---------------------------+--------------+------------------------------+ ==== Unit test summary for Ubuntu 24.04 (dpdk_unit_test): ==== ninja: Entering directory `/home-local/jenkins-local/jenkins-agent/workspace/Generic-Unit-Test-DPDK@2/dpdk/build' ninja: no work to do. 1/120 DPDK:fast-tests / acl_autotest OK 10.70s 2/120 DPDK:fast-tests / alarm_autotest OK 1.57s 3/120 DPDK:fast-tests / argparse_autotest OK 0.48s 4/120 DPDK:fast-tests / atomic_autotest OK 7.26s 5/120 DPDK:fast-tests / bitcount_autotest OK 0.65s 6/120 DPDK:fast-tests / bitmap_autotest OK 0.54s 7/120 DPDK:fast-tests / bitops_autotest OK 2.14s 8/120 DPDK:fast-tests / bitratestats_autotest OK 0.65s 9/120 DPDK:fast-tests / bitset_autotest OK 7.72s 10/120 DPDK:fast-tests / bpf_autotest OK 0.46s 11/120 DPDK:fast-tests / bpf_convert_autotest OK 0.58s 12/120 DPDK:fast-tests / byteorder_autotest OK 0.54s 13/120 DPDK:fast-tests / cfgfile_autotest OK 0.55s 14/120 DPDK:fast-tests / cksum_autotest OK 0.53s 15/120 DPDK:fast-tests / cmdline_autotest OK 0.60s 16/120 DPDK:fast-tests / common_autotest OK 2.67s 17/120 DPDK:fast-tests / compressdev_autotest SKIP 0.26s exit status 77 18/120 DPDK:fast-tests / cpuflags_autotest OK 0.66s 19/120 DPDK:fast-tests / crc_autotest OK 0.54s 20/120 DPDK:fast-tests / user_delay_us OK 0.54s 21/120 DPDK:fast-tests / debug_autotest OK 2.34s 22/120 DPDK:fast-tests / devargs_autotest OK 0.56s 23/120 DPDK:fast-tests / dispatcher_autotest FAIL 55.17s killed by signal 11 SIGSEGV >>> DPDK_TEST=dispatcher_autotest MALLOC_PERTURB_=214 /home-local/jenkins-local/jenkins-agent/workspace/Generic-Unit-Test-DPDK@2/dpdk/build/app/dpdk-test 24/120 DPDK:fast-tests / distributor_autotest OK 6.17s 25/120 DPDK:fast-tests / eal_flags_c_opt_autotest OK 5.16s 26/120 DPDK:fast-tests / eal_flags_main_opt_autotest OK 1.53s 27/120 DPDK:fast-tests / eal_flags_n_opt_autotest OK 1.30s 28/120 DPDK:fast-tests / eal_flags_hpet_autotest OK 0.77s 29/120 DPDK:fast-tests / eal_flags_no_huge_autotest OK 1.70s 30/120 DPDK:fast-tests / eal_flags_a_opt_autotest OK 2.20s 31/120 DPDK:fast-tests / eal_flags_b_opt_autotest OK 1.75s 32/120 DPDK:fast-tests / eal_flags_vdev_opt_autotest OK 1.30s 33/120 DPDK:fast-tests / eal_flags_r_opt_autotest OK 1.25s 34/120 DPDK:fast-tests / eal_flags_mem_autotest OK 1.87s 35/120 DPDK:fast-tests / eal_flags_file_prefix_autotest OK 4.74s 36/120 DPDK:fast-tests / eal_flags_misc_autotest OK 6.77s 37/120 DPDK:fast-tests / eal_fs_autotest OK 0.62s 38/120 DPDK:fast-tests / errno_autotest OK 0.55s 39/120 DPDK:fast-tests / ethdev_link_status OK 0.55s 40/120 DPDK:fast-tests / event_eth_tx_adapter_autotest OK 3.56s 41/120 DPDK:fast-tests / event_ring_autotest OK 0.58s 42/120 DPDK:fast-tests / eventdev_common_autotest OK 0.52s 43/120 DPDK:fast-tests / eventdev_selftest_sw OK 43.12s 44/120 DPDK:fast-tests / fbarray_autotest OK 0.57s 45/120 DPDK:fast-tests / fib_autotest OK 2.88s 46/120 DPDK:fast-tests / fib6_autotest OK 2.55s 47/120 DPDK:fast-tests / func_reentrancy_autotest OK 3.10s 48/120 DPDK:fast-tests / graph_autotest OK 0.59s 49/120 DPDK:fast-tests / node_list_dump OK 0.50s 50/120 DPDK:fast-tests / graph_feature_arc_autotest OK 0.50s 51/120 DPDK:fast-tests / hash_autotest OK 2.04s 52/120 DPDK:fast-tests / hash_readwrite_func_autotest OK 25.48s 53/120 DPDK:fast-tests / interrupt_autotest OK 1.69s 54/120 DPDK:fast-tests / ipfrag_autotest OK 0.34s 55/120 DPDK:fast-tests / ipsec_autotest SKIP 0.58s exit status 77 56/120 DPDK:fast-tests / kvargs_autotest OK 0.52s 57/120 DPDK:fast-tests / latencystats_autotest OK 0.53s 58/120 DPDK:fast-tests / lcore_var_autotest OK 2.07s 59/120 DPDK:fast-tests / lcores_autotest OK 8.58s 60/120 DPDK:fast-tests / logs_autotest OK 0.57s 61/120 DPDK:fast-tests / lpm_autotest OK 4.93s 62/120 DPDK:fast-tests / lpm6_autotest OK 12.63s 63/120 DPDK:fast-tests / malloc_autotest OK 1.44s 64/120 DPDK:fast-tests / mbuf_autotest OK 1.69s 65/120 DPDK:fast-tests / mcslock_autotest OK 22.51s 66/120 DPDK:fast-tests / member_autotest OK 4.76s 67/120 DPDK:fast-tests / memcpy_autotest OK 15.21s 68/120 DPDK:fast-tests / memory_autotest OK 0.32s 69/120 DPDK:fast-tests / mempool_autotest OK 1.25s 70/120 DPDK:fast-tests / memzone_autotest OK 0.35s 71/120 DPDK:fast-tests / meter_autotest OK 0.55s 72/120 DPDK:fast-tests / metrics_autotest OK 0.53s 73/120 DPDK:fast-tests / multiprocess_autotest OK 1.21s 74/120 DPDK:fast-tests / net_ether_autotest OK 2.80s 75/120 DPDK:fast-tests / net_ipv6_autotest OK 0.50s 76/120 DPDK:fast-tests / pcapng_autotest OK 7.11s 77/120 DPDK:fast-tests / pdcp_autotest SKIP 0.29s exit status 77 78/120 DPDK:fast-tests / pdump_autotest OK 1.56s 79/120 DPDK:fast-tests / per_lcore_autotest OK 0.63s 80/120 DPDK:fast-tests / pflock_autotest OK 1.06s 81/120 DPDK:fast-tests / pie_autotest OK 0.52s 82/120 DPDK:fast-tests / ring_pmd_autotest OK 0.51s 83/120 DPDK:fast-tests / power_autotest OK 0.49s 84/120 DPDK:fast-tests / power_cpufreq_autotest SKIP 0.32s exit status 77 85/120 DPDK:fast-tests / power_intel_uncore_autotest SKIP 0.57s exit status 77 86/120 DPDK:fast-tests / power_kvm_vm_autotest SKIP 0.30s exit status 77 87/120 DPDK:fast-tests / prefetch_autotest OK 0.56s 88/120 DPDK:fast-tests / ptr_compress_autotest OK 0.51s 89/120 DPDK:fast-tests / rawdev_autotest OK 0.49s 90/120 DPDK:fast-tests / rcu_qsbr_autotest OK 2.53s 91/120 DPDK:fast-tests / reorder_autotest OK 1.39s 92/120 DPDK:fast-tests / rib_autotest OK 11.29s 93/120 DPDK:fast-tests / rib6_autotest OK 12.05s 94/120 DPDK:fast-tests / ring_autotest OK 0.68s 95/120 DPDK:fast-tests / rwlock_test1_autotest OK 0.87s 96/120 DPDK:fast-tests / rwlock_rda_autotest OK 5.56s 97/120 DPDK:fast-tests / rwlock_rds_wrm_autotest OK 5.59s 98/120 DPDK:fast-tests / rwlock_rde_wro_autotest OK 5.65s 99/120 DPDK:fast-tests / sched_autotest OK 0.51s 100/120 DPDK:fast-tests / security_autotest OK 0.29s 101/120 DPDK:fast-tests / seqlock_autotest OK 2.64s 102/120 DPDK:fast-tests / service_autotest OK 3.54s 103/120 DPDK:fast-tests / soring_autotest OK 0.53s 104/120 DPDK:fast-tests / spinlock_autotest OK 0.60s 105/120 DPDK:fast-tests / stack_autotest OK 0.67s 106/120 DPDK:fast-tests / stack_lf_autotest OK 0.68s 107/120 DPDK:fast-tests / string_autotest OK 0.56s 108/120 DPDK:fast-tests / table_autotest OK 15.77s 109/120 DPDK:fast-tests / tailq_autotest OK 0.43s 110/120 DPDK:fast-tests / telemetry_data_autotest OK 0.55s 111/120 DPDK:fast-tests / telemetry_json_autotest OK 0.52s 112/120 DPDK:fast-tests / thash_autotest OK 0.64s 113/120 DPDK:fast-tests / threads_autotest OK 0.72s 114/120 DPDK:fast-tests / ticketlock_autotest OK 1.24s 115/120 DPDK:fast-tests / timer_autotest OK 4.14s 116/120 DPDK:fast-tests / trace_autotest OK 0.78s 117/120 DPDK:fast-tests / trace_autotest_with_traces OK 0.55s 118/120 DPDK:fast-tests / vdev_autotest OK 0.49s 119/120 DPDK:fast-tests / version_autotest OK 0.48s 120/120 DPDK:fast-tests / telemetry_all OK 1.31s Ok: 113 Expected Fail: 0 Fail: 1 Unexpected Pass: 0 Skipped: 6 Timeout: 0 Full log written to /home-local/jenkins-local/jenkins-agent/workspace/Generic-Unit-Test-DPDK@2/dpdk/build/meson-logs/testlog.txt Test log output from the failed test dispatcher_autotest: Sorry, we were not able to find the logs for this test. Download the log output from the CI site for this test run. ==== End log output ==== CentOS Stream 9 Kernel: 5.4 Compiler: gcc gcc (GCC) 11.5.0 20240719 (Red Hat 11.5.0-7) Fedora Linux 40 Kernel: 5.4 Compiler: gcc gcc (GCC) 14.2.1 20240912 (Red Hat 14.2.1-3) Fedora Linux 41 Kernel: 5.4 Compiler: gcc gcc (GCC) 14.3.1 20250523 (Red Hat 14.3.1-1) CentOS Stream 10 Kernel: 5.4 Compiler: gcc gcc (GCC) 14.2.1 20250110 (Red Hat 14.2.1-8) Debian GNU/Linux 12 Kernel: 5.4 Compiler: gcc gcc (Debian 12.2.0-14+deb12u1) 12.2.0 Red Hat Enterprise Linux 9.5 Kernel: 5.4 Compiler: gcc gcc (GCC) 11.5.0 20240719 (Red Hat 11.5.0-2) Ubuntu 20.04 Kernel: 5.4 Compiler: gcc gcc (Ubuntu 9.4.0-1ubuntu1~20.04.2) 9.4.0 Ubuntu 24.04 Kernel: 5.4 Compiler: gcc gcc (Ubuntu 13.3.0-6ubuntu2~24.04) 13.3.0 Ubuntu 22.04 Kernel: 5.4 Compiler: gcc gcc (Ubuntu 11.4.0-1ubuntu1~22.04) 11.4.0 Debian 12 (arm) Kernel: Depends on container host Compiler: gcc (Debian 12.2.0-14) 12.2.0 To view detailed results, visit: https://lab.dpdk.org/results/dashboard/patchsets/33557/ UNH-IOL DPDK Community Lab To manage your email subscriptions, visit: https://lab.dpdk.org/results/dashboard/preferences/subscriptions/