automatic DPDK test reports
 help / color / mirror / Atom feed
From: dpdklab@iol.unh.edu
To: Test Report <test-report@dpdk.org>
Cc: dpdk-test-reports@iol.unh.edu,
	Bruce Richardson <bruce.richardson@intel.com>
Subject: |FAILURE| pw155000 [PATCH] [v3] build/x86: fix support for older com
Date: Thu, 03 Jul 2025 09:34:54 -0700 (PDT)	[thread overview]
Message-ID: <6866b12e.050a0220.2870e.02caSMTPIN_ADDED_MISSING@mx.google.com> (raw)
In-Reply-To: <20250703102123.3708401-2-bruce.richardson@intel.com>

Test-Label: iol-sample-apps-testing
Test-Status: FAILURE
http://dpdk.org/patch/155000

_Testing issues_

Submitter: Bruce Richardson <bruce.richardson@intel.com>
Date: Thursday, July 03 2025 10:21:24 
DPDK git baseline: Repo:dpdk
  Branch: master
  CommitID:8a59ec1fe088cc2998b4376808dc7728d4e31946

155000 --> testing issues

Upstream job id: Template-DTS-Pipeline#234869

Test environment and result as below:

+--------------+----------------------+
| Environment  | compressdev_zlib_pmd |
+==============+======================+
| Ubuntu 22.04 | FAIL                 |
+--------------+----------------------+

==== 20 line log output for Ubuntu 22.04 (compressdev_zlib_pmd): ====
 --- Failed to get log output --- 
==== End log output ====

Ubuntu 22.04
	Kernel: 5.15
	Compiler: gcc gcc (Ubuntu 11.4.0-1ubuntu1~22.04) 11.4.0

To view detailed results, visit:
https://lab.dpdk.org/results/dashboard/patchsets/33583/

UNH-IOL DPDK Community Lab

To manage your email subscriptions, visit: 
https://lab.dpdk.org/results/dashboard/preferences/subscriptions/

  parent reply	other threads:[~2025-07-03 16:34 UTC|newest]

Thread overview: 12+ messages / expand[flat|nested]  mbox.gz  Atom feed  top
     [not found] <20250703102123.3708401-2-bruce.richardson@intel.com>
2025-07-03  9:49 ` |SUCCESS| pw155000 [PATCH v3] build/x86: fix support for older compilers qemudev
2025-07-03  9:53 ` qemudev
2025-07-03 10:24 ` |WARNING| " checkpatch
2025-07-03 11:43 ` |SUCCESS| " 0-day Robot
2025-07-03 16:34 ` dpdklab [this message]
2025-07-03 16:35 ` |SUCCESS| pw155000 [PATCH] [v3] build/x86: fix support for older com dpdklab
2025-07-03 17:14 ` |PENDING| " dpdklab
2025-07-03 17:26 ` |SUCCESS| " dpdklab
2025-07-03 17:35 ` |PENDING| " dpdklab
2025-07-03 17:51 ` |SUCCESS| " dpdklab
2025-07-03 22:19 ` |PENDING| " dpdklab
2025-07-03 22:28 ` |FAILURE| " dpdklab

Reply instructions:

You may reply publicly to this message via plain-text email
using any one of the following methods:

* Save the following mbox file, import it into your mail client,
  and reply-to-all from there: mbox

  Avoid top-posting and favor interleaved quoting:
  https://en.wikipedia.org/wiki/Posting_style#Interleaved_style

* Reply using the --to, --cc, and --in-reply-to
  switches of git-send-email(1):

  git send-email \
    --in-reply-to=6866b12e.050a0220.2870e.02caSMTPIN_ADDED_MISSING@mx.google.com \
    --to=dpdklab@iol.unh.edu \
    --cc=bruce.richardson@intel.com \
    --cc=dpdk-test-reports@iol.unh.edu \
    --cc=test-report@dpdk.org \
    /path/to/YOUR_REPLY

  https://kernel.org/pub/software/scm/git/docs/git-send-email.html

* If your mail client supports setting the In-Reply-To header
  via mailto: links, try the mailto: link
Be sure your reply has a Subject: header at the top and a blank line before the message body.
This is a public inbox, see mirroring instructions
for how to clone and mirror all data and code used for this inbox;
as well as URLs for NNTP newsgroup(s).