From mboxrd@z Thu Jan 1 00:00:00 1970 Return-Path: Received: from mails.dpdk.org (mails.dpdk.org [217.70.189.124]) by inbox.dpdk.org (Postfix) with ESMTP id 0970546AE8 for ; Fri, 4 Jul 2025 20:10:12 +0200 (CEST) Received: from mails.dpdk.org (localhost [127.0.0.1]) by mails.dpdk.org (Postfix) with ESMTP id D9F934028E; Fri, 4 Jul 2025 20:10:11 +0200 (CEST) Received: from mail-io1-f98.google.com (mail-io1-f98.google.com [209.85.166.98]) by mails.dpdk.org (Postfix) with ESMTP id 5DDA74028E for ; Fri, 4 Jul 2025 20:10:11 +0200 (CEST) Received: by mail-io1-f98.google.com with SMTP id ca18e2360f4ac-86a052d7897so114483539f.0 for ; Fri, 04 Jul 2025 11:10:11 -0700 (PDT) DKIM-Signature: v=1; a=rsa-sha256; c=relaxed/relaxed; d=iol.unh.edu; s=unh-iol; t=1751652610; x=1752257410; darn=dpdk.org; h=references:in-reply-to:cc:to:from:subject:message-id:date:from:to :cc:subject:date:message-id:reply-to; bh=P36dfBQrHNDLqBuDgEuDGLR5uQRum7+DKmvWJRQ5s10=; b=T2XDbUbokSgHJp7/UC3ok//Q7Cl/l2r9n9Le6GV0per+6fUBrP2D50GrETfl44lYBq FqmbnArv16yuMJz3J1ntdEylRG2kOKlJPx7tiRtWvP9lqbU/9ViS78wF9ifPfQzSJHIX 7NO1QITr0BgiNRJ1ohFevWjXZdblvaCoodwBc= X-Google-DKIM-Signature: v=1; a=rsa-sha256; c=relaxed/relaxed; d=1e100.net; s=20230601; t=1751652610; x=1752257410; h=references:in-reply-to:cc:to:from:subject:message-id:date :x-gm-message-state:from:to:cc:subject:date:message-id:reply-to; bh=P36dfBQrHNDLqBuDgEuDGLR5uQRum7+DKmvWJRQ5s10=; b=peuybE0cUaLV8Si0PNU/Bff72+UjVBqAiCXz957rBiTreXIqCQ6vRvNwA0kfBuiUdj e7d5eSQzAFncDJk8xWWhHp/VQtapu0mG9Ft8j7padKBd5rg2SOqf7J/QD2SqRgXUf9gx cfkPXOtA2gzPKCjLk0JwEhi7Ws4U+i0/gMqv+CUYYVoUjl0bS0QN7nqi+cBbCIiLYDth 6V0hvMcHLzsFO4b1AA7ub540t0dCpWxmtGZB3QsSEa2Z3WDcwNETZiFcZ/B1kSze80sT HFsGuysfvacsICqpkT6qx7sDAoCbwSPLyBei44iH7Y7VgY0NWPgapwnZ1MRwoJ5+CuhL tC3A== X-Gm-Message-State: AOJu0Yz8qGLcx/LzfK1GtZ/m0L0/Ld2ZSsy9ButfV4OB6im4byjBntAU BA5W5HX5PouE9z7zjnpTQWUxoxYW5cBq2+1H3kFtYpPjs3lvhcg6+3I8Ldc6qywmsf2GfMivnPX C1NZrQ9UF8XBEOhlvrFqfQGTWDnaZQimQ1Ma+jsnlEHgbz2tOycZDAXJBH9rL X-Gm-Gg: ASbGnctHonQq0DcdEoZUm0tkyeKArCSma0xcDY2Seew5NTyGzwV7fcI6gtINgGwsSbb Wsp2P234ptAg784vqa9uy+n+4VEglT8r6/MTw/jHK343p+tdbj3KDjAmtvVZwbavNYFVR7/auwk s91KqmUZLIs4RKStmWmKfBhCpmdhoyDrdst6SLGCtl1sBz5KShWY98BBumBjp8bWFfu6rsjf1Oa xy/JPYbLResIIhHUfqDcUgiCg66yw+mrUBuXToKBuD741g5ck/1Xw1mJdKZhvA1+EsTNR3krNW3 UkUlt1sA+/RIVnXP8HU+YuZkYe43JgskcDEu+d/4L3WA+7I= X-Google-Smtp-Source: AGHT+IEO48dzQFOYqudZRHJpuV1W4x8xaqoDG6jDVEP0cj8OM+RgWOdX76zjCoaDr14QhTMG0M/jxPfVhhNv X-Received: by 2002:a05:6e02:1a6c:b0:3df:3a4f:c884 with SMTP id e9e14a558f8ab-3e13549d6b6mr31850545ab.8.1751652610628; Fri, 04 Jul 2025 11:10:10 -0700 (PDT) Received: from postal.iol.unh.edu (postal.iol.unh.edu. [2606:4100:3880:1234::84]) by smtp-relay.gmail.com with ESMTPS id e9e14a558f8ab-3e0f9b81c74sm1625615ab.31.2025.07.04.11.10.10 (version=TLS1_2 cipher=ECDHE-ECDSA-AES128-GCM-SHA256 bits=128/128); Fri, 04 Jul 2025 11:10:10 -0700 (PDT) X-Relaying-Domain: iol.unh.edu Date: Fri, 04 Jul 2025 11:10:10 -0700 (PDT) Message-ID: <68681902.920a0220.2ecd00.9702SMTPIN_ADDED_MISSING@mx.google.com> Received: from [172.21.0.5] (unknown [172.18.0.240]) by postal.iol.unh.edu (Postfix) with ESMTP id 273FB6051830; Fri, 4 Jul 2025 14:10:10 -0400 (EDT) Subject: |FAILURE| pw154969 [PATCH] [v2] build/x86: fix support for older com From: dpdklab@iol.unh.edu To: Test Report Cc: dpdk-test-reports@iol.unh.edu, Bruce Richardson In-Reply-To: <20250702160138.3441279-1-bruce.richardson@intel.com> References: <20250702160138.3441279-1-bruce.richardson@intel.com> Content-Type: text/plain X-BeenThere: test-report@dpdk.org X-Mailman-Version: 2.1.29 Precedence: list List-Id: automatic DPDK test reports List-Unsubscribe: , List-Archive: List-Post: List-Help: List-Subscribe: , Errors-To: test-report-bounces@dpdk.org Test-Label: iol-abi-testing Test-Status: FAILURE http://dpdk.org/patch/154969 _Testing issues_ Submitter: Bruce Richardson Date: Wednesday, July 02 2025 16:00:45 DPDK git baseline: Repo:dpdk Branch: master CommitID:70c2297528e7c7789af452f78de1932e9a20c8a2 154969 --> testing issues Upstream job id: Generic-DPDK-Compile-ABI#133057 Test environment and result as below: +-------------------------------+----------+ | Environment | abi_test | +===============================+==========+ | Debian GNU/Linux 12 | FAIL | +-------------------------------+----------+ | CentOS Stream 9 | FAIL | +-------------------------------+----------+ | CentOS Stream 10 | FAIL | +-------------------------------+----------+ | Red Hat Enterprise Linux 8.10 | FAIL | +-------------------------------+----------+ | Fedora Linux 40 | FAIL | +-------------------------------+----------+ | Ubuntu 24.04 | FAIL | +-------------------------------+----------+ | Red Hat Enterprise Linux 9.5 | FAIL | +-------------------------------+----------+ | Ubuntu 22.04 | FAIL | +-------------------------------+----------+ ==== 20 line log output for Ubuntu 22.04 (abi_test): ==== Compiler for C supports arguments -Wsign-compare: YES Compiler for C supports arguments -Wstrict-prototypes: YES Compiler for C supports arguments -Wundef: YES Compiler for C supports arguments -Wwrite-strings: YES Compiler for C supports arguments -Wno-packed-not-aligned: YES Compiler for C supports arguments -Wno-missing-field-initializers: YES Compiler for C supports arguments -fzero-init-padding-bits=all: NO Fetching value of define "__AVX2__" : 1 Fetching value of define "__znver1__" : Fetching value of define "__znver2__" : Fetching value of define "__znver3__" : Fetching value of define "__znver4__" : Fetching value of define "__znver5__" : Program objdump found: YES (/usr/bin/objdump) Compiler for C supports arguments -march=x86-64-v4: YES Fetching value of define "__AVX512F__" : 1 dpdk/config/x86/meson.build:81:6: ERROR: List item must be one of , not A full log can be found at /root/workspace/Generic-DPDK-Compile-ABI@2/dpdk/build/meson-logs/meson-log.txt ==== End log output ==== Debian GNU/Linux 12 Kernel: 5.15 Compiler: gcc gcc (Debian 12.2.0-14+deb12u1) 12.2.0 CentOS Stream 9 Kernel: 5.15 Compiler: gcc gcc (GCC) 11.5.0 20240719 (Red Hat 11.5.0-7) CentOS Stream 10 Kernel: 5.15 Compiler: gcc gcc (GCC) 14.2.1 20250110 (Red Hat 14.2.1-8) Red Hat Enterprise Linux 8.10 Kernel: 5.15 Compiler: gcc gcc (GCC) 8.5.0 20210514 (Red Hat 8.5.0-22) Fedora Linux 40 Kernel: 5.15 Compiler: gcc gcc (GCC) 14.2.1 20240912 (Red Hat 14.2.1-3) Ubuntu 24.04 Kernel: 5.15 Compiler: gcc gcc (Ubuntu 13.3.0-6ubuntu2~24.04) 13.3.0 Red Hat Enterprise Linux 9.5 Kernel: 5.15 Compiler: gcc gcc (GCC) 11.5.0 20240719 (Red Hat 11.5.0-2) Ubuntu 22.04 Kernel: 5.15 Compiler: gcc gcc (Ubuntu 11.4.0-1ubuntu1~22.04) 11.4.0 To view detailed results, visit: https://lab.dpdk.org/results/dashboard/patchsets/33570/ UNH-IOL DPDK Community Lab To manage your email subscriptions, visit: https://lab.dpdk.org/results/dashboard/preferences/subscriptions/