From mboxrd@z Thu Jan 1 00:00:00 1970 Return-Path: Received: from mails.dpdk.org (mails.dpdk.org [217.70.189.124]) by inbox.dpdk.org (Postfix) with ESMTP id 715CE46AE8 for ; Fri, 4 Jul 2025 20:15:13 +0200 (CEST) Received: from mails.dpdk.org (localhost [127.0.0.1]) by mails.dpdk.org (Postfix) with ESMTP id 6C7B84028E; Fri, 4 Jul 2025 20:15:13 +0200 (CEST) Received: from mail-oa1-f99.google.com (mail-oa1-f99.google.com [209.85.160.99]) by mails.dpdk.org (Postfix) with ESMTP id A8CFC4028E for ; Fri, 4 Jul 2025 20:15:12 +0200 (CEST) Received: by mail-oa1-f99.google.com with SMTP id 586e51a60fabf-2ebb468cbb4so1204395fac.2 for ; Fri, 04 Jul 2025 11:15:12 -0700 (PDT) DKIM-Signature: v=1; a=rsa-sha256; c=relaxed/relaxed; d=iol.unh.edu; s=unh-iol; t=1751652912; x=1752257712; darn=dpdk.org; h=references:in-reply-to:cc:to:from:subject:message-id:date:from:to :cc:subject:date:message-id:reply-to; bh=guBi+BY1Hh90SAIRqfx2P8B+3fmkDi4uYq3sK9QgZGI=; b=TdB/E5edQv4LLtbc82ACbHYMpSCrhJnVdleu2wdEbxqTsRXilvH26XeWooD2e98VvE v5PYSbISWFWoQamTezDSetsGt4M2wHVFEiOW6x/NYNhy7+fbxc3+DZNS0ag7Sz/opgi7 m7zk5YbehPfgsKsfrUuV9OG2NVAs7C7UUDUt8= X-Google-DKIM-Signature: v=1; a=rsa-sha256; c=relaxed/relaxed; d=1e100.net; s=20230601; t=1751652912; x=1752257712; h=references:in-reply-to:cc:to:from:subject:message-id:date :x-gm-message-state:from:to:cc:subject:date:message-id:reply-to; bh=guBi+BY1Hh90SAIRqfx2P8B+3fmkDi4uYq3sK9QgZGI=; b=lK77+c11xms28X1qr7axoXJeua+02B8dnvSGhUNj5EnuXhDmkxdMWYAjbicZE81ptT 0x26RZX1+euzUWA/j/9yAbq9hOLdAGBDkAzyKgq8XeM3hAlJflXjZMSR8iW19EE6M4Zd C3P8IVRFAxR4bhLILT8jwGmXDrFrTJ7RJ3gtRpd1hfDIJTbIzRdycc7Hg4KPR7kUoVgc s0D44bI2MJgRYk/ix9u/RpXplYJem5e4pOmtLt+TYDW4uM6TvGAAhX2j+JHfHSuw2/Nh eaIJojLZfFyBwGT+Oyq2i/taOruqx8feEGplHKzyXfNmrAM8XpmqGmB3ueqqfccErx1l gsog== X-Gm-Message-State: AOJu0YxQEWfS1tLWNWQsX0tPjYNTS/30pME7LvyHFyAFckb1TJI3B8La ZW0YUfBe0COKq9zNKh5RUlXX0BwL9PLyNx5Vns/CmpirwETcgI8vu40quaJTWsxZ8Qo4Iw6qD/F BygebM9RQWuX5eO62WkSHFJMI+v4GARAm7TWZ5EGEuzwD X-Gm-Gg: ASbGncuuC7xqNuAGcHZa8l1YyQ7bm3PGXdizXwwoiW3c+0BEGzZ1DJnNKdCm0dDipMi gMSXR32D6RwAbaPB9RzcC19bIcMbTQU1v5uikBxqWnlhlTB8mkpGWrz1hrgD6LSMAR8S76VEsU1 DHZeT++zTt7EyHfozznb3ybZYimiihvX1L2+C8pA4tylrIKMyulbfIVIzFy8/mPrfVWbJGDb4wZ f6BRRlXXeoy300EHBKuWMJzMMYfSBOR/YgRg1QmXaggmLNVuibjVjG0dsamKf2ViqLWOGtFkBjp 2cY/1o641cvOxvm5Xy0c/yNUCOtg+2Iwm0wFYcX+rCDeuNBvtMR2iIBjPFCvMvNrPucSZQ== X-Google-Smtp-Source: AGHT+IH8SaZSIgv82fy3Ru9yQ21DHRG3KkDk3Ic9cEqGM8Upb/bJpk/RIUcj4o1G4FNuoiDOHJLCxS/FuTZk X-Received: by 2002:a05:6870:3293:b0:2e9:3c7:1a1a with SMTP id 586e51a60fabf-2f79652b99emr2138795fac.0.1751652911919; Fri, 04 Jul 2025 11:15:11 -0700 (PDT) Received: from postal.iol.unh.edu (postal.iol.unh.edu. [132.177.123.84]) by smtp-relay.gmail.com with ESMTPS id 586e51a60fabf-2f79012674fsm144672fac.36.2025.07.04.11.15.11 (version=TLS1_2 cipher=ECDHE-ECDSA-AES128-GCM-SHA256 bits=128/128); Fri, 04 Jul 2025 11:15:11 -0700 (PDT) X-Relaying-Domain: iol.unh.edu Date: Fri, 04 Jul 2025 11:15:11 -0700 (PDT) Message-ID: <68681a2f.050a0220.118070.7e7eSMTPIN_ADDED_MISSING@mx.google.com> Received: from [172.21.0.5] (unknown [172.18.0.240]) by postal.iol.unh.edu (Postfix) with ESMTP id 5E8DF6051830; Fri, 4 Jul 2025 14:15:11 -0400 (EDT) Subject: |FAILURE| pw154969 [PATCH] [v2] build/x86: fix support for older com From: dpdklab@iol.unh.edu To: Test Report Cc: dpdk-test-reports@iol.unh.edu, Bruce Richardson In-Reply-To: <20250702160138.3441279-1-bruce.richardson@intel.com> References: <20250702160138.3441279-1-bruce.richardson@intel.com> Content-Type: text/plain X-BeenThere: test-report@dpdk.org X-Mailman-Version: 2.1.29 Precedence: list List-Id: automatic DPDK test reports List-Unsubscribe: , List-Archive: List-Post: List-Help: List-Subscribe: , Errors-To: test-report-bounces@dpdk.org Test-Label: iol-abi-testing Test-Status: FAILURE http://dpdk.org/patch/154969 _Testing issues_ Submitter: Bruce Richardson Date: Wednesday, July 02 2025 16:00:45 DPDK git baseline: Repo:dpdk Branch: master CommitID:70c2297528e7c7789af452f78de1932e9a20c8a2 154969 --> testing issues Upstream job id: Generic-DPDK-Compile-ABI#133051 Test environment and result as below: +-------------------------------+----------+ | Environment | abi_test | +===============================+==========+ | Debian GNU/Linux 12 | FAIL | +-------------------------------+----------+ | CentOS Stream 9 | FAIL | +-------------------------------+----------+ | CentOS Stream 10 | FAIL | +-------------------------------+----------+ | Red Hat Enterprise Linux 8.10 | FAIL | +-------------------------------+----------+ | Fedora Linux 40 | FAIL | +-------------------------------+----------+ | Ubuntu 24.04 | FAIL | +-------------------------------+----------+ | Red Hat Enterprise Linux 9.5 | FAIL | +-------------------------------+----------+ | Ubuntu 22.04 | FAIL | +-------------------------------+----------+ | Fedora Linux 41 | FAIL | +-------------------------------+----------+ | openSUSE Leap 15.6 | FAIL | +-------------------------------+----------+ ==== 20 line log output for openSUSE Leap 15.6 (abi_test): ==== Compiler for C supports arguments -Wsign-compare: YES Compiler for C supports arguments -Wstrict-prototypes: YES Compiler for C supports arguments -Wundef: YES Compiler for C supports arguments -Wwrite-strings: YES Compiler for C supports arguments -Wno-packed-not-aligned: NO Compiler for C supports arguments -Wno-missing-field-initializers: YES Compiler for C supports arguments -fzero-init-padding-bits=all: NO Fetching value of define "__AVX2__" : 1 Fetching value of define "__znver1__" : Fetching value of define "__znver2__" : Fetching value of define "__znver3__" : Fetching value of define "__znver4__" : Fetching value of define "__znver5__" : Program objdump found: YES (/usr/bin/objdump) Compiler for C supports arguments -march=x86-64-v4: NO Fetching value of define "__AVX512F__" : 1 dpdk/config/x86/meson.build:81:6: ERROR: List item must be one of , not A full log can be found at /root/workspace/Generic-DPDK-Compile-ABI@2/dpdk/build/meson-logs/meson-log.txt ==== End log output ==== Debian GNU/Linux 12 Kernel: 5.15 Compiler: gcc gcc (Debian 12.2.0-14+deb12u1) 12.2.0 CentOS Stream 9 Kernel: 5.15 Compiler: gcc gcc (GCC) 11.5.0 20240719 (Red Hat 11.5.0-7) CentOS Stream 10 Kernel: 5.15 Compiler: gcc gcc (GCC) 14.2.1 20250110 (Red Hat 14.2.1-8) Red Hat Enterprise Linux 8.10 Kernel: 5.15 Compiler: gcc gcc (GCC) 8.5.0 20210514 (Red Hat 8.5.0-22) Fedora Linux 40 Kernel: 5.15 Compiler: gcc gcc (GCC) 14.2.1 20240912 (Red Hat 14.2.1-3) Ubuntu 24.04 Kernel: 5.15 Compiler: gcc gcc (Ubuntu 13.3.0-6ubuntu2~24.04) 13.3.0 Red Hat Enterprise Linux 9.5 Kernel: 5.15 Compiler: gcc gcc (GCC) 11.5.0 20240719 (Red Hat 11.5.0-2) Ubuntu 22.04 Kernel: 5.15 Compiler: gcc gcc (Ubuntu 11.4.0-1ubuntu1~22.04) 11.4.0 Fedora Linux 41 Kernel: 5.15 Compiler: clang gcc (GCC) 14.3.1 20250523 (Red Hat 14.3.1-1) openSUSE Leap 15.6 Kernel: 5.15 Compiler: gcc gcc (SUSE Linux) 7.5.0 To view detailed results, visit: https://lab.dpdk.org/results/dashboard/patchsets/33570/ UNH-IOL DPDK Community Lab To manage your email subscriptions, visit: https://lab.dpdk.org/results/dashboard/preferences/subscriptions/