From mboxrd@z Thu Jan 1 00:00:00 1970 Return-Path: Received: from mails.dpdk.org (mails.dpdk.org [217.70.189.124]) by inbox.dpdk.org (Postfix) with ESMTP id 2373A46AE8 for ; Fri, 4 Jul 2025 20:29:06 +0200 (CEST) Received: from mails.dpdk.org (localhost [127.0.0.1]) by mails.dpdk.org (Postfix) with ESMTP id 030814028E; Fri, 4 Jul 2025 20:29:06 +0200 (CEST) Received: from mail-io1-f100.google.com (mail-io1-f100.google.com [209.85.166.100]) by mails.dpdk.org (Postfix) with ESMTP id 561284028E for ; Fri, 4 Jul 2025 20:29:04 +0200 (CEST) Received: by mail-io1-f100.google.com with SMTP id ca18e2360f4ac-875acfc133dso35337739f.1 for ; Fri, 04 Jul 2025 11:29:04 -0700 (PDT) DKIM-Signature: v=1; a=rsa-sha256; c=relaxed/relaxed; d=iol.unh.edu; s=unh-iol; t=1751653743; x=1752258543; darn=dpdk.org; h=references:in-reply-to:cc:to:from:subject:message-id:date:from:to :cc:subject:date:message-id:reply-to; bh=BgLAQGxpBx3FUq4Ka1B2DKoncfhs7JDmSuMN6+A0F6I=; b=V2fURjFP2wRKSznXRQCRB6E8tyApotZhdJOgf3+NDKvaTFOzr+QI1a7fq/biE7CUyh 5mIShfWQ/7po9Xld0ezlBav7GyYfBKQ59zyg6vGIMQRjTl+XZ84U6Gd0ZhebYd2ugznS CXMaeXCRNO8DmAsjPXlE7UaCKCDDuDRNyHISc= X-Google-DKIM-Signature: v=1; a=rsa-sha256; c=relaxed/relaxed; d=1e100.net; s=20230601; t=1751653743; x=1752258543; h=references:in-reply-to:cc:to:from:subject:message-id:date :x-gm-message-state:from:to:cc:subject:date:message-id:reply-to; bh=BgLAQGxpBx3FUq4Ka1B2DKoncfhs7JDmSuMN6+A0F6I=; b=gtMRyoUnydyHCMx8wc4HbXio1H5719G7YBNlckcbVAyC8xhvAif77qts+sTxzxe8Bt hjkRKu0aoJS9PYohw9d6jVMy18BKMcYhYMWMqyAzFW+ObEC4J6k7iCNBSNuNy39oU75a z3urR9Ssh5F0VpBfWLqIjoSOSVfgu19oges635Y97wIr9hO5JyuLz62lj77MNeOEijhf jw/aKZJzVPmFnox3BHliF3bKHyGzoHBUwBTXheY4jLlq2/vZaCqjW1B/8T0BiAGTuKNu kDh7jRAicITDu8kFimiLvnkdrFKUXSQ/eREcklvgmdx/P6S/6Z0zWxhnhHbPT4SFgvoq skjA== X-Gm-Message-State: AOJu0YyQXmltlv6tq7syhl0yj314kvXazMO8qwI4wEPLwI4PLtoA1Owh slgK2z/NJQ3SpqLAeHzxgSz8uH/XbHJsN3SDGR9uFmEDJjhsuheocHW3TF2z1Z8Sipz7tazdLZ8 NcTfXRFTjFBPWblCqdew5o46GMI/p1izF5Cswq+cn+NlPhH9YzPU6p+uKbPFu X-Gm-Gg: ASbGncvBzzvhBYVSc7J1cbHjO9GAo+KpRDcMjspXUdHVa0x4cjfSyvI4RCqR2KrJsVQ jxdfXDhDC51aAsiexkn1+5TX/4oPs2aMgV1lsEBKn1WyzH9nGEWw2+Z6qQRRqVdWt0+zPDn3zHV Ify1MvXWjv0RLUshtjxU1IoYAkyOgofwFHAdmlxw0C9unKmkC/g9Hwje10j0QHtgbI/tU6kvbAu OxVUYHdHQi/GF4bEH+3mIq6gFdnHU2PMZfdrKPRQoWBy2CsnQKfVSwUAhw7goMUeejrPrl2GthO m6ub/gO1CHMgj2RUCaZTVAEAnG1HBBG7/fnwxR5GeNjYMzE= X-Google-Smtp-Source: AGHT+IHAbPmv0AmlpTvD79YPu1v6DUHUXOkzWxyPBFoqyVKlzrsonL4Bgk2I29EZuGPCmsU+SNdDKeLsqO8R X-Received: by 2002:a05:6e02:3702:b0:3df:3926:88b7 with SMTP id e9e14a558f8ab-3e13545d95dmr31551225ab.5.1751653743588; Fri, 04 Jul 2025 11:29:03 -0700 (PDT) Received: from postal.iol.unh.edu (postal.iol.unh.edu. [2606:4100:3880:1234::84]) by smtp-relay.gmail.com with ESMTPS id e9e14a558f8ab-3e0f9c2b0desm1616935ab.38.2025.07.04.11.29.03 (version=TLS1_2 cipher=ECDHE-ECDSA-AES128-GCM-SHA256 bits=128/128); Fri, 04 Jul 2025 11:29:03 -0700 (PDT) X-Relaying-Domain: iol.unh.edu Date: Fri, 04 Jul 2025 11:29:03 -0700 (PDT) Message-ID: <68681d6f.920a0220.21ce7a.8611SMTPIN_ADDED_MISSING@mx.google.com> Received: from [172.21.0.6] (unknown [172.18.0.240]) by postal.iol.unh.edu (Postfix) with ESMTP id 38C1B6051830; Fri, 4 Jul 2025 14:29:03 -0400 (EDT) Subject: |FAILURE| pw154969 [PATCH] [v2] build/x86: fix support for older com From: dpdklab@iol.unh.edu To: Test Report Cc: dpdk-test-reports@iol.unh.edu, Bruce Richardson In-Reply-To: <20250702160138.3441279-1-bruce.richardson@intel.com> References: <20250702160138.3441279-1-bruce.richardson@intel.com> Content-Type: text/plain X-BeenThere: test-report@dpdk.org X-Mailman-Version: 2.1.29 Precedence: list List-Id: automatic DPDK test reports List-Unsubscribe: , List-Archive: List-Post: List-Help: List-Subscribe: , Errors-To: test-report-bounces@dpdk.org Test-Label: iol-compile-amd64-testing Test-Status: FAILURE http://dpdk.org/patch/154969 _Testing issues_ Submitter: Bruce Richardson Date: Wednesday, July 02 2025 16:00:45 DPDK git baseline: Repo:dpdk Branch: master CommitID:70c2297528e7c7789af452f78de1932e9a20c8a2 154969 --> testing issues Upstream job id: Windows-Compile-DPDK-Native#29568 Test environment and result as below: +------------------------------+--------------------+-------------------+------------------+-------------------------+-------------------+ | Environment | dpdk_meson_compile | dpdk_compile_spdk | dpdk_compile_ovs | dpdk_llvm_clang_compile | dpdk_msvc_compile | +==============================+====================+===================+==================+=========================+===================+ | CentOS Stream 9 | FAIL | WARN | SKIPPED | SKIPPED | SKIPPED | +------------------------------+--------------------+-------------------+------------------+-------------------------+-------------------+ | Fedora Linux 40 | FAIL | WARN | SKIPPED | SKIPPED | SKIPPED | +------------------------------+--------------------+-------------------+------------------+-------------------------+-------------------+ | CentOS Stream 10 | FAIL | SKIPPED | SKIPPED | SKIPPED | SKIPPED | +------------------------------+--------------------+-------------------+------------------+-------------------------+-------------------+ | Fedora Linux 41 | FAIL | WARN | WARN | SKIPPED | SKIPPED | +------------------------------+--------------------+-------------------+------------------+-------------------------+-------------------+ | openSUSE Leap 15.6 | FAIL | SKIPPED | SKIPPED | SKIPPED | SKIPPED | +------------------------------+--------------------+-------------------+------------------+-------------------------+-------------------+ | Red Hat Enterprise Linux 9.5 | FAIL | SKIPPED | SKIPPED | SKIPPED | SKIPPED | +------------------------------+--------------------+-------------------+------------------+-------------------------+-------------------+ | Ubuntu 20.04 | FAIL | SKIPPED | SKIPPED | SKIPPED | SKIPPED | +------------------------------+--------------------+-------------------+------------------+-------------------------+-------------------+ | Ubuntu 24.04 | FAIL | WARN | WARN | SKIPPED | SKIPPED | +------------------------------+--------------------+-------------------+------------------+-------------------------+-------------------+ | Alpine Linux 3.22.0 | FAIL | SKIPPED | SKIPPED | SKIPPED | SKIPPED | +------------------------------+--------------------+-------------------+------------------+-------------------------+-------------------+ | Windows Server 2022 | SKIPPED | SKIPPED | SKIPPED | PASS | PEND | +------------------------------+--------------------+-------------------+------------------+-------------------------+-------------------+ ==== 20 line log output for Alpine Linux 3.22.0 (dpdk_meson_compile): ==== Compiler for C supports arguments -Wsign-compare: YES Compiler for C supports arguments -Wstrict-prototypes: YES Compiler for C supports arguments -Wundef: YES Compiler for C supports arguments -Wwrite-strings: YES Compiler for C supports arguments -Wno-packed-not-aligned: YES Compiler for C supports arguments -Wno-missing-field-initializers: YES Compiler for C supports arguments -fzero-init-padding-bits=all: NO Fetching value of define "__AVX2__" : 1 Fetching value of define "__znver1__" : Fetching value of define "__znver2__" : Fetching value of define "__znver3__" : Fetching value of define "__znver4__" : Fetching value of define "__znver5__" : Program objdump found: YES (/usr/bin/objdump) Compiler for C supports arguments -march=x86-64-v4: YES Fetching value of define "__AVX512F__" : 1 config/x86/meson.build:81:6: ERROR: List item must be one of , not A full log can be found at /root/workspace/Generic-DPDK-Compile-Meson@2/dpdk/build/meson-logs/meson-log.txt ==== End log output ==== CentOS Stream 9 Kernel: 5.15 Compiler: gcc gcc (GCC) 11.5.0 20240719 (Red Hat 11.5.0-7) Fedora Linux 40 Kernel: 5.15 Compiler: clang gcc (GCC) 14.2.1 20240912 (Red Hat 14.2.1-3) CentOS Stream 10 Kernel: 5.15 Compiler: gcc gcc (GCC) 14.2.1 20250110 (Red Hat 14.2.1-8) Fedora Linux 41 Kernel: 5.15 Compiler: clang gcc (GCC) 14.3.1 20250523 (Red Hat 14.3.1-1) openSUSE Leap 15.6 Kernel: 5.15 Compiler: gcc gcc (SUSE Linux) 7.5.0 Red Hat Enterprise Linux 9.5 Kernel: 5.15 Compiler: gcc gcc (GCC) 11.5.0 20240719 (Red Hat 11.5.0-2) Ubuntu 20.04 Kernel: 5.15 Compiler: gcc gcc (Ubuntu 9.4.0-1ubuntu1~20.04.2) 9.4.0 Ubuntu 24.04 Kernel: 5.15 Compiler: gcc gcc (Ubuntu 13.3.0-6ubuntu2~24.04) 13.3.0 Alpine Linux 3.22.0 Kernel: 5.15 Compiler: gcc gcc (Alpine 14.2.0) 14.2.0 Windows Server 2022 Kernel: 10.0.20348.2031 Compiler: clang 15.0.7, gcc 14.1.0 (MinGW), and MSVC VS 19.39.33521 To view detailed results, visit: https://lab.dpdk.org/results/dashboard/patchsets/33570/ UNH-IOL DPDK Community Lab To manage your email subscriptions, visit: https://lab.dpdk.org/results/dashboard/preferences/subscriptions/