automatic DPDK test reports
 help / color / mirror / Atom feed
From: dpdklab@iol.unh.edu
To: Test Report <test-report@dpdk.org>
Cc: dpdk-test-reports@iol.unh.edu,
	Bruce Richardson <bruce.richardson@intel.com>
Subject: |FAILURE| pw154969 [PATCH] [v2] build/x86: fix support for older com
Date: Fri, 04 Jul 2025 11:50:47 -0700 (PDT)	[thread overview]
Message-ID: <68682287.920a0220.28c6e8.8eeeSMTPIN_ADDED_MISSING@mx.google.com> (raw)
In-Reply-To: <20250702160138.3441279-1-bruce.richardson@intel.com>

Test-Label: iol-sample-apps-testing
Test-Status: FAILURE
http://dpdk.org/patch/154969

_Testing issues_

Submitter: Bruce Richardson <bruce.richardson@intel.com>
Date: Wednesday, July 02 2025 16:00:45 
DPDK git baseline: Repo:dpdk
  Branch: master
  CommitID:70c2297528e7c7789af452f78de1932e9a20c8a2

154969 --> testing issues

Upstream job id: Template-DTS-Pipeline#235047

Test environment and result as below:

+--------------+----------------------+----------------------+
| Environment  | compressdev_zlib_pmd | dpdk_fips_validation |
+==============+======================+======================+
| Ubuntu 22.04 | FAIL                 | SKIPPED              |
+--------------+----------------------+----------------------+
| Ubuntu 20.04 | SKIPPED              | WARN                 |
+--------------+----------------------+----------------------+

==== 20 line log output for Ubuntu 20.04 (dpdk_fips_validation): ====
Compiler for C supports arguments -Wsign-compare: YES
Compiler for C supports arguments -Wstrict-prototypes: YES
Compiler for C supports arguments -Wundef: YES
Compiler for C supports arguments -Wwrite-strings: YES
Compiler for C supports arguments -Wno-packed-not-aligned: YES
Compiler for C supports arguments -Wno-missing-field-initializers: YES
Compiler for C supports arguments -fzero-init-padding-bits=all: NO
Fetching value of define "__AVX2__" : 1
Fetching value of define "__znver1__" :
Fetching value of define "__znver2__" :
Fetching value of define "__znver3__" :
Fetching value of define "__znver4__" :
Fetching value of define "__znver5__" :
Program objdump found: YES (/usr/bin/objdump)
Compiler for C supports arguments -march=x86-64-v4: NO
Fetching value of define "__AVX512F__" : 1

config/x86/meson.build:81:6: ERROR: List item must be one of <class 'str'>, not <class 'list'>

A full log can be found at /root/workspace/ACVP-FIPS-testing/dpdk/build/meson-logs/meson-log.txt
==== End log output ====

Ubuntu 22.04
	Kernel: 5.15
	Compiler: gcc gcc (Ubuntu 11.4.0-1ubuntu1~22.04) 11.4.0

Ubuntu 20.04
	Kernel: 5.15
	Compiler: gcc gcc (Ubuntu 9.4.0-1ubuntu1~20.04.2) 9.4.0

To view detailed results, visit:
https://lab.dpdk.org/results/dashboard/patchsets/33570/

UNH-IOL DPDK Community Lab

To manage your email subscriptions, visit: 
https://lab.dpdk.org/results/dashboard/preferences/subscriptions/

  parent reply	other threads:[~2025-07-04 18:50 UTC|newest]

Thread overview: 40+ messages / expand[flat|nested]  mbox.gz  Atom feed  top
     [not found] <20250702160138.3441279-1-bruce.richardson@intel.com>
2025-07-02 15:27 ` |SUCCESS| pw154969 [PATCH v2] build/x86: fix support for older compilers qemudev
2025-07-02 15:31 ` qemudev
2025-07-02 16:00 ` |WARNING| " checkpatch
2025-07-02 17:05 ` |FAILURE| " 0-day Robot
2025-07-02 17:50 ` |SUCCESS| pw154969 [PATCH] [v2] build/x86: fix support for older com dpdklab
2025-07-02 18:03 ` dpdklab
2025-07-02 19:03 ` |FAILURE| " dpdklab
2025-07-02 19:04 ` dpdklab
2025-07-02 19:41 ` |PENDING| " dpdklab
2025-07-02 19:47 ` |SUCCESS| " dpdklab
2025-07-02 20:06 ` dpdklab
2025-07-02 20:16 ` |FAILURE| " dpdklab
2025-07-02 21:13 ` |WARNING| " dpdklab
2025-07-02 21:13 ` dpdklab
2025-07-02 21:13 ` dpdklab
2025-07-02 21:30 ` |SUCCESS| " dpdklab
2025-07-02 21:32 ` |FAILURE| " dpdklab
2025-07-03  0:25 ` dpdklab
2025-07-04 18:10 ` dpdklab
2025-07-04 18:15 ` |WARNING| " dpdklab
2025-07-04 18:15 ` dpdklab
2025-07-04 18:15 ` |FAILURE| " dpdklab
2025-07-04 18:15 ` |WARNING| " dpdklab
2025-07-04 18:16 ` |SUCCESS| " dpdklab
2025-07-04 18:21 ` |FAILURE| " dpdklab
2025-07-04 18:29 ` dpdklab
2025-07-04 18:30 ` |SUCCESS| " dpdklab
2025-07-04 18:31 ` |FAILURE| " dpdklab
2025-07-04 18:37 ` dpdklab
2025-07-04 18:37 ` dpdklab
2025-07-04 18:38 ` dpdklab
2025-07-04 18:41 ` |PENDING| " dpdklab
2025-07-04 18:50 ` dpdklab [this message]
2025-07-04 18:58 ` |WARNING| " dpdklab
2025-07-04 18:58 ` |SUCCESS| " dpdklab
2025-07-04 18:59 ` |FAILURE| " dpdklab
2025-07-04 19:16 ` dpdklab
2025-07-04 19:43 ` |SUCCESS| " dpdklab
2025-07-04 22:13 ` dpdklab
2025-07-04 22:13 ` dpdklab

Reply instructions:

You may reply publicly to this message via plain-text email
using any one of the following methods:

* Save the following mbox file, import it into your mail client,
  and reply-to-all from there: mbox

  Avoid top-posting and favor interleaved quoting:
  https://en.wikipedia.org/wiki/Posting_style#Interleaved_style

* Reply using the --to, --cc, and --in-reply-to
  switches of git-send-email(1):

  git send-email \
    --in-reply-to=68682287.920a0220.28c6e8.8eeeSMTPIN_ADDED_MISSING@mx.google.com \
    --to=dpdklab@iol.unh.edu \
    --cc=bruce.richardson@intel.com \
    --cc=dpdk-test-reports@iol.unh.edu \
    --cc=test-report@dpdk.org \
    /path/to/YOUR_REPLY

  https://kernel.org/pub/software/scm/git/docs/git-send-email.html

* If your mail client supports setting the In-Reply-To header
  via mailto: links, try the mailto: link
Be sure your reply has a Subject: header at the top and a blank line before the message body.
This is a public inbox, see mirroring instructions
for how to clone and mirror all data and code used for this inbox;
as well as URLs for NNTP newsgroup(s).