From mboxrd@z Thu Jan 1 00:00:00 1970 Return-Path: Received: from mails.dpdk.org (mails.dpdk.org [217.70.189.124]) by inbox.dpdk.org (Postfix) with ESMTP id F048846AE8 for ; Fri, 4 Jul 2025 20:59:34 +0200 (CEST) Received: from mails.dpdk.org (localhost [127.0.0.1]) by mails.dpdk.org (Postfix) with ESMTP id EA8854028E; Fri, 4 Jul 2025 20:59:34 +0200 (CEST) Received: from mail-pl1-f225.google.com (mail-pl1-f225.google.com [209.85.214.225]) by mails.dpdk.org (Postfix) with ESMTP id B70244028E for ; Fri, 4 Jul 2025 20:59:33 +0200 (CEST) Received: by mail-pl1-f225.google.com with SMTP id d9443c01a7336-234b440afa7so12513235ad.0 for ; Fri, 04 Jul 2025 11:59:33 -0700 (PDT) DKIM-Signature: v=1; a=rsa-sha256; c=relaxed/relaxed; d=iol.unh.edu; s=unh-iol; t=1751655573; x=1752260373; darn=dpdk.org; h=references:in-reply-to:cc:to:from:subject:message-id:date:from:to :cc:subject:date:message-id:reply-to; bh=Hs4Mx30d0pF+WZbGbRWHkkSdaOV03FL808yyCj1WCBQ=; b=FMlJaqmHDiYGWyDYEodh5qRfxGgxBuy4zSRMoyTvOABW3n1QMYFSdLIhApD6KGq5qc pUyKjk/La7ZG+Rhy050Cu9PXWukpkpiAa80IqHbDusNH1mzE2ecfq6JIDnEf2clVuZja fQATiB+Kd4rLw0d8v/ZlGFbIA6TmLM0jvY5Rc= X-Google-DKIM-Signature: v=1; a=rsa-sha256; c=relaxed/relaxed; d=1e100.net; s=20230601; t=1751655573; x=1752260373; h=references:in-reply-to:cc:to:from:subject:message-id:date :x-gm-message-state:from:to:cc:subject:date:message-id:reply-to; bh=Hs4Mx30d0pF+WZbGbRWHkkSdaOV03FL808yyCj1WCBQ=; b=m9e254FjhT/1s8u9owM9gzBrjewfYAALGSVUIZ288lKGpkySFRlU6SWqBZHW11FmJE rg4DAh3zrXT/B/5j5V1G0Y7pYVT5PUdF4NPV0zdntuc+gHf4RLqBYzEZgtoZN9rfIYjY l5BKaempd7cHm1pNbTuI3iH3B96ZdyuW5hunWY8Nma8E9qTyTlVa5PXQ4Yevx9mJUroo LWa9xKxbTFbV08eA3c7ruI/ib/qAOkAyPqfswVW3gCsdDrHsCM2xoxhNGoTWRSNAB/4a XxiYvShAY1ijzXIiMW/7Gl3p2UrBrMO2YAu3+uT8I9Mp9PzCsG9fCosHfXFJRkCRw8Sa lg/A== X-Gm-Message-State: AOJu0YzKQr7BQ7KuofUEs3j1ZoZW9znmXHk0h73MKeIe7eUHyEirg+4v vBa618M2XqL0aWQ45HSDOML+ugbEsUUvVYO1WtpF70jnoAvY3kQOKYrPTXXq57dzFnXPZmZEnNN oYDmlbzER0y5CwwpvONRbLmbT37M8NxS1f/p6xYzQoggOkOP87ysTzS4ensVZ X-Gm-Gg: ASbGncvId1tZmDDbZfO16VPtkD/MyzBc7issMGTU7GJlWjA+x3GzcJ1ivF7wdgk0Ia8 zS7NtrTqzlys9pkopxQuWRWtnfdzPPEbRF207aZh5y0ITHRO5F7rcghIcMU0zUs76nj4r3gGh2d twcxhJ8HC2pcin4ThxFU4wv9PQKFrTWY8XEX+X92slW5I+Kk5WuZ/0IZoBSJMAT9A3FAhGXItwt pvBMHNPdFQiJz66W0Oyb7NErTiHnt/G/iLYBVQicfKV3pjofsAwncscq+1+FZOJg0MyTsUrMZzW Biw0hZbT0KXrojORnAWe/jjFdjyNwyU4EBVjiSYSy8JHVeA= X-Google-Smtp-Source: AGHT+IGAnaOrT+viDrrKGREvCxMhjMS+3zqLVIklHiJ7yJkVkiidruKWuZVMH7g+TuE7QOuJZ05HyF9ljgEL X-Received: by 2002:a17:903:88d:b0:23c:8626:16e2 with SMTP id d9443c01a7336-23c86261803mr41638965ad.10.1751655572840; Fri, 04 Jul 2025 11:59:32 -0700 (PDT) Received: from postal.iol.unh.edu (postal.iol.unh.edu. [2606:4100:3880:1234::84]) by smtp-relay.gmail.com with ESMTPS id d9443c01a7336-23c842d0483sm1186465ad.38.2025.07.04.11.59.32 (version=TLS1_2 cipher=ECDHE-ECDSA-AES128-GCM-SHA256 bits=128/128); Fri, 04 Jul 2025 11:59:32 -0700 (PDT) X-Relaying-Domain: iol.unh.edu Date: Fri, 04 Jul 2025 11:59:32 -0700 (PDT) Message-ID: <68682494.170a0220.24f66b.66afSMTPIN_ADDED_MISSING@mx.google.com> Received: from [172.21.0.9] (unknown [172.18.0.240]) by postal.iol.unh.edu (Postfix) with ESMTP id 048656051830; Fri, 4 Jul 2025 14:59:32 -0400 (EDT) Subject: |FAILURE| pw154969 [PATCH] [v2] build/x86: fix support for older com From: dpdklab@iol.unh.edu To: Test Report Cc: dpdk-test-reports@iol.unh.edu, Bruce Richardson In-Reply-To: <20250702160138.3441279-1-bruce.richardson@intel.com> References: <20250702160138.3441279-1-bruce.richardson@intel.com> Content-Type: text/plain X-BeenThere: test-report@dpdk.org X-Mailman-Version: 2.1.29 Precedence: list List-Id: automatic DPDK test reports List-Unsubscribe: , List-Archive: List-Post: List-Help: List-Subscribe: , Errors-To: test-report-bounces@dpdk.org Test-Label: iol-compile-amd64-testing Test-Status: FAILURE http://dpdk.org/patch/154969 _Testing issues_ Submitter: Bruce Richardson Date: Wednesday, July 02 2025 16:00:45 DPDK git baseline: Repo:dpdk Branch: master CommitID:70c2297528e7c7789af452f78de1932e9a20c8a2 154969 --> testing issues Upstream job id: Windows-Compile-DPDK-Native#29569 Test environment and result as below: +-------------------------------+--------------------+-------------------+------------------+-------------------------+-------------------+----------------------+ | Environment | dpdk_meson_compile | dpdk_compile_spdk | dpdk_compile_ovs | dpdk_llvm_clang_compile | dpdk_msvc_compile | dpdk_mingw64_compile | +===============================+====================+===================+==================+=========================+===================+======================+ | CentOS Stream 9 | FAIL | WARN | SKIPPED | SKIPPED | SKIPPED | SKIPPED | +-------------------------------+--------------------+-------------------+------------------+-------------------------+-------------------+----------------------+ | Fedora Linux 40 | FAIL | WARN | SKIPPED | SKIPPED | SKIPPED | SKIPPED | +-------------------------------+--------------------+-------------------+------------------+-------------------------+-------------------+----------------------+ | CentOS Stream 10 | FAIL | SKIPPED | SKIPPED | SKIPPED | SKIPPED | SKIPPED | +-------------------------------+--------------------+-------------------+------------------+-------------------------+-------------------+----------------------+ | Fedora Linux 41 | FAIL | WARN | WARN | SKIPPED | SKIPPED | SKIPPED | +-------------------------------+--------------------+-------------------+------------------+-------------------------+-------------------+----------------------+ | openSUSE Leap 15.6 | FAIL | SKIPPED | SKIPPED | SKIPPED | SKIPPED | SKIPPED | +-------------------------------+--------------------+-------------------+------------------+-------------------------+-------------------+----------------------+ | Red Hat Enterprise Linux 9.5 | FAIL | SKIPPED | SKIPPED | SKIPPED | SKIPPED | SKIPPED | +-------------------------------+--------------------+-------------------+------------------+-------------------------+-------------------+----------------------+ | Ubuntu 20.04 | FAIL | SKIPPED | SKIPPED | SKIPPED | SKIPPED | SKIPPED | +-------------------------------+--------------------+-------------------+------------------+-------------------------+-------------------+----------------------+ | Ubuntu 24.04 | FAIL | WARN | WARN | SKIPPED | SKIPPED | SKIPPED | +-------------------------------+--------------------+-------------------+------------------+-------------------------+-------------------+----------------------+ | Alpine Linux 3.22.0 | FAIL | SKIPPED | SKIPPED | SKIPPED | SKIPPED | SKIPPED | +-------------------------------+--------------------+-------------------+------------------+-------------------------+-------------------+----------------------+ | Red Hat Enterprise Linux 8.10 | FAIL | SKIPPED | SKIPPED | SKIPPED | SKIPPED | SKIPPED | +-------------------------------+--------------------+-------------------+------------------+-------------------------+-------------------+----------------------+ | Debian GNU/Linux 12 | FAIL | WARN | SKIPPED | SKIPPED | SKIPPED | SKIPPED | +-------------------------------+--------------------+-------------------+------------------+-------------------------+-------------------+----------------------+ | Ubuntu 22.04 | FAIL | WARN | SKIPPED | SKIPPED | SKIPPED | SKIPPED | +-------------------------------+--------------------+-------------------+------------------+-------------------------+-------------------+----------------------+ | Windows Server 2022 | SKIPPED | SKIPPED | SKIPPED | PASS | PASS | PASS | +-------------------------------+--------------------+-------------------+------------------+-------------------------+-------------------+----------------------+ ==== 20 line log output for Ubuntu 22.04 (dpdk_compile_spdk): ==== --- Failed to get log output --- ==== End log output ==== CentOS Stream 9 Kernel: 5.15 Compiler: gcc gcc (GCC) 11.5.0 20240719 (Red Hat 11.5.0-7) Fedora Linux 40 Kernel: 5.15 Compiler: clang gcc (GCC) 14.2.1 20240912 (Red Hat 14.2.1-3) CentOS Stream 10 Kernel: 5.15 Compiler: gcc gcc (GCC) 14.2.1 20250110 (Red Hat 14.2.1-8) Fedora Linux 41 Kernel: 5.15 Compiler: clang gcc (GCC) 14.3.1 20250523 (Red Hat 14.3.1-1) openSUSE Leap 15.6 Kernel: 5.15 Compiler: gcc gcc (SUSE Linux) 7.5.0 Red Hat Enterprise Linux 9.5 Kernel: 5.15 Compiler: gcc gcc (GCC) 11.5.0 20240719 (Red Hat 11.5.0-2) Ubuntu 20.04 Kernel: 5.15 Compiler: gcc gcc (Ubuntu 9.4.0-1ubuntu1~20.04.2) 9.4.0 Ubuntu 24.04 Kernel: 5.15 Compiler: gcc gcc (Ubuntu 13.3.0-6ubuntu2~24.04) 13.3.0 Alpine Linux 3.22.0 Kernel: 5.15 Compiler: gcc gcc (Alpine 14.2.0) 14.2.0 Red Hat Enterprise Linux 8.10 Kernel: 5.15 Compiler: gcc gcc (GCC) 8.5.0 20210514 (Red Hat 8.5.0-22) Debian GNU/Linux 12 Kernel: 5.15 Compiler: gcc gcc (Debian 12.2.0-14+deb12u1) 12.2.0 Ubuntu 22.04 Kernel: 5.15 Compiler: gcc gcc (Ubuntu 11.4.0-1ubuntu1~22.04) 11.4.0 Windows Server 2022 Kernel: 10.0.20348.2031 Compiler: clang 15.0.7, gcc 14.1.0 (MinGW), and MSVC VS 19.39.33521 To view detailed results, visit: https://lab.dpdk.org/results/dashboard/patchsets/33570/ UNH-IOL DPDK Community Lab To manage your email subscriptions, visit: https://lab.dpdk.org/results/dashboard/preferences/subscriptions/