From mboxrd@z Thu Jan 1 00:00:00 1970 Return-Path: Received: from mails.dpdk.org (mails.dpdk.org [217.70.189.124]) by inbox.dpdk.org (Postfix) with ESMTP id A488846AE8 for ; Fri, 4 Jul 2025 21:16:05 +0200 (CEST) Received: from mails.dpdk.org (localhost [127.0.0.1]) by mails.dpdk.org (Postfix) with ESMTP id 85F8C4028B; Fri, 4 Jul 2025 21:16:05 +0200 (CEST) Received: from mail-pf1-f227.google.com (mail-pf1-f227.google.com [209.85.210.227]) by mails.dpdk.org (Postfix) with ESMTP id 764B94028B for ; Fri, 4 Jul 2025 21:16:04 +0200 (CEST) Received: by mail-pf1-f227.google.com with SMTP id d2e1a72fcca58-748d982e97cso1215219b3a.1 for ; Fri, 04 Jul 2025 12:16:04 -0700 (PDT) DKIM-Signature: v=1; a=rsa-sha256; c=relaxed/relaxed; d=iol.unh.edu; s=unh-iol; t=1751656563; x=1752261363; darn=dpdk.org; h=references:in-reply-to:cc:to:from:subject:message-id:date:from:to :cc:subject:date:message-id:reply-to; bh=aKg8EbWmiI/0NCgu9Iuw7zW2JVfsXNbbmPu1pHpDZLs=; b=emPqRCDnDs47EFTQxCK6K3yeMQyXMmYH1gSyB82PJXIl/LvZqHwChw6bSectRaYYml vWfESZXtZsMUhtN3oOCYwJmaUa65vDI2RbHhXFZ8Lb23P0LlxznHC3PcN35dtkR2Mru9 IAWQXnXPnagKwzobGiAosvN8C6ygNQRKlcd08= X-Google-DKIM-Signature: v=1; a=rsa-sha256; c=relaxed/relaxed; d=1e100.net; s=20230601; t=1751656563; x=1752261363; h=references:in-reply-to:cc:to:from:subject:message-id:date :x-gm-message-state:from:to:cc:subject:date:message-id:reply-to; bh=aKg8EbWmiI/0NCgu9Iuw7zW2JVfsXNbbmPu1pHpDZLs=; b=Hlo1w8tl2Jmq/H2SpPFqZ9jqJAq2faIZXBwNEyCBuiVWwxmC1QIzdMUHMDVzqkV6cd 2r2QaaV6SlN/i90t/4XDZlpj6BRZ322m2pAtD5R1n1hkUhb4rbpTk+9Enq7p3EUcg7eB DEkfecFQq61sif+1cT1BguEy9TeZ6imVrnXSnafAVni1X960+4SPo3M/sxskwV/SaBHW LE7dnK8MINHQTjx5VKuGN8jGCO6ZqPZYhen8lTEYJPznoRQ3CTRRXH9WRR7sC4oDRFF6 6SuYNDD2+Ow/mQ6CFDwGfRqVcRI/MCD18SULtkjuCj7vsXuWWfa2AxSC08qmdOm1HrvS oo5g== X-Gm-Message-State: AOJu0Yx+AasJ7eisx1rSVT+BX2f6y9SceaceLQb9pTX97c2qGpmdpyv8 1IX30QQEpErLj1no8JwfQqBiTgaKtU8iOUqku+FNSWCWSSoTRRnvitfnhnTSDEif7C+LvAYgtJ8 sH0XZ66NR1Kj4nvAGqB58nPVh0pmJx0XGWBzll50mZFHbImYWPJUiucYcRhXk X-Gm-Gg: ASbGncvA1lopLmVkQrLgt4+4pBV/Y9QKjPwU8wJHE9sGLX6ub+faDS4ll6vua0SFj5f 9MscglkMeDM0F35WZbgn1sDtTt8pskUGNc03tQyF33ju8sswQeO1xLh1kD0DG8OSFYbgIqRiF72 aG+N+xnutjN0sMSTbobOP388G/BjJHyqYywaOX2EmnDgt8Gx+dsR3dlimqpivmYu9aTfjVpc80/ jRWNwrwI/ZJx+XxOVafPTxA96LcGuUVkQE98RTD1BwxCJef6fD5PXlrwJ9zt7+l5uKHSPLY4K44 QpZwVRnrjXk8AUpBHaIPtlOYi+X3PYgc1pS9rNnFERCITSM= X-Google-Smtp-Source: AGHT+IGiZj+VoVcBidhfpX1fITyGI7U0v+o162we4/niLHJm6GRnbnygvjJ9hbsZJB3fMS2QeynzBy6rU9PO X-Received: by 2002:a05:6a00:3d01:b0:748:eedb:902a with SMTP id d2e1a72fcca58-74ce6688e28mr5342516b3a.17.1751656563525; Fri, 04 Jul 2025 12:16:03 -0700 (PDT) Received: from postal.iol.unh.edu (postal.iol.unh.edu. [2606:4100:3880:1234::84]) by smtp-relay.gmail.com with ESMTPS id d2e1a72fcca58-74ce3cfa60bsm144454b3a.16.2025.07.04.12.16.03 (version=TLS1_2 cipher=ECDHE-ECDSA-AES128-GCM-SHA256 bits=128/128); Fri, 04 Jul 2025 12:16:03 -0700 (PDT) X-Relaying-Domain: iol.unh.edu Date: Fri, 04 Jul 2025 12:16:03 -0700 (PDT) Message-ID: <68682873.050a0220.2b829f.786fSMTPIN_ADDED_MISSING@mx.google.com> Received: from [172.21.0.6] (unknown [172.18.0.240]) by postal.iol.unh.edu (Postfix) with ESMTP id AE1376051830; Fri, 4 Jul 2025 15:16:02 -0400 (EDT) Subject: |FAILURE| pw154969 [PATCH] [v2] build/x86: fix support for older com From: dpdklab@iol.unh.edu To: Test Report Cc: dpdk-test-reports@iol.unh.edu, Bruce Richardson In-Reply-To: <20250702160138.3441279-1-bruce.richardson@intel.com> References: <20250702160138.3441279-1-bruce.richardson@intel.com> Content-Type: text/plain X-BeenThere: test-report@dpdk.org X-Mailman-Version: 2.1.29 Precedence: list List-Id: automatic DPDK test reports List-Unsubscribe: , List-Archive: List-Post: List-Help: List-Subscribe: , Errors-To: test-report-bounces@dpdk.org Test-Label: iol-unit-amd64-testing Test-Status: FAILURE http://dpdk.org/patch/154969 _Testing issues_ Submitter: Bruce Richardson Date: Wednesday, July 02 2025 16:00:45 DPDK git baseline: Repo:dpdk Branch: master CommitID:70c2297528e7c7789af452f78de1932e9a20c8a2 154969 --> testing issues Upstream job id: Generic-VM-Unit-Test-DPDK#29719 Test environment and result as below: +-------------------------------+----------------+ | Environment | dpdk_unit_test | +===============================+================+ | Fedora Linux 40 | WARN | +-------------------------------+----------------+ | CentOS Stream 10 | WARN | +-------------------------------+----------------+ | Debian GNU/Linux 12 | WARN | +-------------------------------+----------------+ | Fedora Linux 41 | WARN | +-------------------------------+----------------+ | CentOS Stream 9 | WARN | +-------------------------------+----------------+ | Red Hat Enterprise Linux 9.5 | WARN | +-------------------------------+----------------+ | Red Hat Enterprise Linux 8.10 | WARN | +-------------------------------+----------------+ | Ubuntu 24.04 | WARN | +-------------------------------+----------------+ | Ubuntu 22.04 | WARN | +-------------------------------+----------------+ | Ubuntu 20.04 | FAIL | +-------------------------------+----------------+ | Windows Server 2022 | PASS | +-------------------------------+----------------+ ==== Unit test summary for Ubuntu 20.04 (dpdk_unit_test): ==== Failed to get the unit test results. Displaying the unit test results is not supported for some environments, such as our aarch32 testing, where meson is not used to run the tests. Download the logs available on our CI site. ==== End log output ==== Fedora Linux 40 Kernel: 5.15 Compiler: clang gcc (GCC) 14.2.1 20240912 (Red Hat 14.2.1-3) CentOS Stream 10 Kernel: 5.15 Compiler: gcc gcc (GCC) 14.2.1 20250110 (Red Hat 14.2.1-8) Debian GNU/Linux 12 Kernel: 5.15 Compiler: gcc gcc (Debian 12.2.0-14+deb12u1) 12.2.0 Fedora Linux 41 Kernel: 5.15 Compiler: gcc gcc (GCC) 14.3.1 20250523 (Red Hat 14.3.1-1) CentOS Stream 9 Kernel: 5.15 Compiler: gcc gcc (GCC) 11.5.0 20240719 (Red Hat 11.5.0-7) Red Hat Enterprise Linux 9.5 Kernel: 5.15 Compiler: gcc gcc (GCC) 11.5.0 20240719 (Red Hat 11.5.0-2) Red Hat Enterprise Linux 8.10 Kernel: 5.15 Compiler: gcc gcc (GCC) 8.5.0 20210514 (Red Hat 8.5.0-22) Ubuntu 24.04 Kernel: 5.15 Compiler: gcc gcc (Ubuntu 13.3.0-6ubuntu2~24.04) 13.3.0 Ubuntu 22.04 Kernel: 5.15 Compiler: gcc gcc (Ubuntu 11.4.0-1ubuntu1~22.04) 11.4.0 Ubuntu 20.04 Kernel: 5.15 Compiler: gcc gcc (Ubuntu 9.4.0-1ubuntu1~20.04.2) 9.4.0 Windows Server 2022 Kernel: 10.0.20348.2031 Compiler: clang 15.0.7, gcc 14.1.0 (MinGW), and MSVC VS 19.39.33521 To view detailed results, visit: https://lab.dpdk.org/results/dashboard/patchsets/33570/ UNH-IOL DPDK Community Lab To manage your email subscriptions, visit: https://lab.dpdk.org/results/dashboard/preferences/subscriptions/