From mboxrd@z Thu Jan 1 00:00:00 1970 Return-Path: Received: from mails.dpdk.org (mails.dpdk.org [217.70.189.124]) by inbox.dpdk.org (Postfix) with ESMTP id AC9AE46AF2 for ; Sat, 5 Jul 2025 03:44:23 +0200 (CEST) Received: from mails.dpdk.org (localhost [127.0.0.1]) by mails.dpdk.org (Postfix) with ESMTP id A4AC24028C; Sat, 5 Jul 2025 03:44:23 +0200 (CEST) Received: from mail-pj1-f98.google.com (mail-pj1-f98.google.com [209.85.216.98]) by mails.dpdk.org (Postfix) with ESMTP id 527AD4028C for ; Sat, 5 Jul 2025 03:44:22 +0200 (CEST) Received: by mail-pj1-f98.google.com with SMTP id 98e67ed59e1d1-31393526d0dso998605a91.0 for ; Fri, 04 Jul 2025 18:44:22 -0700 (PDT) DKIM-Signature: v=1; a=rsa-sha256; c=relaxed/relaxed; d=iol.unh.edu; s=unh-iol; t=1751679861; x=1752284661; darn=dpdk.org; h=references:in-reply-to:cc:to:from:subject:message-id:date:from:to :cc:subject:date:message-id:reply-to; bh=lyABlEt2/N2PAHQyRmXoAhDRjYeeYFOOMxQQb6R5u3M=; b=G3CzyPqYIT5TnPUU4CoPlW54q8lTVGhUUy3N3ozNoKLjApqQAOz7VqwzH3EtUuesRI HqSHhITc+MvrGK1fIYXnoXh8UA1oHCnqruwjfH0moQ3B9uH0TIXOxaFgLjZ+E44qE6+b ZCsFs+mFYvMrFmHlgC9HAN08PYYzERCQecD3s= X-Google-DKIM-Signature: v=1; a=rsa-sha256; c=relaxed/relaxed; d=1e100.net; s=20230601; t=1751679861; x=1752284661; h=references:in-reply-to:cc:to:from:subject:message-id:date :x-gm-message-state:from:to:cc:subject:date:message-id:reply-to; bh=lyABlEt2/N2PAHQyRmXoAhDRjYeeYFOOMxQQb6R5u3M=; b=KLWBrp1E43NliIHGgxB/1Bh0MzIIPeIL/RYKI/6XzFA0huYnB4fZMzztZfKrY0iFNZ gKdddQ83CSrUgx7ENZECHRrgjDDf43nLShtjGeVGPLvysOatmFitSdJ/Xdj350nqhPWj O/reIVBjTgd0o+B9407KTsqABbZH/90vL1HIbKTjy+w4jsUJnLTfk2/0nwfElz/rC5fA p7f+aqI+yuQCxZoIldxBqzfMmYJSscg79heWyNyedBxw+UsjGrsgNbqWkC3fXr0FNP1h tCHLA0Yxb8stLnVHgRjJxG7sMf+EqoLoz10+WHS2ls49W1CvukgwwqG5zR6LV2lRihba vTcA== X-Gm-Message-State: AOJu0YyzkPEPyXTemW7SRJj9dE/Da8p6+VCG1T2zRh8tvvqE/TsIGhDm 8zOVwwxWf6EA+RpTL1KPvSAw97lwuey0vUCrnCVdik1Kd9Z0ifXLBWgfvkxkMmnhopQcaelHgBQ kKEBrd1s3oFZjwbEpPhTesoEWSJTRjNhiRuXm5BM8m9Ns3uUbby96F0zdzNMY X-Gm-Gg: ASbGncuevwj5o275xEPBw6CkkWwFySFNJ4mlD9c4+O5z7wQa2H2asc1BMM92DlAY0K1 YAblVl0hTBKUw6jfEkZv/7qm1rcU9p6SeZ2Ctsm/3LT/tUELq0BYCJ/tcRMBZK5xaaYat3GKEoU T2rF2STtDcKM0qf3LG7THluOzp22tGIx3ZoeJWghjX3vV4qEXICr9RoQJMzYg6NmItTOV0zsbpY /vp04Ei9sXKMMwClnWjor2WU2eZ/pW9YA9QYPYIcdMjszPI4NzrONHIkCor3vtAbAR+nBgWewel hrApVoKrdhi7faeGiV2t3wLQHyVdUx0FOhrS46ojG4jFm9c= X-Google-Smtp-Source: AGHT+IFCDQ9D50iSN8mzItwmhH2OKltAeJjDJv7rtU4prKAOo/y5rI2WaaIRh+mZYgP2hQmeEMcBFCTOwHjE X-Received: by 2002:a17:90b:48c6:b0:311:ad7f:3281 with SMTP id 98e67ed59e1d1-31aba847d0bmr1159052a91.12.1751679861303; Fri, 04 Jul 2025 18:44:21 -0700 (PDT) Received: from postal.iol.unh.edu (postal.iol.unh.edu. [2606:4100:3880:1234::84]) by smtp-relay.gmail.com with ESMTPS id 98e67ed59e1d1-31aaacfa308sm121315a91.0.2025.07.04.18.44.21 (version=TLS1_2 cipher=ECDHE-ECDSA-AES128-GCM-SHA256 bits=128/128); Fri, 04 Jul 2025 18:44:21 -0700 (PDT) X-Relaying-Domain: iol.unh.edu Date: Fri, 04 Jul 2025 18:44:21 -0700 (PDT) Message-ID: <68688375.170a0220.1be48e.6e63SMTPIN_ADDED_MISSING@mx.google.com> Received: from [172.21.0.5] (unknown [172.18.0.240]) by postal.iol.unh.edu (Postfix) with ESMTP id 7F58C6051830; Fri, 4 Jul 2025 21:44:20 -0400 (EDT) Subject: |FAILURE| pw155014-155016 [PATCH] [v2,3/3] app/testpmd: improve outp From: dpdklab@iol.unh.edu To: Test Report Cc: dpdk-test-reports@iol.unh.edu, Bruce Richardson In-Reply-To: <20250704183437.25901-4-bruce.richardson@intel.com> References: <20250704183437.25901-4-bruce.richardson@intel.com> Content-Type: text/plain X-BeenThere: test-report@dpdk.org X-Mailman-Version: 2.1.29 Precedence: list List-Id: automatic DPDK test reports List-Unsubscribe: , List-Archive: List-Post: List-Help: List-Subscribe: , Errors-To: test-report-bounces@dpdk.org Test-Label: iol-unit-amd64-testing Test-Status: FAILURE http://dpdk.org/patch/155016 _Testing issues_ Submitter: Bruce Richardson Date: Friday, July 04 2025 18:34:36 DPDK git baseline: Repo:dpdk Branch: master CommitID:b18c543ec30729ccc7708a6e064a1f9db5d8c11f 155014-155016 --> testing issues Upstream job id: Generic-VM-Unit-Test-DPDK#29730 Test environment and result as below: +-------------------------------+----------------+ | Environment | dpdk_unit_test | +===============================+================+ | CentOS Stream 10 | PASS | +-------------------------------+----------------+ | Debian GNU/Linux 12 | PASS | +-------------------------------+----------------+ | Fedora Linux 41 | PASS | +-------------------------------+----------------+ | Fedora Linux 40 | PASS | +-------------------------------+----------------+ | CentOS Stream 9 | PASS | +-------------------------------+----------------+ | Red Hat Enterprise Linux 8.10 | PASS | +-------------------------------+----------------+ | Ubuntu 22.04 | PASS | +-------------------------------+----------------+ | Ubuntu 24.04 | PASS | +-------------------------------+----------------+ | Red Hat Enterprise Linux 9.5 | PASS | +-------------------------------+----------------+ | Ubuntu 20.04 | PASS | +-------------------------------+----------------+ | Windows Server 2022 | FAIL | +-------------------------------+----------------+ ==== Unit test summary for Windows Server 2022 (dpdk_unit_test): ==== Failed to get the unit test results. Displaying the unit test results is not supported for some environments, such as our aarch32 testing, where meson is not used to run the tests. Download the logs available on our CI site. ==== End log output ==== CentOS Stream 10 Kernel: 5.15 Compiler: gcc gcc (GCC) 14.2.1 20250110 (Red Hat 14.2.1-8) Debian GNU/Linux 12 Kernel: 5.15 Compiler: gcc gcc (Debian 12.2.0-14+deb12u1) 12.2.0 Fedora Linux 41 Kernel: 5.15 Compiler: gcc gcc (GCC) 14.3.1 20250523 (Red Hat 14.3.1-1) Fedora Linux 40 Kernel: 5.15 Compiler: gcc gcc (GCC) 14.2.1 20240912 (Red Hat 14.2.1-3) CentOS Stream 9 Kernel: 5.15 Compiler: gcc gcc (GCC) 11.5.0 20240719 (Red Hat 11.5.0-7) Red Hat Enterprise Linux 8.10 Kernel: 5.15 Compiler: gcc gcc (GCC) 8.5.0 20210514 (Red Hat 8.5.0-22) Ubuntu 22.04 Kernel: 5.15 Compiler: gcc gcc (Ubuntu 11.4.0-1ubuntu1~22.04) 11.4.0 Ubuntu 24.04 Kernel: 5.15 Compiler: gcc gcc (Ubuntu 13.3.0-6ubuntu2~24.04) 13.3.0 Red Hat Enterprise Linux 9.5 Kernel: 5.15 Compiler: gcc gcc (GCC) 11.5.0 20240719 (Red Hat 11.5.0-2) Ubuntu 20.04 Kernel: 5.15 Compiler: gcc gcc (Ubuntu 9.4.0-1ubuntu1~20.04.2) 9.4.0 Windows Server 2022 Kernel: 10.0.20348.2031 Compiler: clang 15.0.7, gcc 14.1.0 (MinGW), and MSVC VS 19.39.33521 To view detailed results, visit: https://lab.dpdk.org/results/dashboard/patchsets/33596/ UNH-IOL DPDK Community Lab To manage your email subscriptions, visit: https://lab.dpdk.org/results/dashboard/preferences/subscriptions/