From mboxrd@z Thu Jan 1 00:00:00 1970 Return-Path: Received: from mails.dpdk.org (mails.dpdk.org [217.70.189.124]) by inbox.dpdk.org (Postfix) with ESMTP id 3B92F46AED for ; Sat, 5 Jul 2025 04:08:03 +0200 (CEST) Received: from mails.dpdk.org (localhost [127.0.0.1]) by mails.dpdk.org (Postfix) with ESMTP id 3368A4028C; Sat, 5 Jul 2025 04:08:03 +0200 (CEST) Received: from mail-qv1-f100.google.com (mail-qv1-f100.google.com [209.85.219.100]) by mails.dpdk.org (Postfix) with ESMTP id 772B04028C for ; Sat, 5 Jul 2025 04:08:02 +0200 (CEST) Received: by mail-qv1-f100.google.com with SMTP id 6a1803df08f44-6facc3b9559so25096526d6.0 for ; Fri, 04 Jul 2025 19:08:02 -0700 (PDT) DKIM-Signature: v=1; a=rsa-sha256; c=relaxed/relaxed; d=iol.unh.edu; s=unh-iol; t=1751681282; x=1752286082; darn=dpdk.org; h=references:in-reply-to:cc:to:from:subject:message-id:date:from:to :cc:subject:date:message-id:reply-to; bh=MpghOrppW/deMs+XniJBjxhBH2V0dR+BrwMEDSUcYJo=; b=ECTjhxL3rR0y48IVwCrdtZtHBojSkkr6v0vN9ItRbRdDG7PmqathST3LtP0uVJxchJ tHeKyIzTy6IDf1bNHgo8NlGXaR3ACIsF19gnsO9VLkHqS/ehwUu+wFhDZbk/NZGdHNHO KhoHmlIOqL1S02+bPecNjOMIXhDknJyKi4hvA= X-Google-DKIM-Signature: v=1; a=rsa-sha256; c=relaxed/relaxed; d=1e100.net; s=20230601; t=1751681282; x=1752286082; h=references:in-reply-to:cc:to:from:subject:message-id:date :x-gm-message-state:from:to:cc:subject:date:message-id:reply-to; bh=MpghOrppW/deMs+XniJBjxhBH2V0dR+BrwMEDSUcYJo=; b=oPMub/hxyLmr79yA+9TQsqZmggfALa9hu3guRRhivHj16tirTm1PY/5+zmII9YjDJO EOiYD/HZltWSZ3yCPuyh04iVlA7Jjobd5QxAMP6po7o00LK8A70s6D7b+9mJ/pr6TSWC KvHr/F0Bfn5G6JuPN0Czdp+YAooEQMx9+P8DzXKbomXrZFbrk0Gc9NWEass3TSKI7aVh D/Wiy4RPmHZ4ssWCEtSPM2GgamIbKu+7CpfH82gaRLuXLJ3Z/j8D9Cv1uKWXdxuH6iyz lr65rCjd+nng2AIW9WXV0DIgGAubZ4NsNi92rwkc1ARzWLZY9ctD/YHI+fKU5jba0uuh IMgw== X-Gm-Message-State: AOJu0Yxqnl1y4AiePjfg2MpUTvgCy3r2aSdW5cfa6giGmQAQCdpiWf3P aPQpLTSKcp6p5roFjrbRsZzrKJC+BXBu+J2Li/HllsITe3pZxBsZaFjQfMUxCCPD/Q4jVqHm0AS DvPc42LGt25a2o6HJt9b84rDM7smVf6RNoKUFOzqLLmQ6 X-Gm-Gg: ASbGncvb9lMxG/Yl9wZznlyLVf/5Wqmv81EmgUByEkkpP9fgbPrrINEuzARDm9jRsgI Ymm/KOA0ceLPdgGz3ukyjiDDr5pbN0zL24vtg5JNlZD5uIAnmrd82LMzkYUhspQixc6bD8jSFiZ /dO+DEMSIIt3gnUgargi2J1hevTLRH72lLIrErKwuCwoB+2WQw7dN47OUPQOk9eNYjEI5knY9e7 C4P8/mHjs5HWWRAA/4LaJJrnC/5FpdElQLeENUYgIwLpux1og70CmGzF6PvHQ4REmP6yNIbqodV knogI2d9dgUBBLoqpSGfUp6HhS1eFpm4zOLzqEOn5xxKO8Mpg3acOzq9eby+WXjV15ZGJw== X-Google-Smtp-Source: AGHT+IGbJOXeI4MklrEdzQcdqaLTOKTQ7Io+kqbU80kqD3YBkwWAAg23BwMmWH8kZSjfRFBnhMifk2XWG4nG X-Received: by 2002:a05:6214:c4b:b0:6fa:ab49:4482 with SMTP id 6a1803df08f44-702c6d7af45mr70149796d6.35.1751681281858; Fri, 04 Jul 2025 19:08:01 -0700 (PDT) Received: from postal.iol.unh.edu (postal.iol.unh.edu. [132.177.123.84]) by smtp-relay.gmail.com with ESMTPS id 6a1803df08f44-702c4c3ce5csm1393356d6.0.2025.07.04.19.08.01 (version=TLS1_2 cipher=ECDHE-ECDSA-AES128-GCM-SHA256 bits=128/128); Fri, 04 Jul 2025 19:08:01 -0700 (PDT) X-Relaying-Domain: iol.unh.edu Date: Fri, 04 Jul 2025 19:08:01 -0700 (PDT) Message-ID: <68688901.050a0220.3a7618.809aSMTPIN_ADDED_MISSING@mx.google.com> Received: from [172.21.0.5] (unknown [172.18.0.240]) by postal.iol.unh.edu (Postfix) with ESMTP id 8CCF16051830; Fri, 4 Jul 2025 22:08:01 -0400 (EDT) Subject: |FAILURE| pw155014-155016 [PATCH] [v2,3/3] app/testpmd: improve outp From: dpdklab@iol.unh.edu To: Test Report Cc: dpdk-test-reports@iol.unh.edu, Bruce Richardson In-Reply-To: <20250704183437.25901-4-bruce.richardson@intel.com> References: <20250704183437.25901-4-bruce.richardson@intel.com> Content-Type: text/plain X-BeenThere: test-report@dpdk.org X-Mailman-Version: 2.1.29 Precedence: list List-Id: automatic DPDK test reports List-Unsubscribe: , List-Archive: List-Post: List-Help: List-Subscribe: , Errors-To: test-report-bounces@dpdk.org Test-Label: iol-unit-amd64-testing Test-Status: FAILURE http://dpdk.org/patch/155016 _Testing issues_ Submitter: Bruce Richardson Date: Friday, July 04 2025 18:34:36 DPDK git baseline: Repo:dpdk Branch: master CommitID:b18c543ec30729ccc7708a6e064a1f9db5d8c11f 155014-155016 --> testing issues Upstream job id: Generic-VM-Unit-Test-DPDK#29731 Test environment and result as below: +-------------------------------+----------------+ | Environment | dpdk_unit_test | +===============================+================+ | CentOS Stream 10 | PASS | +-------------------------------+----------------+ | Debian GNU/Linux 12 | PASS | +-------------------------------+----------------+ | Fedora Linux 41 | PASS | +-------------------------------+----------------+ | Fedora Linux 40 | PASS | +-------------------------------+----------------+ | CentOS Stream 9 | PASS | +-------------------------------+----------------+ | Red Hat Enterprise Linux 8.10 | PASS | +-------------------------------+----------------+ | Ubuntu 22.04 | PASS | +-------------------------------+----------------+ | Ubuntu 24.04 | PASS | +-------------------------------+----------------+ | Red Hat Enterprise Linux 9.5 | PASS | +-------------------------------+----------------+ | Ubuntu 20.04 | PASS | +-------------------------------+----------------+ | Windows Server 2022 | FAIL | +-------------------------------+----------------+ ==== Unit test summary for Windows Server 2022 (dpdk_unit_test): ==== Failed to get the unit test results. Displaying the unit test results is not supported for some environments, such as our aarch32 testing, where meson is not used to run the tests. Download the logs available on our CI site. ==== End log output ==== CentOS Stream 10 Kernel: 5.15 Compiler: gcc gcc (GCC) 14.2.1 20250110 (Red Hat 14.2.1-8) Debian GNU/Linux 12 Kernel: 5.15 Compiler: gcc gcc (Debian 12.2.0-14+deb12u1) 12.2.0 Fedora Linux 41 Kernel: 5.15 Compiler: gcc gcc (GCC) 14.3.1 20250523 (Red Hat 14.3.1-1) Fedora Linux 40 Kernel: 5.15 Compiler: gcc gcc (GCC) 14.2.1 20240912 (Red Hat 14.2.1-3) CentOS Stream 9 Kernel: 5.15 Compiler: gcc gcc (GCC) 11.5.0 20240719 (Red Hat 11.5.0-7) Red Hat Enterprise Linux 8.10 Kernel: 5.15 Compiler: gcc gcc (GCC) 8.5.0 20210514 (Red Hat 8.5.0-22) Ubuntu 22.04 Kernel: 5.15 Compiler: gcc gcc (Ubuntu 11.4.0-1ubuntu1~22.04) 11.4.0 Ubuntu 24.04 Kernel: 5.15 Compiler: gcc gcc (Ubuntu 13.3.0-6ubuntu2~24.04) 13.3.0 Red Hat Enterprise Linux 9.5 Kernel: 5.15 Compiler: gcc gcc (GCC) 11.5.0 20240719 (Red Hat 11.5.0-2) Ubuntu 20.04 Kernel: 5.15 Compiler: gcc gcc (Ubuntu 9.4.0-1ubuntu1~20.04.2) 9.4.0 Windows Server 2022 Kernel: 10.0.20348.2031 Compiler: clang 15.0.7, gcc 14.1.0 (MinGW), and MSVC VS 19.39.33521 To view detailed results, visit: https://lab.dpdk.org/results/dashboard/patchsets/33596/ UNH-IOL DPDK Community Lab To manage your email subscriptions, visit: https://lab.dpdk.org/results/dashboard/preferences/subscriptions/