From: dpdklab@iol.unh.edu
To: Test Report <test-report@dpdk.org>
Cc: dpdk-test-reports@iol.unh.edu
Subject: |SUCCESS| pw155014-155016 [PATCH] [v2,3/3] app/testpmd: improve outp
Date: Fri, 04 Jul 2025 19:21:48 -0700 (PDT) [thread overview]
Message-ID: <68688c3c.170a0220.2981c6.686cSMTPIN_ADDED_MISSING@mx.google.com> (raw)
In-Reply-To: <20250704183437.25901-4-bruce.richardson@intel.com>
Test-Label: iol-unit-arm64-testing
Test-Status: SUCCESS
http://dpdk.org/patch/155016
_Testing PASS_
Submitter: Bruce Richardson <bruce.richardson@intel.com>
Date: Friday, July 04 2025 18:34:36
DPDK git baseline: Repo:dpdk
Branch: master
CommitID:b18c543ec30729ccc7708a6e064a1f9db5d8c11f
155014-155016 --> testing pass
Upstream job id: Generic-Unit-Test-DPDK#352736
Test environment and result as below:
+------------------------------+----------------+---------------------------+--------------+------------------------------+
| Environment | dpdk_unit_test | cryptodev_sw_zuc_autotest | lpm_autotest | cryptodev_sw_snow3g_autotest |
+==============================+================+===========================+==============+==============================+
| CentOS Stream 10 | PASS | SKIPPED | SKIPPED | SKIPPED |
+------------------------------+----------------+---------------------------+--------------+------------------------------+
| CentOS Stream 9 | PASS | SKIPPED | SKIPPED | SKIPPED |
+------------------------------+----------------+---------------------------+--------------+------------------------------+
| Fedora Linux 40 | PASS | SKIPPED | SKIPPED | SKIPPED |
+------------------------------+----------------+---------------------------+--------------+------------------------------+
| Debian GNU/Linux 12 | PASS | SKIPPED | SKIPPED | SKIPPED |
+------------------------------+----------------+---------------------------+--------------+------------------------------+
| Fedora Linux 41 | PASS | SKIPPED | SKIPPED | SKIPPED |
+------------------------------+----------------+---------------------------+--------------+------------------------------+
| Red Hat Enterprise Linux 9.5 | PASS | SKIPPED | SKIPPED | SKIPPED |
+------------------------------+----------------+---------------------------+--------------+------------------------------+
| Ubuntu 22.04 | PASS | SKIPPED | SKIPPED | SKIPPED |
+------------------------------+----------------+---------------------------+--------------+------------------------------+
| Ubuntu 24.04 | PASS | SKIPPED | SKIPPED | SKIPPED |
+------------------------------+----------------+---------------------------+--------------+------------------------------+
| Ubuntu 20.04 | PASS | SKIPPED | PASS | SKIPPED |
+------------------------------+----------------+---------------------------+--------------+------------------------------+
| Debian 12 (arm) | SKIPPED | PASS | SKIPPED | PASS |
+------------------------------+----------------+---------------------------+--------------+------------------------------+
CentOS Stream 10
Kernel: 5.4
Compiler: gcc gcc (GCC) 14.2.1 20250110 (Red Hat 14.2.1-8)
CentOS Stream 9
Kernel: 5.4
Compiler: gcc gcc (GCC) 11.5.0 20240719 (Red Hat 11.5.0-7)
Fedora Linux 40
Kernel: 5.4
Compiler: gcc gcc (GCC) 14.2.1 20240912 (Red Hat 14.2.1-3)
Debian GNU/Linux 12
Kernel: 5.4
Compiler: gcc gcc (Debian 12.2.0-14+deb12u1) 12.2.0
Fedora Linux 41
Kernel: 5.4
Compiler: clang gcc (GCC) 14.3.1 20250523 (Red Hat 14.3.1-1)
Red Hat Enterprise Linux 9.5
Kernel: 5.4
Compiler: gcc gcc (GCC) 11.5.0 20240719 (Red Hat 11.5.0-2)
Ubuntu 22.04
Kernel: 5.4
Compiler: gcc gcc (Ubuntu 11.4.0-1ubuntu1~22.04) 11.4.0
Ubuntu 24.04
Kernel: 5.4
Compiler: gcc gcc (Ubuntu 13.3.0-6ubuntu2~24.04) 13.3.0
Ubuntu 20.04
Kernel: 5.4
Compiler: gcc gcc (Ubuntu 9.4.0-1ubuntu1~20.04.2) 9.4.0
Debian 12 (arm)
Kernel: Depends on container host
Compiler: gcc (Debian 12.2.0-14) 12.2.0
To view detailed results, visit:
https://lab.dpdk.org/results/dashboard/patchsets/33596/
UNH-IOL DPDK Community Lab
To manage your email subscriptions, visit:
https://lab.dpdk.org/results/dashboard/preferences/subscriptions/
next prev parent reply other threads:[~2025-07-05 2:21 UTC|newest]
Thread overview: 27+ messages / expand[flat|nested] mbox.gz Atom feed top
[not found] <20250704183437.25901-4-bruce.richardson@intel.com>
2025-07-04 18:01 ` |SUCCESS| pw155014-155016 [PATCH v2 3/3] app/testpmd: improve output when processing cmdline files qemudev
2025-07-04 18:06 ` qemudev
2025-07-04 18:35 ` |SUCCESS| pw155016 " checkpatch
2025-07-04 19:43 ` |FAILURE| " 0-day Robot
2025-07-04 21:04 ` |SUCCESS| pw155014-155016 [PATCH] [v2,3/3] app/testpmd: improve outp dpdklab
2025-07-04 21:06 ` |PENDING| " dpdklab
2025-07-04 21:08 ` |FAILURE| " dpdklab
2025-07-04 21:19 ` |SUCCESS| " dpdklab
2025-07-04 21:39 ` |PENDING| " dpdklab
2025-07-04 23:35 ` |FAILURE| " dpdklab
2025-07-04 23:43 ` |SUCCESS| " dpdklab
2025-07-04 23:45 ` dpdklab
2025-07-04 23:57 ` dpdklab
2025-07-05 0:53 ` dpdklab
2025-07-05 1:44 ` |FAILURE| " dpdklab
2025-07-05 1:59 ` |PENDING| " dpdklab
2025-07-05 2:08 ` |FAILURE| " dpdklab
2025-07-05 2:21 ` dpdklab [this message]
2025-07-05 3:44 ` |SUCCESS| " dpdklab
2025-07-05 5:23 ` dpdklab
2025-07-05 5:24 ` dpdklab
2025-07-05 5:25 ` |FAILURE| " dpdklab
2025-07-05 5:26 ` dpdklab
2025-07-05 5:27 ` dpdklab
2025-07-05 5:27 ` |SUCCESS| " dpdklab
2025-07-05 5:27 ` |FAILURE| " dpdklab
2025-07-05 5:27 ` dpdklab
Reply instructions:
You may reply publicly to this message via plain-text email
using any one of the following methods:
* Save the following mbox file, import it into your mail client,
and reply-to-all from there: mbox
Avoid top-posting and favor interleaved quoting:
https://en.wikipedia.org/wiki/Posting_style#Interleaved_style
* Reply using the --to, --cc, and --in-reply-to
switches of git-send-email(1):
git send-email \
--in-reply-to=68688c3c.170a0220.2981c6.686cSMTPIN_ADDED_MISSING@mx.google.com \
--to=dpdklab@iol.unh.edu \
--cc=dpdk-test-reports@iol.unh.edu \
--cc=test-report@dpdk.org \
/path/to/YOUR_REPLY
https://kernel.org/pub/software/scm/git/docs/git-send-email.html
* If your mail client supports setting the In-Reply-To header
via mailto: links, try the mailto: link
Be sure your reply has a Subject: header at the top and a blank line
before the message body.
This is a public inbox, see mirroring instructions
for how to clone and mirror all data and code used for this inbox;
as well as URLs for NNTP newsgroup(s).