From mboxrd@z Thu Jan 1 00:00:00 1970 Return-Path: Received: from mails.dpdk.org (mails.dpdk.org [217.70.189.124]) by inbox.dpdk.org (Postfix) with ESMTP id 7128246AF2 for ; Sat, 5 Jul 2025 06:06:54 +0200 (CEST) Received: from mails.dpdk.org (localhost [127.0.0.1]) by mails.dpdk.org (Postfix) with ESMTP id 4691C40287; Sat, 5 Jul 2025 06:06:54 +0200 (CEST) Received: from mail-io1-f100.google.com (mail-io1-f100.google.com [209.85.166.100]) by mails.dpdk.org (Postfix) with ESMTP id 2D6B640287 for ; Sat, 5 Jul 2025 06:06:53 +0200 (CEST) Received: by mail-io1-f100.google.com with SMTP id ca18e2360f4ac-875dd57d63bso66163639f.0 for ; Fri, 04 Jul 2025 21:06:53 -0700 (PDT) DKIM-Signature: v=1; a=rsa-sha256; c=relaxed/relaxed; d=iol.unh.edu; s=unh-iol; t=1751688412; x=1752293212; darn=dpdk.org; h=references:in-reply-to:cc:to:from:subject:message-id:date:from:to :cc:subject:date:message-id:reply-to; bh=Kt2FfbOWkvAPE4VPN6ZXUIbrjOEWth7bEWtdg9LS5kw=; b=ZS7GzXOmM1FYTx/7ovL4RGozwfVBMs0viC6ZecoB0VPHbXELrft8tAfOOwcackoirp oL+ZEQe1DIWGjYpI8cZp02ePLezC4pgV180fpNYTAUmD0gnJ1VcIkQ397old83mW93xn HtbTzydcpGFWi45dgaUy8sGPa9WFDutXWfC0U= X-Google-DKIM-Signature: v=1; a=rsa-sha256; c=relaxed/relaxed; d=1e100.net; s=20230601; t=1751688412; x=1752293212; h=references:in-reply-to:cc:to:from:subject:message-id:date :x-gm-message-state:from:to:cc:subject:date:message-id:reply-to; bh=Kt2FfbOWkvAPE4VPN6ZXUIbrjOEWth7bEWtdg9LS5kw=; b=ha8rgcJR3TBjlQvnrxZGwLmtMGJXERWN56+PWQoKQqoPK9RLRPWXGliRPjMChd66N4 WLlrt6XElern+Kn45t7g5gOQksNAtKdXwPNDy+xkg5RcZBu/+nu5d7mB9W4NbemA9NA4 8nPLJEvi+NuG3jKB0rrJ0GkaK0EH6xHPea08P4IpmiRUSV1w6tpPO2TG/JglZJG4lc6P yCbWblthZz7q0Zo09GtpwxgffCA/KLjk8ppAhVtlM2b9SDZDE1BTGPIe5tEsFIB3N6Vw 51/j0N8WfODgtVxTLRbBElyMq8mRXZ6xONQ9JFUy+vWBmH0wduUwt8aNYH5NerAkMioy 50RQ== X-Gm-Message-State: AOJu0YxWewl3Kdo+yPhR6C3ts68frZETUAhX4pb/3PUJI+K3JVIpGXFw njRv+zZD7xWwdN9byqyMDCMVgJw2pTsySNNa5R/MKgMBRXxdVExNXPZiQOHbh3dJpeWRTvDufEy m0TttBrWFgeZhiggD6okaHALc1qC3FiOSW4nXiewsRsO8 X-Gm-Gg: ASbGncuPpowq0hmzmaEBHlp7K1EXrb5F5acjIIwVnKyy4dEH3AIrQdjDrZAbsfuzJLq Nh314Zqa5ZI2KGckbJOS7MMMna3HH2KfSqdplBjRQy5atg4ON9om4SbqJEJwjaE+ekcZ6T5Lh3t fB7kx/pQfaqCHmG/HKzRKLE8mc6gp8RZxWcmRsCzZ+ge95LAlY7xCdEbbl5QKhzTwQZcYsPq6bk oaUsbahp9goFOXuhjbfcM8QCBvRutoeBk0Ty8sa4YwnOu2oTn0AR0RrWOAlYHlcEAa/wvGxDtoF iihoWuJW6auV3GKSOV5hlsFEnNGw6VVq7aOTzAcp3IQrbNW2VyHnxvCZOZM/GfBipvWX/Q== X-Google-Smtp-Source: AGHT+IFFItpYl1PDd1KpfGMdO3wKrZmBO8BzPrjzQsrXhQ7mnD2iXT/wRnOzWHKVeR9AzZ1CgtgUQN32yRm2 X-Received: by 2002:a05:6602:6d82:b0:876:b17c:dec3 with SMTP id ca18e2360f4ac-876e16ae46amr475503939f.8.1751688410581; Fri, 04 Jul 2025 21:06:50 -0700 (PDT) Received: from postal.iol.unh.edu (postal.iol.unh.edu. [132.177.123.84]) by smtp-relay.gmail.com with ESMTPS id ca18e2360f4ac-876e079e6bdsm12705239f.4.2025.07.04.21.06.50 (version=TLS1_2 cipher=ECDHE-ECDSA-AES128-GCM-SHA256 bits=128/128); Fri, 04 Jul 2025 21:06:50 -0700 (PDT) X-Relaying-Domain: iol.unh.edu Date: Fri, 04 Jul 2025 21:06:50 -0700 (PDT) Message-ID: <6868a4da.050a0220.2ae19.6a7dSMTPIN_ADDED_MISSING@mx.google.com> Received: from [172.21.0.5] (unknown [172.18.0.240]) by postal.iol.unh.edu (Postfix) with ESMTP id 052326051830; Sat, 5 Jul 2025 00:06:50 -0400 (EDT) Subject: |FAILURE| pw155010 [PATCH] net/bonding: avoid RSS reta update in flo From: dpdklab@iol.unh.edu To: Test Report Cc: dpdk-test-reports@iol.unh.edu, Madhuker Mythri In-Reply-To: <20250704135031.5306-1-madhuker.mythri@oracle.com> References: <20250704135031.5306-1-madhuker.mythri@oracle.com> Content-Type: text/plain X-BeenThere: test-report@dpdk.org X-Mailman-Version: 2.1.29 Precedence: list List-Id: automatic DPDK test reports List-Unsubscribe: , List-Archive: List-Post: List-Help: List-Subscribe: , Errors-To: test-report-bounces@dpdk.org Test-Label: iol-unit-amd64-testing Test-Status: FAILURE http://dpdk.org/patch/155010 _Testing issues_ Submitter: Madhuker Mythri Date: Friday, July 04 2025 13:50:31 DPDK git baseline: Repo:dpdk Branch: master CommitID:b18c543ec30729ccc7708a6e064a1f9db5d8c11f 155010 --> testing issues Upstream job id: Generic-Unit-Test-DPDK#352810 Test environment and result as below: +-------------------------------+----------------+ | Environment | dpdk_unit_test | +===============================+================+ | CentOS Stream 9 | PASS | +-------------------------------+----------------+ | CentOS Stream 10 | PASS | +-------------------------------+----------------+ | Debian GNU/Linux 12 | PASS | +-------------------------------+----------------+ | Fedora Linux 41 | PEND | +-------------------------------+----------------+ | Fedora Linux 40 | PASS | +-------------------------------+----------------+ | Red Hat Enterprise Linux 8.10 | FAIL | +-------------------------------+----------------+ | Red Hat Enterprise Linux 9.5 | PASS | +-------------------------------+----------------+ | Ubuntu 24.04 | PEND | +-------------------------------+----------------+ | Ubuntu 20.04 | PEND | +-------------------------------+----------------+ | Ubuntu 22.04 | PEND | +-------------------------------+----------------+ | Windows Server 2022 | PASS | +-------------------------------+----------------+ ==== Unit test summary for Red Hat Enterprise Linux 8.10 (dpdk_unit_test): ==== ninja: Entering directory `/root/workspace/Generic-Unit-Test-DPDK@2/dpdk/build' ninja: no work to do. 1/121 DPDK:fast-tests / acl_autotest OK 3.87s 2/121 DPDK:fast-tests / alarm_autotest OK 1.35s 3/121 DPDK:fast-tests / argparse_autotest OK 0.17s 4/121 DPDK:fast-tests / atomic_autotest OK 0.43s 5/121 DPDK:fast-tests / bitcount_autotest OK 0.17s 6/121 DPDK:fast-tests / bitmap_autotest OK 0.29s 7/121 DPDK:fast-tests / bitops_autotest OK 2.20s 8/121 DPDK:fast-tests / bitratestats_autotest OK 0.20s 9/121 DPDK:fast-tests / bitset_autotest OK 2.48s 10/121 DPDK:fast-tests / bpf_autotest OK 0.29s 11/121 DPDK:fast-tests / bpf_convert_autotest OK 0.20s 12/121 DPDK:fast-tests / byteorder_autotest OK 0.24s 13/121 DPDK:fast-tests / cfgfile_autotest OK 0.17s 14/121 DPDK:fast-tests / cksum_autotest OK 0.26s 15/121 DPDK:fast-tests / cmdline_autotest OK 0.19s 16/121 DPDK:fast-tests / common_autotest OK 0.65s 17/121 DPDK:fast-tests / compressdev_autotest SKIP 0.14s exit status 77 18/121 DPDK:fast-tests / cpuflags_autotest OK 0.28s 19/121 DPDK:fast-tests / crc_autotest OK 0.32s 20/121 DPDK:fast-tests / user_delay_us OK 0.21s 21/121 DPDK:fast-tests / debug_autotest OK 0.62s 22/121 DPDK:fast-tests / devargs_autotest OK 0.17s 23/121 DPDK:fast-tests / dispatcher_autotest SKIP 0.23s exit status 77 24/121 DPDK:fast-tests / distributor_autotest OK 1.33s 25/121 DPDK:fast-tests / eal_flags_c_opt_autotest OK 1.23s 26/121 DPDK:fast-tests / eal_flags_main_opt_autotest OK 0.39s 27/121 DPDK:fast-tests / eal_flags_n_opt_autotest OK 0.68s 28/121 DPDK:fast-tests / eal_flags_hpet_autotest OK 0.21s 29/121 DPDK:fast-tests / eal_flags_no_huge_autotest OK 0.59s 30/121 DPDK:fast-tests / eal_flags_a_opt_autotest OK 0.69s 31/121 DPDK:fast-tests / eal_flags_b_opt_autotest OK 0.44s 32/121 DPDK:fast-tests / eal_flags_vdev_opt_autotest OK 0.74s 33/121 DPDK:fast-tests / eal_flags_r_opt_autotest OK 0.38s 34/121 DPDK:fast-tests / eal_flags_mem_autotest OK 0.97s 35/121 DPDK:fast-tests / eal_flags_file_prefix_autotest OK 2.61s 36/121 DPDK:fast-tests / eal_flags_misc_autotest OK 2.79s 37/121 DPDK:fast-tests / eal_fs_autotest OK 0.18s 38/121 DPDK:fast-tests / errno_autotest OK 0.28s 39/121 DPDK:fast-tests / ethdev_link_status OK 0.31s 40/121 DPDK:fast-tests / event_eth_tx_adapter_autotest OK 0.72s 41/121 DPDK:fast-tests / event_ring_autotest OK 0.29s 42/121 DPDK:fast-tests / event_vector_adapter_autotest FAIL 1.27s (exit status 255 or signal 127 SIGinvalid) >>> DPDK_TEST=event_vector_adapter_autotest MALLOC_PERTURB_=39 /root/workspace/Generic-Unit-Test-DPDK@2/dpdk/build/app/dpdk-test --no-huge -m 2048 43/121 DPDK:fast-tests / eventdev_common_autotest OK 0.36s 44/121 DPDK:fast-tests / eventdev_selftest_sw OK 0.23s 45/121 DPDK:fast-tests / fbarray_autotest OK 0.17s 46/121 DPDK:fast-tests / fib_autotest OK 1.16s 47/121 DPDK:fast-tests / fib6_autotest OK 0.88s 48/121 DPDK:fast-tests / func_reentrancy_autotest OK 0.99s 49/121 DPDK:fast-tests / graph_autotest OK 0.18s 50/121 DPDK:fast-tests / node_list_dump OK 0.20s 51/121 DPDK:fast-tests / graph_feature_arc_autotest OK 0.17s 52/121 DPDK:fast-tests / hash_autotest OK 0.53s 53/121 DPDK:fast-tests / hash_readwrite_func_autotest SKIP 0.17s exit status 77 54/121 DPDK:fast-tests / interrupt_autotest OK 1.82s 55/121 DPDK:fast-tests / ipfrag_autotest OK 0.15s 56/121 DPDK:fast-tests / ipsec_autotest SKIP 0.26s exit status 77 57/121 DPDK:fast-tests / kvargs_autotest OK 0.22s 58/121 DPDK:fast-tests / latencystats_autotest OK 0.17s 59/121 DPDK:fast-tests / lcore_var_autotest OK 0.54s 60/121 DPDK:fast-tests / lcores_autotest OK 28.69s 61/121 DPDK:fast-tests / logs_autotest OK 0.31s 62/121 DPDK:fast-tests / lpm_autotest OK 2.77s 63/121 DPDK:fast-tests / lpm6_autotest OK 5.06s 64/121 DPDK:fast-tests / malloc_autotest OK 0.63s 65/121 DPDK:fast-tests / mbuf_autotest OK 0.46s 66/121 DPDK:fast-tests / mcslock_autotest OK 0.60s 67/121 DPDK:fast-tests / member_autotest OK 1.77s 68/121 DPDK:fast-tests / memcpy_autotest OK 4.27s 69/121 DPDK:fast-tests / memory_autotest OK 0.16s 70/121 DPDK:fast-tests / mempool_autotest OK 0.57s 71/121 DPDK:fast-tests / memzone_autotest OK 0.16s 72/121 DPDK:fast-tests / meter_autotest OK 0.48s 73/121 DPDK:fast-tests / metrics_autotest OK 0.20s 74/121 DPDK:fast-tests / multiprocess_autotest OK 0.38s 75/121 DPDK:fast-tests / net_ether_autotest OK 0.86s 76/121 DPDK:fast-tests / net_ipv6_autotest OK 0.31s 77/121 DPDK:fast-tests / pcapng_autotest OK 9.94s 78/121 DPDK:fast-tests / pdcp_autotest SKIP 0.27s exit status 77 79/121 DPDK:fast-tests / pdump_autotest OK 0.41s 80/121 DPDK:fast-tests / per_lcore_autotest OK 0.35s 81/121 DPDK:fast-tests / pflock_autotest OK 0.36s 82/121 DPDK:fast-tests / pie_autotest OK 0.31s 83/121 DPDK:fast-tests / ring_pmd_autotest OK 0.25s 84/121 DPDK:fast-tests / power_autotest OK 0.31s 85/121 DPDK:fast-tests / power_cpufreq_autotest SKIP 0.15s exit status 77 86/121 DPDK:fast-tests / power_intel_uncore_autotest SKIP 0.35s exit status 77 87/121 DPDK:fast-tests / power_kvm_vm_autotest SKIP 0.15s exit status 77 88/121 DPDK:fast-tests / prefetch_autotest OK 0.30s 89/121 DPDK:fast-tests / ptr_compress_autotest OK 0.37s 90/121 DPDK:fast-tests / rawdev_autotest OK 0.17s 91/121 DPDK:fast-tests / rcu_qsbr_autotest OK 0.56s 92/121 DPDK:fast-tests / reorder_autotest OK 0.53s 93/121 DPDK:fast-tests / rib_autotest OK 6.53s 94/121 DPDK:fast-tests / rib6_autotest OK 6.53s 95/121 DPDK:fast-tests / ring_autotest OK 0.30s 96/121 DPDK:fast-tests / rwlock_test1_autotest OK 0.37s 97/121 DPDK:fast-tests / rwlock_rda_autotest OK 5.37s 98/121 DPDK:fast-tests / rwlock_rds_wrm_autotest OK 5.17s 99/121 DPDK:fast-tests / rwlock_rde_wro_autotest OK 5.32s 100/121 DPDK:fast-tests / sched_autotest OK 0.33s 101/121 DPDK:fast-tests / security_autotest OK 0.15s 102/121 DPDK:fast-tests / seqlock_autotest SKIP 0.30s exit status 77 103/121 DPDK:fast-tests / service_autotest OK 0.40s 104/121 DPDK:fast-tests / soring_autotest OK 0.22s 105/121 DPDK:fast-tests / spinlock_autotest OK 0.23s 106/121 DPDK:fast-tests / stack_autotest OK 0.38s 107/121 DPDK:fast-tests / stack_lf_autotest OK 0.35s 108/121 DPDK:fast-tests / string_autotest OK 0.18s 109/121 DPDK:fast-tests / table_autotest OK 8.89s 110/121 DPDK:fast-tests / tailq_autotest OK 0.17s 111/121 DPDK:fast-tests / telemetry_data_autotest OK 0.32s 112/121 DPDK:fast-tests / telemetry_json_autotest OK 0.29s 113/121 DPDK:fast-tests / thash_autotest OK 0.33s 114/121 DPDK:fast-tests / threads_autotest OK 0.42s 115/121 DPDK:fast-tests / ticketlock_autotest OK 0.31s 116/121 DPDK:fast-tests / timer_autotest OK 3.01s 117/121 DPDK:fast-tests / trace_autotest OK 0.25s 118/121 DPDK:fast-tests / trace_autotest_with_traces OK 0.17s 119/121 DPDK:fast-tests / vdev_autotest OK 0.42s 120/121 DPDK:fast-tests / version_autotest OK 0.27s 121/121 DPDK:fast-tests / telemetry_all SKIP 0.01s exit status 77 Ok: 110 Expected Fail: 0 Fail: 1 Unexpected Pass: 0 Skipped: 10 Timeout: 0 Full log written to /root/workspace/Generic-Unit-Test-DPDK@2/dpdk/build/meson-logs/testlog.txt Test log output from the failed test event_vector_adapter_autotest: Sorry, we were not able to find the logs for this test. Download the log output from the CI site for this test run. ==== End log output ==== CentOS Stream 9 Kernel: 5.15 Compiler: gcc gcc (GCC) 11.5.0 20240719 (Red Hat 11.5.0-7) CentOS Stream 10 Kernel: 5.15 Compiler: gcc gcc (GCC) 14.2.1 20250110 (Red Hat 14.2.1-8) Debian GNU/Linux 12 Kernel: 5.15 Compiler: gcc gcc (Debian 12.2.0-14+deb12u1) 12.2.0 Fedora Linux 41 Kernel: 5.15 Compiler: gcc gcc (GCC) 14.3.1 20250523 (Red Hat 14.3.1-1) Fedora Linux 40 Kernel: 5.15 Compiler: clang gcc (GCC) 14.2.1 20240912 (Red Hat 14.2.1-3) Red Hat Enterprise Linux 8.10 Kernel: 5.15 Compiler: gcc gcc (GCC) 8.5.0 20210514 (Red Hat 8.5.0-22) Red Hat Enterprise Linux 9.5 Kernel: 5.15 Compiler: gcc gcc (GCC) 11.5.0 20240719 (Red Hat 11.5.0-2) Ubuntu 24.04 Kernel: 5.15 Compiler: gcc gcc (Ubuntu 13.3.0-6ubuntu2~24.04) 13.3.0 Ubuntu 20.04 Kernel: 5.15 Compiler: gcc gcc (Ubuntu 9.4.0-1ubuntu1~20.04.2) 9.4.0 Ubuntu 22.04 Kernel: 5.15 Compiler: gcc gcc (Ubuntu 11.4.0-1ubuntu1~22.04) 11.4.0 Windows Server 2022 Kernel: 10.0.20348.2031 Compiler: clang 15.0.7, gcc 14.1.0 (MinGW), and MSVC VS 19.39.33521 To view detailed results, visit: https://lab.dpdk.org/results/dashboard/patchsets/33593/ UNH-IOL DPDK Community Lab To manage your email subscriptions, visit: https://lab.dpdk.org/results/dashboard/preferences/subscriptions/