From: dpdklab@iol.unh.edu
To: Test Report <test-report@dpdk.org>
Cc: dpdk-test-reports@iol.unh.edu
Subject: |SUCCESS| pw154921-154923 [PATCH] [v2,5/5] riscv: override machine_a
Date: Fri, 04 Jul 2025 22:22:48 -0700 (PDT) [thread overview]
Message-ID: <6868b6a8.170a0220.27fe68.a6cdSMTPIN_ADDED_MISSING@mx.google.com> (raw)
In-Reply-To: <tencent_C36C8B675AB5C9C26B48AD986FEE0FCB2905@qq.com>
Test-Label: iol-compile-arm64-testing
Test-Status: SUCCESS
http://dpdk.org/patch/154923
_Testing PASS_
Submitter: None <uk7b@foxmail.com>
Date: Tuesday, July 01 2025 18:20:33
DPDK git baseline: Repo:dpdk
Branch: master
CommitID:70c2297528e7c7789af452f78de1932e9a20c8a2
154921-154923 --> testing pass
Upstream job id: Generic-DPDK-Compile-Meson#405470
Test environment and result as below:
+------------------------------+--------------------+
| Environment | dpdk_meson_compile |
+==============================+====================+
| Ubuntu 20.04 | PASS |
+------------------------------+--------------------+
| Debian GNU/Linux 12 | PASS |
+------------------------------+--------------------+
| Fedora Linux 40 | PASS |
+------------------------------+--------------------+
| Fedora Linux 41 | PASS |
+------------------------------+--------------------+
| Ubuntu 22.04 | PASS |
+------------------------------+--------------------+
| Ubuntu 24.04 | PASS |
+------------------------------+--------------------+
| CentOS Stream 9 | PASS |
+------------------------------+--------------------+
| CentOS Stream 10 | PASS |
+------------------------------+--------------------+
| Red Hat Enterprise Linux 9.5 | PASS |
+------------------------------+--------------------+
Ubuntu 20.04
Kernel: 5.4
Compiler: gcc gcc (Ubuntu 9.4.0-1ubuntu1~20.04.2) 9.4.0
Debian GNU/Linux 12
Kernel: 5.4
Compiler: gcc gcc (Debian 12.2.0-14+deb12u1) 12.2.0
Fedora Linux 40
Kernel: 5.4
Compiler: gcc gcc (GCC) 14.2.1 20240912 (Red Hat 14.2.1-3)
Fedora Linux 41
Kernel: 5.4
Compiler: gcc gcc (GCC) 14.3.1 20250523 (Red Hat 14.3.1-1)
Ubuntu 22.04
Kernel: 5.4
Compiler: gcc gcc (Ubuntu 11.4.0-1ubuntu1~22.04) 11.4.0
Ubuntu 24.04
Kernel: 5.4
Compiler: gcc gcc (Ubuntu 13.3.0-6ubuntu2~24.04) 13.3.0
CentOS Stream 9
Kernel: 5.4
Compiler: gcc gcc (GCC) 11.5.0 20240719 (Red Hat 11.5.0-7)
CentOS Stream 10
Kernel: 5.4
Compiler: gcc gcc (GCC) 14.2.1 20250110 (Red Hat 14.2.1-8)
Red Hat Enterprise Linux 9.5
Kernel: 5.4
Compiler: gcc gcc (GCC) 11.5.0 20240719 (Red Hat 11.5.0-2)
To view detailed results, visit:
https://lab.dpdk.org/results/dashboard/patchsets/33559/
UNH-IOL DPDK Community Lab
To manage your email subscriptions, visit:
https://lab.dpdk.org/results/dashboard/preferences/subscriptions/
next prev parent reply other threads:[~2025-07-05 5:22 UTC|newest]
Thread overview: 38+ messages / expand[flat|nested] mbox.gz Atom feed top
[not found] <tencent_C36C8B675AB5C9C26B48AD986FEE0FCB2905@qq.com>
2025-07-01 17:47 ` |SUCCESS| pw154921-154923 [PATCH v2 5/5] riscv: override machine_args only when default qemudev
2025-07-01 17:51 ` qemudev
2025-07-01 18:20 ` |SUCCESS| pw154923 " checkpatch
2025-07-01 19:43 ` 0-day Robot
2025-07-02 20:55 ` |SUCCESS| pw154921-154923 [PATCH] [v2,5/5] riscv: override machine_a dpdklab
2025-07-02 21:09 ` |PENDING| " dpdklab
2025-07-02 21:10 ` |SUCCESS| " dpdklab
2025-07-02 21:13 ` dpdklab
2025-07-02 21:15 ` dpdklab
2025-07-02 21:38 ` |PENDING| " dpdklab
2025-07-02 21:40 ` |SUCCESS| " dpdklab
2025-07-02 21:40 ` dpdklab
2025-07-02 21:50 ` |PENDING| " dpdklab
2025-07-03 0:29 ` dpdklab
2025-07-03 2:13 ` dpdklab
2025-07-03 3:59 ` dpdklab
2025-07-04 19:22 ` |FAILURE| " dpdklab
2025-07-04 19:53 ` |SUCCESS| " dpdklab
2025-07-04 19:54 ` |PENDING| " dpdklab
2025-07-04 20:13 ` |SUCCESS| " dpdklab
2025-07-04 20:15 ` |PENDING| " dpdklab
2025-07-04 20:34 ` |SUCCESS| " dpdklab
2025-07-04 21:20 ` |FAILURE| " dpdklab
2025-07-04 21:25 ` |PENDING| " dpdklab
2025-07-04 21:39 ` |SUCCESS| " dpdklab
2025-07-04 21:45 ` |PENDING| " dpdklab
2025-07-04 22:03 ` |SUCCESS| " dpdklab
2025-07-04 22:16 ` |PENDING| " dpdklab
2025-07-04 22:36 ` |SUCCESS| " dpdklab
2025-07-04 23:09 ` dpdklab
2025-07-05 0:52 ` dpdklab
2025-07-05 4:21 ` |WARNING| " dpdklab
2025-07-05 4:21 ` dpdklab
2025-07-05 4:21 ` dpdklab
2025-07-05 4:22 ` dpdklab
2025-07-05 5:22 ` dpdklab [this message]
2025-07-05 5:27 ` |SUCCESS| " dpdklab
2025-07-05 8:55 ` |FAILURE| " dpdklab
Reply instructions:
You may reply publicly to this message via plain-text email
using any one of the following methods:
* Save the following mbox file, import it into your mail client,
and reply-to-all from there: mbox
Avoid top-posting and favor interleaved quoting:
https://en.wikipedia.org/wiki/Posting_style#Interleaved_style
* Reply using the --to, --cc, and --in-reply-to
switches of git-send-email(1):
git send-email \
--in-reply-to=6868b6a8.170a0220.27fe68.a6cdSMTPIN_ADDED_MISSING@mx.google.com \
--to=dpdklab@iol.unh.edu \
--cc=dpdk-test-reports@iol.unh.edu \
--cc=test-report@dpdk.org \
/path/to/YOUR_REPLY
https://kernel.org/pub/software/scm/git/docs/git-send-email.html
* If your mail client supports setting the In-Reply-To header
via mailto: links, try the mailto: link
Be sure your reply has a Subject: header at the top and a blank line
before the message body.
This is a public inbox, see mirroring instructions
for how to clone and mirror all data and code used for this inbox;
as well as URLs for NNTP newsgroup(s).