From mboxrd@z Thu Jan 1 00:00:00 1970 Return-Path: Received: from mails.dpdk.org (mails.dpdk.org [217.70.189.124]) by inbox.dpdk.org (Postfix) with ESMTP id ADE4E46AF2 for ; Sat, 5 Jul 2025 07:25:47 +0200 (CEST) Received: from mails.dpdk.org (localhost [127.0.0.1]) by mails.dpdk.org (Postfix) with ESMTP id A982540287; Sat, 5 Jul 2025 07:25:47 +0200 (CEST) Received: from mail-oa1-f99.google.com (mail-oa1-f99.google.com [209.85.160.99]) by mails.dpdk.org (Postfix) with ESMTP id 76F614028C for ; Sat, 5 Jul 2025 07:25:44 +0200 (CEST) Received: by mail-oa1-f99.google.com with SMTP id 586e51a60fabf-2ef891cd058so1302832fac.1 for ; Fri, 04 Jul 2025 22:25:44 -0700 (PDT) DKIM-Signature: v=1; a=rsa-sha256; c=relaxed/relaxed; d=iol.unh.edu; s=unh-iol; t=1751693143; x=1752297943; darn=dpdk.org; h=references:in-reply-to:cc:to:from:subject:message-id:date:from:to :cc:subject:date:message-id:reply-to; bh=IsOF9ITeU8+UNb+siA//6NI7BKptFXh/E881RJDBPAg=; b=ae51LbaJ/FdR7SoDV1SWJmOxWQJAMnq7lHB+NFa/SNkp4xTSkoDY+BK3wm5Gf2ITDC DgUdigDgFAjfJ1l4GQ+3uvQIDOl2d5gub95pIWJTlkBnk+dvTqb5zUM7bcad5u/AlFI2 PL3Ge1ZlxeWAyG70xpkCt/iam+vUH3msRj4RU= X-Google-DKIM-Signature: v=1; a=rsa-sha256; c=relaxed/relaxed; d=1e100.net; s=20230601; t=1751693143; x=1752297943; h=references:in-reply-to:cc:to:from:subject:message-id:date :x-gm-message-state:from:to:cc:subject:date:message-id:reply-to; bh=IsOF9ITeU8+UNb+siA//6NI7BKptFXh/E881RJDBPAg=; b=g1okHBWFWoS1EdA7IYRvvdBTEJoY6Kx+y0oUU3HBtisKbUOk2WxdXxDiQ5jx4FBnp2 xrDJPfu6Kpo3Ebo45ffXMjXS3MCKlNzNCQcl+lBuED3HjhJ7002Wv8a8zhoERpRvN8do 2Vy6WZIE2YuvDNhpFvvLr9ZJABvdCa/MQLn29qFJyqJ7i1rlQzX14gvu05sA338L0K2U U/WN5iQu9mMrnEOx++NoZAVyLrVA9Bf6Lzm46wUnA8TTZEuKzJsoudFIJtWvI1NY/UZU K1lqZo5I4T5KxtKAcBbhrtWtkW/XVaYoUjuvm+MWiI1WPmM7E2L15ilQSfFYxgNg9rHW SXlw== X-Gm-Message-State: AOJu0YzlfCfhJjN/yM29zoffIEmgoIsFfIlusKpEp6QqzxSGRkquX05b NaD81HyS4ipPZ7fwvMkagMTchGnFlkH2AMhJM/fM1hCax8qvlfd1mfBLKz6nmrTfRO0Byf4CstZ 51z8ewI0YqYO+wdqL73Qb99FP3tw4JpxhVXMQXSIXt9QHdEQL47bHT75v/DPV X-Gm-Gg: ASbGncv3UAsGRhd8k0u+ZBECRakJsIg5R9OrvW53O7ZXU8AJMkwwheV0wxU+nVc/cCp 59MDfroGSrp20BzDJjiLp1rWu6eP6QvTbtAuTMDP3WRUvnozHG/2o5onjsAjRvP6MUIBgyMuUwA ty5p/OdEQ4BMumt8WE7SYnVcdA+Tbd3mVo2RETjPDF/dAogHUvDJgRWkMuYCGKtDZXFqymFAx0b 4AlqbA548RBRuKaSmHjcipzF1c5+iIDTa1rGybWcehH90iPyTsaW+/VJCTHE310NFbkqBRBRZTd fk5olbJalTlt7shct4g4N56CVset3J7TUBuQGp5ww0Z2hYw= X-Google-Smtp-Source: AGHT+IFP9GYJL2oOJO63xz8+7D1+2d0PeYzAIaQt8lOynU5SeSycrIYYxW/VfBd6ce1m4HwZmSCrqaZvu3I2 X-Received: by 2002:a05:6870:b14a:b0:2d4:d9d6:c8d2 with SMTP id 586e51a60fabf-2f796d6036fmr3618014fac.35.1751693143607; Fri, 04 Jul 2025 22:25:43 -0700 (PDT) Received: from postal.iol.unh.edu (postal.iol.unh.edu. [2606:4100:3880:1234::84]) by smtp-relay.gmail.com with ESMTPS id 586e51a60fabf-2f79010fab5sm153880fac.33.2025.07.04.22.25.43 (version=TLS1_2 cipher=ECDHE-ECDSA-AES128-GCM-SHA256 bits=128/128); Fri, 04 Jul 2025 22:25:43 -0700 (PDT) X-Relaying-Domain: iol.unh.edu Date: Fri, 04 Jul 2025 22:25:43 -0700 (PDT) Message-ID: <6868b757.050a0220.16c720.7c64SMTPIN_ADDED_MISSING@mx.google.com> Received: from [172.21.0.7] (unknown [172.18.0.240]) by postal.iol.unh.edu (Postfix) with ESMTP id 199E06051830; Sat, 5 Jul 2025 01:25:43 -0400 (EDT) Subject: |FAILURE| pw155014-155016 [PATCH] [v2,3/3] app/testpmd: improve outp From: dpdklab@iol.unh.edu To: Test Report Cc: dpdk-test-reports@iol.unh.edu, Bruce Richardson In-Reply-To: <20250704183437.25901-4-bruce.richardson@intel.com> References: <20250704183437.25901-4-bruce.richardson@intel.com> Content-Type: text/plain X-BeenThere: test-report@dpdk.org X-Mailman-Version: 2.1.29 Precedence: list List-Id: automatic DPDK test reports List-Unsubscribe: , List-Archive: List-Post: List-Help: List-Subscribe: , Errors-To: test-report-bounces@dpdk.org Test-Label: iol-compile-amd64-testing Test-Status: FAILURE http://dpdk.org/patch/155016 _Testing issues_ Submitter: Bruce Richardson Date: Friday, July 04 2025 18:34:36 DPDK git baseline: Repo:dpdk Branch: master CommitID:b18c543ec30729ccc7708a6e064a1f9db5d8c11f 155014-155016 --> testing issues Upstream job id: Generic-DPDK-Compile-Meson#405567 Test environment and result as below: +-------------------------------+--------------------+-------------------+-------------------+------------------+-------------------------+----------------------+ | Environment | dpdk_meson_compile | dpdk_msvc_compile | dpdk_compile_spdk | dpdk_compile_ovs | dpdk_llvm_clang_compile | dpdk_mingw64_compile | +===============================+====================+===================+===================+==================+=========================+======================+ | Ubuntu 20.04 | PASS | SKIPPED | SKIPPED | SKIPPED | SKIPPED | SKIPPED | +-------------------------------+--------------------+-------------------+-------------------+------------------+-------------------------+----------------------+ | CentOS Stream 9 | PASS | SKIPPED | PASS | SKIPPED | SKIPPED | SKIPPED | +-------------------------------+--------------------+-------------------+-------------------+------------------+-------------------------+----------------------+ | CentOS Stream 10 | PASS | SKIPPED | SKIPPED | SKIPPED | SKIPPED | SKIPPED | +-------------------------------+--------------------+-------------------+-------------------+------------------+-------------------------+----------------------+ | Debian GNU/Linux 12 | PASS | SKIPPED | PASS | SKIPPED | SKIPPED | SKIPPED | +-------------------------------+--------------------+-------------------+-------------------+------------------+-------------------------+----------------------+ | Fedora Linux 40 | PASS | SKIPPED | WARN | SKIPPED | SKIPPED | SKIPPED | +-------------------------------+--------------------+-------------------+-------------------+------------------+-------------------------+----------------------+ | Fedora Linux 41 | PASS | SKIPPED | PASS | PASS | SKIPPED | SKIPPED | +-------------------------------+--------------------+-------------------+-------------------+------------------+-------------------------+----------------------+ | openSUSE Leap 15.6 | PASS | SKIPPED | SKIPPED | SKIPPED | SKIPPED | SKIPPED | +-------------------------------+--------------------+-------------------+-------------------+------------------+-------------------------+----------------------+ | Red Hat Enterprise Linux 8.10 | PASS | SKIPPED | SKIPPED | SKIPPED | SKIPPED | SKIPPED | +-------------------------------+--------------------+-------------------+-------------------+------------------+-------------------------+----------------------+ | Red Hat Enterprise Linux 9.5 | PASS | SKIPPED | SKIPPED | SKIPPED | SKIPPED | SKIPPED | +-------------------------------+--------------------+-------------------+-------------------+------------------+-------------------------+----------------------+ | Ubuntu 22.04 | PASS | SKIPPED | PASS | SKIPPED | SKIPPED | SKIPPED | +-------------------------------+--------------------+-------------------+-------------------+------------------+-------------------------+----------------------+ | Ubuntu 24.04 | PASS | SKIPPED | PASS | PASS | SKIPPED | SKIPPED | +-------------------------------+--------------------+-------------------+-------------------+------------------+-------------------------+----------------------+ | Alpine Linux 3.22.0 | PASS | SKIPPED | SKIPPED | SKIPPED | SKIPPED | SKIPPED | +-------------------------------+--------------------+-------------------+-------------------+------------------+-------------------------+----------------------+ | Windows Server 2022 | SKIPPED | FAIL | SKIPPED | SKIPPED | FAIL | PASS | +-------------------------------+--------------------+-------------------+-------------------+------------------+-------------------------+----------------------+ ==== 20 line log output for Windows Server 2022 (dpdk_llvm_clang_compile): ==== [634/809] Linking static target drivers/librte_net_vmxnet3.a [635/809] Compiling C object app/dpdk-testpmd.exe.p/test-pmd_config.c.obj [636/809] Compiling C object app/dpdk-testpmd.exe.p/test-pmd_iofwd.c.obj [637/809] Compiling C object app/dpdk-testpmd.exe.p/test-pmd_cmdline.c.obj FAILED: app/dpdk-testpmd.exe.p/test-pmd_cmdline.c.obj "clang" "-Iapp\dpdk-testpmd.exe.p" "-Iapp" "-I..\app" "-Iapp\test-pmd" "-I..\app\test-pmd" "-Ilib\ethdev" "-I..\lib\ethdev" "-Ilib\eal\common" "-I..\lib\eal\common" "-I." "-I.." "-Iconfig" "-I..\config" "-Ilib\eal\include" "-I..\lib\eal\include" "-Ilib\eal\windows\include" "-I..\lib\eal\windows\include" "-Ilib\eal\x86\include" "-I..\lib\eal\x86\include" "-Ilib\eal" "-I..\lib\eal" "-Ilib\log" "-I..\lib\log" "-Ilib\kvargs" "-I..\lib\kvargs" "-Ilib\net" "-I..\lib\net" "-Ilib\mbuf" "-I..\lib\mbuf" "-Ilib\mempool" "-I..\lib\mempool" "-Ilib\ring" "-I..\lib\ring" "-Ilib\metrics" "-I..\lib\metrics" "-Ilib\telemetry" "-I..\lib\telemetry" "-Ilib\meter" "-I..\lib\meter" "-Ilib\cmdline" "-I..\lib\cmdline" "-Ilib\bitratestats" "-I..\lib\bitratestats" "-Ilib\gro" "-I..\lib\gro" "-Ilib\gso" "-I..\lib\gso" "-Ilib\latencystats" "-I..\lib\latencystats" "-Idrivers\net\intel\i40e" "-I..\drivers\net\intel\i40e" "-Idrivers\net\intel\i40e\base" "-I..\drivers\net\intel\i40e\base" "-Idrivers\bus\pci" "-I..\d rivers\bus\pci" "-I..\drivers\bus\pci\windows" "-Ilib\pci" "-I..\lib\pci" "-Idrivers\bus\vdev" "-I..\drivers\bus\vdev" "-Ilib\hash" "-I..\lib\hash" "-Ilib\rcu" "-I..\lib\rcu" "-Idrivers\net\intel\ixgbe" "-I..\drivers\net\intel\ixgbe" "-Idrivers\net\intel\ixgbe\base" "-I..\drivers\net\intel\ixgbe\base" "-Ilib\security" "-I..\lib\security" "-Ilib\cryptodev" "-I..\lib\cryptodev" "-Idrivers\net\intel\iavf" "-I..\drivers\net\intel\iavf" "-I..\drivers\net\intel\iavf\base" "-Idrivers\net\intel\ice" "-I..\drivers\net\intel\ice" "-Idrivers\net\intel\ice\base" "-I..\drivers\net\intel\ice\base" "-IC:\Program Files\Mellanox\MLNX_WinOF2_DevX_SDK\inc" "-fdiagnostics-color=always" "-D_FILE_OFFSET_BITS=64" "-Wall" "-Winvalid-pch" "-Wextra" "-Werror" "-std=c11" "-O3" "-include" "rte_config.h" "-Wvla" "-Wcast-qual" "-Wdeprecated" "-Wformat" "-Wformat-nonliteral" "-Wformat-security" "-Wmissing-declarations" "-Wmissing-prototypes" "-Wnested-externs" "-Wold-style-definition" "-Wpointer-arith" "-Wsign-co mpare" "-Wstrict-prototypes" "-Wundef" "-Wwrite-strings" "-Wno-missing-field-initializers" "-D_GNU_SOURCE" "-D_WIN32_WINNT=0x0A00" "-D_CRT_SECURE_NO_WARNINGS" "-march=native" "-mrtm" "-DALLOW_EXPERIMENTAL_API" -MD -MQ app/dpdk-testpmd.exe.p/test-pmd_cmdline.c.obj -MF "app\dpdk-testpmd.exe.p\test-pmd_cmdline.c.obj.d" -o app/dpdk-testpmd.exe.p/test-pmd_cmdline.c.obj "-c" ../app/test-pmd/cmdline.c ../app/test-pmd/cmdline.c:13:10: fatal error: 'libgen.h' file not found #include ^~~~~~~~~~ 1 error generated. [638/809] Compiling C object drivers/librte_net_ring.a.p/meson-generated_.._rte_net_ring.pmd.c.obj [639/809] Compiling C object drivers/rte_net_ring-25.dll.p/meson-generated_.._rte_net_ring.pmd.c.obj [640/809] Compiling C object app/dpdk-testpmd.exe.p/test-pmd_hairpin.c.obj [641/809] Compiling C object app/dpdk-testpmd.exe.p/test-pmd_parameters.c.obj [642/809] Compiling C object app/dpdk-testpmd.exe.p/test-pmd_icmpecho.c.obj [643/809] Compiling C object app/dpdk-testpmd.exe.p/test-pmd_ieee1588fwd.c.obj [644/809] Compiling C object app/dpdk-testpmd.exe.p/test-pmd_flowgen.c.obj [645/809] Compiling C object app/dpdk-testpmd.exe.p/test-pmd_csumonly.c.obj [646/809] Compiling C object app/dpdk-testpmd.exe.p/test-pmd_noisy_vnf.c.obj ninja: build stopped: subcommand failed. ==== End log output ==== Ubuntu 20.04 Kernel: 4.19 Compiler: gcc gcc (Ubuntu 9.4.0-1ubuntu1~20.04.2) 9.4.0 CentOS Stream 9 Kernel: 5.15 Compiler: gcc gcc (GCC) 11.5.0 20240719 (Red Hat 11.5.0-7) CentOS Stream 10 Kernel: 5.15 Compiler: gcc gcc (GCC) 14.2.1 20250110 (Red Hat 14.2.1-8) Debian GNU/Linux 12 Kernel: 5.15 Compiler: gcc gcc (Debian 12.2.0-14+deb12u1) 12.2.0 Fedora Linux 40 Kernel: 5.15 Compiler: gcc gcc (GCC) 14.2.1 20240912 (Red Hat 14.2.1-3) Fedora Linux 41 Kernel: 5.15 Compiler: clang gcc (GCC) 14.3.1 20250523 (Red Hat 14.3.1-1) openSUSE Leap 15.6 Kernel: 5.15 Compiler: gcc gcc (SUSE Linux) 7.5.0 Red Hat Enterprise Linux 8.10 Kernel: 5.15 Compiler: gcc gcc (GCC) 8.5.0 20210514 (Red Hat 8.5.0-22) Red Hat Enterprise Linux 9.5 Kernel: 5.15 Compiler: gcc gcc (GCC) 11.5.0 20240719 (Red Hat 11.5.0-2) Ubuntu 22.04 Kernel: 5.15 Compiler: gcc gcc (Ubuntu 11.4.0-1ubuntu1~22.04) 11.4.0 Ubuntu 24.04 Kernel: 5.15 Compiler: gcc gcc (Ubuntu 13.3.0-6ubuntu2~24.04) 13.3.0 Alpine Linux 3.22.0 Kernel: 5.15 Compiler: gcc gcc (Alpine 14.2.0) 14.2.0 Windows Server 2022 Kernel: 10.0.20348.2031 Compiler: clang 15.0.7, gcc 14.1.0 (MinGW), and MSVC VS 19.39.33521 To view detailed results, visit: https://lab.dpdk.org/results/dashboard/patchsets/33596/ UNH-IOL DPDK Community Lab To manage your email subscriptions, visit: https://lab.dpdk.org/results/dashboard/preferences/subscriptions/