automatic DPDK test reports
 help / color / mirror / Atom feed
From: dpdklab@iol.unh.edu
To: Test Report <test-report@dpdk.org>
Cc: dpdk-test-reports@iol.unh.edu
Subject: |WARNING| pw154997 [PATCH] net: support VLAN stacking packet type pa
Date: Fri, 04 Jul 2025 22:25:43 -0700 (PDT)	[thread overview]
Message-ID: <6868b757.050a0220.33db3c.697bSMTPIN_ADDED_MISSING@mx.google.com> (raw)
In-Reply-To: <20250703093027.1259459-1-huangdengdui@huawei.com>

Test-Label: iol-compile-amd64-testing
Test-Status: WARNING
http://dpdk.org/patch/154997

_Testing issues_

Submitter: Dengdui Huang <huangdengdui@huawei.com>
Date: Thursday, July 03 2025 09:30:27 
DPDK git baseline: Repo:dpdk
  Branch: master
  CommitID:70c2297528e7c7789af452f78de1932e9a20c8a2

154997 --> testing issues

Upstream job id: Generic-DPDK-Compile-Meson#405559

Test environment and result as below:

+-------------------------------+--------------------+-------------------+-------------------------+-------------------+------------------+----------------------+
|          Environment          | dpdk_meson_compile | dpdk_msvc_compile | dpdk_llvm_clang_compile | dpdk_compile_spdk | dpdk_compile_ovs | dpdk_mingw64_compile |
+===============================+====================+===================+=========================+===================+==================+======================+
| Ubuntu 20.04                  | PASS               | SKIPPED           | SKIPPED                 | SKIPPED           | SKIPPED          | SKIPPED              |
+-------------------------------+--------------------+-------------------+-------------------------+-------------------+------------------+----------------------+
| CentOS Stream 9               | PASS               | SKIPPED           | SKIPPED                 | PASS              | SKIPPED          | SKIPPED              |
+-------------------------------+--------------------+-------------------+-------------------------+-------------------+------------------+----------------------+
| Debian GNU/Linux 12           | PASS               | SKIPPED           | SKIPPED                 | PASS              | SKIPPED          | SKIPPED              |
+-------------------------------+--------------------+-------------------+-------------------------+-------------------+------------------+----------------------+
| Fedora Linux 40               | PASS               | SKIPPED           | SKIPPED                 | PASS              | SKIPPED          | SKIPPED              |
+-------------------------------+--------------------+-------------------+-------------------------+-------------------+------------------+----------------------+
| Fedora Linux 41               | PASS               | SKIPPED           | SKIPPED                 | PASS              | PASS             | SKIPPED              |
+-------------------------------+--------------------+-------------------+-------------------------+-------------------+------------------+----------------------+
| openSUSE Leap 15.6            | PASS               | SKIPPED           | SKIPPED                 | SKIPPED           | SKIPPED          | SKIPPED              |
+-------------------------------+--------------------+-------------------+-------------------------+-------------------+------------------+----------------------+
| Red Hat Enterprise Linux 8.10 | PASS               | SKIPPED           | SKIPPED                 | SKIPPED           | SKIPPED          | SKIPPED              |
+-------------------------------+--------------------+-------------------+-------------------------+-------------------+------------------+----------------------+
| Red Hat Enterprise Linux 9.5  | PASS               | SKIPPED           | SKIPPED                 | SKIPPED           | SKIPPED          | SKIPPED              |
+-------------------------------+--------------------+-------------------+-------------------------+-------------------+------------------+----------------------+
| Ubuntu 22.04                  | PASS               | SKIPPED           | SKIPPED                 | PASS              | SKIPPED          | SKIPPED              |
+-------------------------------+--------------------+-------------------+-------------------------+-------------------+------------------+----------------------+
| Ubuntu 24.04                  | PASS               | SKIPPED           | SKIPPED                 | PASS              | PASS             | SKIPPED              |
+-------------------------------+--------------------+-------------------+-------------------------+-------------------+------------------+----------------------+
| Alpine Linux 3.22.0           | PASS               | SKIPPED           | SKIPPED                 | SKIPPED           | SKIPPED          | SKIPPED              |
+-------------------------------+--------------------+-------------------+-------------------------+-------------------+------------------+----------------------+
| CentOS Stream 10              | PASS               | SKIPPED           | SKIPPED                 | SKIPPED           | SKIPPED          | SKIPPED              |
+-------------------------------+--------------------+-------------------+-------------------------+-------------------+------------------+----------------------+
| Windows Server 2022           | SKIPPED            | PASS              | PASS                    | SKIPPED           | SKIPPED          | PASS                 |
+-------------------------------+--------------------+-------------------+-------------------------+-------------------+------------------+----------------------+


Ubuntu 20.04
	Kernel: 4.19
	Compiler: gcc gcc (Ubuntu 9.4.0-1ubuntu1~20.04.2) 9.4.0

CentOS Stream 9
	Kernel: 5.15
	Compiler: gcc gcc (GCC) 11.5.0 20240719 (Red Hat 11.5.0-7)

Debian GNU/Linux 12
	Kernel: 5.15
	Compiler: gcc gcc (Debian 12.2.0-14+deb12u1) 12.2.0

Fedora Linux 40
	Kernel: 5.15
	Compiler: clang gcc (GCC) 14.2.1 20240912 (Red Hat 14.2.1-3)

Fedora Linux 41
	Kernel: 5.15
	Compiler: clang gcc (GCC) 14.3.1 20250523 (Red Hat 14.3.1-1)

openSUSE Leap 15.6
	Kernel: 5.15
	Compiler: gcc gcc (SUSE Linux) 7.5.0

Red Hat Enterprise Linux 8.10
	Kernel: 5.15
	Compiler: gcc gcc (GCC) 8.5.0 20210514 (Red Hat 8.5.0-22)

Red Hat Enterprise Linux 9.5
	Kernel: 5.15
	Compiler: gcc gcc (GCC) 11.5.0 20240719 (Red Hat 11.5.0-2)

Ubuntu 22.04
	Kernel: 5.15
	Compiler: gcc gcc (Ubuntu 11.4.0-1ubuntu1~22.04) 11.4.0

Ubuntu 24.04
	Kernel: 5.15
	Compiler: gcc gcc (Ubuntu 13.3.0-6ubuntu2~24.04) 13.3.0

Alpine Linux 3.22.0
	Kernel: 5.15
	Compiler: gcc gcc (Alpine 14.2.0) 14.2.0

CentOS Stream 10
	Kernel: 5.15
	Compiler: gcc gcc (GCC) 14.2.1 20250110 (Red Hat 14.2.1-8)

Windows Server 2022
	Kernel: 10.0.20348.2031
	Compiler: clang 15.0.7, gcc 14.1.0 (MinGW), and MSVC VS 19.39.33521

To view detailed results, visit:
https://lab.dpdk.org/results/dashboard/patchsets/33580/

UNH-IOL DPDK Community Lab

To manage your email subscriptions, visit: 
https://lab.dpdk.org/results/dashboard/preferences/subscriptions/

  parent reply	other threads:[~2025-07-05  5:25 UTC|newest]

Thread overview: 30+ messages / expand[flat|nested]  mbox.gz  Atom feed  top
     [not found] <20250703093027.1259459-1-huangdengdui@huawei.com>
2025-07-03  8:55 ` |SUCCESS| pw154997 [PATCH] net: support VLAN stacking packet type parsing qemudev
2025-07-03  9:00 ` qemudev
2025-07-03  9:30 ` checkpatch
2025-07-03 10:43 ` 0-day Robot
2025-07-04 20:33 ` |FAILURE| pw154997 [PATCH] net: support VLAN stacking packet type pa dpdklab
2025-07-04 20:39 ` |SUCCESS| " dpdklab
2025-07-04 20:47 ` dpdklab
2025-07-04 21:04 ` dpdklab
2025-07-04 21:17 ` |PENDING| " dpdklab
2025-07-04 21:40 ` |SUCCESS| " dpdklab
2025-07-04 22:42 ` dpdklab
2025-07-04 22:55 ` |FAILURE| " dpdklab
2025-07-04 23:06 ` |SUCCESS| " dpdklab
2025-07-04 23:29 ` |PENDING| " dpdklab
2025-07-05  0:16 ` |SUCCESS| " dpdklab
2025-07-05  0:34 ` |PENDING| " dpdklab
2025-07-05  0:53 ` |SUCCESS| " dpdklab
2025-07-05  0:53 ` |PENDING| " dpdklab
2025-07-05  1:22 ` |SUCCESS| " dpdklab
2025-07-05  1:36 ` dpdklab
2025-07-05  2:58 ` dpdklab
2025-07-05  2:58 ` dpdklab
2025-07-05  5:21 ` |WARNING| " dpdklab
2025-07-05  5:21 ` dpdklab
2025-07-05  5:21 ` dpdklab
2025-07-05  5:23 ` dpdklab
2025-07-05  5:25 ` |SUCCESS| " dpdklab
2025-07-05  5:25 ` dpdklab [this message]
2025-07-05  5:26 ` dpdklab
2025-07-05  5:27 ` |WARNING| " dpdklab

Reply instructions:

You may reply publicly to this message via plain-text email
using any one of the following methods:

* Save the following mbox file, import it into your mail client,
  and reply-to-all from there: mbox

  Avoid top-posting and favor interleaved quoting:
  https://en.wikipedia.org/wiki/Posting_style#Interleaved_style

* Reply using the --to, --cc, and --in-reply-to
  switches of git-send-email(1):

  git send-email \
    --in-reply-to=6868b757.050a0220.33db3c.697bSMTPIN_ADDED_MISSING@mx.google.com \
    --to=dpdklab@iol.unh.edu \
    --cc=dpdk-test-reports@iol.unh.edu \
    --cc=test-report@dpdk.org \
    /path/to/YOUR_REPLY

  https://kernel.org/pub/software/scm/git/docs/git-send-email.html

* If your mail client supports setting the In-Reply-To header
  via mailto: links, try the mailto: link
Be sure your reply has a Subject: header at the top and a blank line before the message body.
This is a public inbox, see mirroring instructions
for how to clone and mirror all data and code used for this inbox;
as well as URLs for NNTP newsgroup(s).